{"id":678,"date":"2025-10-30T13:04:24","date_gmt":"2025-10-30T12:04:24","guid":{"rendered":"https:\/\/bcu.opole.pl\/bcu3\/?page_id=678"},"modified":"2025-10-30T13:04:24","modified_gmt":"2025-10-30T12:04:24","slug":"akt-zalozycielski","status":"publish","type":"page","link":"https:\/\/bcu.opole.pl\/bcu3\/akt-zalozycielski\/","title":{"rendered":"AKT ZA\u0141O\u017bYCIELSKI"},"content":{"rendered":"<p>[et_pb_section fb_built=&#8221;1&#8243; specialty=&#8221;on&#8221; _builder_version=&#8221;4.16&#8243; _module_preset=&#8221;default&#8221; module_alignment=&#8221;center&#8221; inner_width=&#8221;100%&#8221; inner_max_width=&#8221;1370px&#8221; global_colors_info=&#8221;{}&#8221; theme_builder_area=&#8221;post_content&#8221;][et_pb_column type=&#8221;1_2&#8243; _builder_version=&#8221;4.16&#8243; custom_padding=&#8221;|||&#8221; global_colors_info=&#8221;{}&#8221; custom_padding__hover=&#8221;|||&#8221; theme_builder_area=&#8221;post_content&#8221;][et_pb_image src=&#8221;https:\/\/bcu.opole.pl\/bcu3\/wp-content\/uploads\/sites\/5\/2025\/10\/rm.jpg&#8221; _builder_version=&#8221;4.27.4&#8243; _module_preset=&#8221;default&#8221; theme_builder_area=&#8221;post_content&#8221; title_text=&#8221;rm&#8221; hover_enabled=&#8221;0&#8243; sticky_enabled=&#8221;0&#8243;][\/et_pb_image][\/et_pb_column][et_pb_column type=&#8221;1_2&#8243; specialty_columns=&#8221;2&#8243; _builder_version=&#8221;4.16&#8243; custom_padding=&#8221;|||&#8221; global_colors_info=&#8221;{}&#8221; custom_padding__hover=&#8221;|||&#8221; theme_builder_area=&#8221;post_content&#8221;][et_pb_row_inner _builder_version=&#8221;4.16&#8243; _module_preset=&#8221;default&#8221; custom_padding=&#8221;||0px||false|false&#8221; hover_enabled=&#8221;0&#8243; global_colors_info=&#8221;{}&#8221; theme_builder_area=&#8221;post_content&#8221; sticky_enabled=&#8221;0&#8243;][et_pb_column_inner saved_specialty_column_type=&#8221;1_2&#8243; _builder_version=&#8221;4.16&#8243; _module_preset=&#8221;default&#8221; global_colors_info=&#8221;{}&#8221; theme_builder_area=&#8221;post_content&#8221;][et_pb_text _builder_version=&#8221;4.16&#8243; _module_preset=&#8221;default&#8221; header_2_font=&#8221;Poppins||||||||&#8221; header_2_text_color=&#8221;#000000&#8243; header_2_font_size=&#8221;40px&#8221; header_2_line_height=&#8221;1.2em&#8221; custom_margin=&#8221;||10px||false|false&#8221; header_2_font_size_tablet=&#8221;&#8221; header_2_font_size_phone=&#8221;35px&#8221; header_2_font_size_last_edited=&#8221;on|phone&#8221; locked=&#8221;off&#8221; global_colors_info=&#8221;{}&#8221; theme_builder_area=&#8221;post_content&#8221;]<\/p>\n<h2>Akt za\u0142o\u017cycielski BCU nr 3<br \/>oraz wpis do RSPO<\/h2>\n<p>[\/et_pb_text][et_pb_text _builder_version=&#8221;4.16&#8243; _module_preset=&#8221;default&#8221; text_font=&#8221;Mulish||||||||&#8221; text_text_color=&#8221;#333333&#8243; text_font_size=&#8221;15px&#8221; text_line_height=&#8221;1.8em&#8221; link_font=&#8221;Mulish||||on|||#000000|&#8221; link_text_color=&#8221;#000000&#8243; locked=&#8221;off&#8221; global_colors_info=&#8221;{}&#8221; link_text_color__hover_enabled=&#8221;on|hover&#8221; link_text_color__hover=&#8221;#fa582f&#8221; theme_builder_area=&#8221;post_content&#8221;]<\/p>\n<p>Bran\u017cowe Centrum Umiej\u0119tno\u015bci nr 3 w Opolu, w dziedzinie telekomunikacji wesz\u0142o <br \/>z dniem 1 pa\u017adziernika 2025 r. w sk\u0142ad Zespo\u0142u Szk\u00f3\u0142 Elektrycznych im. Tadeusza Ko\u015bciuszki w Opolu i zosta\u0142o wpisane do Systemu Informacji O\u015bwiatowej (SIO), Rejestru Szk\u00f3\u0142 i Plac\u00f3wek O\u015bwiatowych pod numerem 484474.<\/p>\n<p>Organizacj\u0105 bran\u017cow\u0105 w\u0142a\u015bciw\u0105 dla dziedziny telekomunikacji, z kt\u00f3r\u0105 Miasto Opole zawar\u0142o porozumienie, o kt\u00f3rym mowa w art. 8 ust. 3a ustawy z dnia 14 grudnia 2016 r. \u2013 Prawo o\u015bwiatowe, jest Krajowa Izba Gospodarcza Elektroniki i Telekomunikacji z siedzib\u0105 w Warszawie.<\/p>\n<p>[\/et_pb_text][et_pb_text _builder_version=&#8221;4.27.4&#8243; _module_preset=&#8221;default&#8221; text_font=&#8221;Mulish||||||||&#8221; text_text_color=&#8221;#333333&#8243; text_font_size=&#8221;15px&#8221; text_line_height=&#8221;1.8em&#8221; link_font=&#8221;Mulish||||on|||#000000|&#8221; link_text_color=&#8221;#000000&#8243; hover_enabled=&#8221;0&#8243; locked=&#8221;off&#8221; global_colors_info=&#8221;{}&#8221; link_text_color__hover_enabled=&#8221;on|hover&#8221; link_text_color__hover=&#8221;#fa582f&#8221; theme_builder_area=&#8221;post_content&#8221; sticky_enabled=&#8221;0&#8243;]<\/p>\n<p><a href=\"https:\/\/bcu.opole.pl\/bcu3\/wp-content\/uploads\/sites\/5\/2025\/10\/akt-zalozycielski-BCU.pdf\" rel=\"attachment wp-att-694\">Akt za\u0142o\u017cycielski BCU nr 3<\/a><\/p>\n<p>[\/et_pb_text][et_pb_image src=&#8221;https:\/\/bcu.opole.pl\/bcu3\/wp-content\/uploads\/sites\/5\/2025\/10\/logo_UE.jpg&#8221; title_text=&#8221;logo+_UE&#8221; _builder_version=&#8221;4.27.4&#8243; _module_preset=&#8221;default&#8221; hover_enabled=&#8221;0&#8243; global_colors_info=&#8221;{}&#8221; theme_builder_area=&#8221;post_content&#8221; sticky_enabled=&#8221;0&#8243;][\/et_pb_image][\/et_pb_column_inner][\/et_pb_row_inner][\/et_pb_column][\/et_pb_section]<\/p>\n","protected":false},"excerpt":{"rendered":"<p>Akt za\u0142o\u017cycielski BCU nr 3oraz wpis do RSPOBran\u017cowe Centrum Umiej\u0119tno\u015bci nr 3 w Opolu, w dziedzinie telekomunikacji wesz\u0142o z dniem 1 pa\u017adziernika 2025 r. w sk\u0142ad Zespo\u0142u Szk\u00f3\u0142 Elektrycznych im. Tadeusza Ko\u015bciuszki w Opolu i zosta\u0142o wpisane do Systemu Informacji O\u015bwiatowej (SIO), Rejestru Szk\u00f3\u0142 i Plac\u00f3wek O\u015bwiatowych pod numerem 484474.Organizacj\u0105 bran\u017cow\u0105 w\u0142a\u015bciw\u0105 dla dziedziny telekomunikacji, [&hellip;]<\/p>\n","protected":false},"author":4,"featured_media":0,"parent":0,"menu_order":0,"comment_status":"closed","ping_status":"closed","template":"","meta":{"_et_pb_use_builder":"on","_et_pb_old_content":"","_et_gb_content_width":"","footnotes":""},"class_list":["post-678","page","type-page","status-publish","hentry"],"aioseo_notices":[],"_links":{"self":[{"href":"https:\/\/bcu.opole.pl\/bcu3\/wp-json\/wp\/v2\/pages\/678","targetHints":{"allow":["GET"]}}],"collection":[{"href":"https:\/\/bcu.opole.pl\/bcu3\/wp-json\/wp\/v2\/pages"}],"about":[{"href":"https:\/\/bcu.opole.pl\/bcu3\/wp-json\/wp\/v2\/types\/page"}],"author":[{"embeddable":true,"href":"https:\/\/bcu.opole.pl\/bcu3\/wp-json\/wp\/v2\/users\/4"}],"replies":[{"embeddable":true,"href":"https:\/\/bcu.opole.pl\/bcu3\/wp-json\/wp\/v2\/comments?post=678"}],"version-history":[{"count":2,"href":"https:\/\/bcu.opole.pl\/bcu3\/wp-json\/wp\/v2\/pages\/678\/revisions"}],"predecessor-version":[{"id":695,"href":"https:\/\/bcu.opole.pl\/bcu3\/wp-json\/wp\/v2\/pages\/678\/revisions\/695"}],"wp:attachment":[{"href":"https:\/\/bcu.opole.pl\/bcu3\/wp-json\/wp\/v2\/media?parent=678"}],"curies":[{"name":"wp","href":"https:\/\/api.w.org\/{rel}","templated":true}]}}

AKT ZAŁOŻYCIELSKI

<p>[et_pb_section fb_built=&#8221;1&#8243; specialty=&#8221;on&#8221; _builder_version=&#8221;4.16&#8243; _module_preset=&#8221;default&#8221; module_alignment=&#8221;center&#8221; inner_width=&#8221;100%&#8221; inner_max_width=&#8221;1370px&#8221; global_colors_info=&#8221;{}&#8221; theme_builder_area=&#8221;post_content&#8221;][et_pb_column type=&#8221;1_2&#8243; _builder_version=&#8221;4.16&#8243; custom_padding=&#8221;|||&#8221; global_colors_info=&#8221;{}&#8221; custom_padding__hover=&#8221;|||&#8221; theme_builder_area=&#8221;post_content&#8221;][et_pb_image src=&#8221;https://bcu.opole.pl/bcu3/wp-content/uploads/sites/5/2025/10/rm.jpg&#8221; _builder_version=&#8221;4.27.4&#8243; _module_preset=&#8221;default&#8221; theme_builder_area=&#8221;post_content&#8221; title_text=&#8221;rm&#8221; hover_enabled=&#8221;0&#8243; sticky_enabled=&#8221;0&#8243;][/et_pb_image][/et_pb_column][et_pb_column type=&#8221;1_2&#8243; specialty_columns=&#8221;2&#8243; _builder_version=&#8221;4.16&#8243; custom_padding=&#8221;|||&#8221; global_colors_info=&#8221;{}&#8221; custom_padding__hover=&#8221;|||&#8221; theme_builder_area=&#8221;post_content&#8221;][et_pb_row_inner _builder_version=&#8221;4.16&#8243; _module_preset=&#8221;default&#8221; custom_padding=&#8221;||0px||false|false&#8221; hover_enabled=&#8221;0&#8243; global_colors_info=&#8221;{}&#8221; theme_builder_area=&#8221;post_content&#8221; sticky_enabled=&#8221;0&#8243;][et_pb_column_inner saved_specialty_column_type=&#8221;1_2&#8243; _builder_version=&#8221;4.16&#8243; _module_preset=&#8221;default&#8221; global_colors_info=&#8221;{}&#8221; theme_builder_area=&#8221;post_content&#8221;][et_pb_text _builder_version=&#8221;4.16&#8243; _module_preset=&#8221;default&#8221; header_2_font=&#8221;Poppins||||||||&#8221; header_2_text_color=&#8221;#000000&#8243; header_2_font_size=&#8221;40px&#8221; header_2_line_height=&#8221;1.2em&#8221; custom_margin=&#8221;||10px||false|false&#8221; header_2_font_size_tablet=&#8221;&#8221; header_2_font_size_phone=&#8221;35px&#8221; header_2_font_size_last_edited=&#8221;on|phone&#8221; locked=&#8221;off&#8221; global_colors_info=&#8221;{}&#8221; theme_builder_area=&#8221;post_content&#8221;]</p>
<h2>Akt założycielski BCU nr 3<br />oraz wpis do RSPO</h2>
<p>[/et_pb_text][et_pb_text _builder_version=&#8221;4.16&#8243; _module_preset=&#8221;default&#8221; text_font=&#8221;Mulish||||||||&#8221; text_text_color=&#8221;#333333&#8243; text_font_size=&#8221;15px&#8221; text_line_height=&#8221;1.8em&#8221; link_font=&#8221;Mulish||||on|||#000000|&#8221; link_text_color=&#8221;#000000&#8243; locked=&#8221;off&#8221; global_colors_info=&#8221;{}&#8221; link_text_color__hover_enabled=&#8221;on|hover&#8221; link_text_color__hover=&#8221;#fa582f&#8221; theme_builder_area=&#8221;post_content&#8221;]</p>
<p>Branżowe Centrum Umiejętności nr 3 w Opolu, w dziedzinie telekomunikacji weszło <br />z dniem 1 października 2025 r. w skład Zespołu Szkół Elektrycznych im. Tadeusza Kościuszki w Opolu i zostało wpisane do Systemu Informacji Oświatowej (SIO), Rejestru Szkół i Placówek Oświatowych pod numerem 484474.</p>
<p>Organizacją branżową właściwą dla dziedziny telekomunikacji, z którą Miasto Opole zawarło porozumienie, o którym mowa w art. 8 ust. 3a ustawy z dnia 14 grudnia 2016 r. – Prawo oświatowe, jest Krajowa Izba Gospodarcza Elektroniki i Telekomunikacji z siedzibą w Warszawie.</p>
<p>[/et_pb_text][et_pb_text _builder_version=&#8221;4.27.4&#8243; _module_preset=&#8221;default&#8221; text_font=&#8221;Mulish||||||||&#8221; text_text_color=&#8221;#333333&#8243; text_font_size=&#8221;15px&#8221; text_line_height=&#8221;1.8em&#8221; link_font=&#8221;Mulish||||on|||#000000|&#8221; link_text_color=&#8221;#000000&#8243; hover_enabled=&#8221;0&#8243; locked=&#8221;off&#8221; global_colors_info=&#8221;{}&#8221; link_text_color__hover_enabled=&#8221;on|hover&#8221; link_text_color__hover=&#8221;#fa582f&#8221; theme_builder_area=&#8221;post_content&#8221; sticky_enabled=&#8221;0&#8243;]</p>
<p><a href="https://bcu.opole.pl/bcu3/wp-content/uploads/sites/5/2025/10/akt-zalozycielski-BCU.pdf" rel="attachment wp-att-694">Akt założycielski BCU nr 3</a></p>
<p>[/et_pb_text][et_pb_image src=&#8221;https://bcu.opole.pl/bcu3/wp-content/uploads/sites/5/2025/10/logo_UE.jpg&#8221; title_text=&#8221;logo+_UE&#8221; _builder_version=&#8221;4.27.4&#8243; _module_preset=&#8221;default&#8221; hover_enabled=&#8221;0&#8243; global_colors_info=&#8221;{}&#8221; theme_builder_area=&#8221;post_content&#8221; sticky_enabled=&#8221;0&#8243;][/et_pb_image][/et_pb_column_inner][/et_pb_row_inner][/et_pb_column][/et_pb_section]</p>

<p>Akt założycielski BCU nr 3oraz wpis do RSPOBranżowe Centrum Umiejętności nr 3 w Opolu, w dziedzinie telekomunikacji weszło z dniem 1 października 2025 r. w skład Zespołu Szkół Elektrycznych im. Tadeusza Kościuszki w Opolu i zostało wpisane do Systemu Informacji Oświatowej (SIO), Rejestru Szkół i Placówek Oświatowych pod numerem 484474.Organizacją branżową właściwą dla dziedziny telekomunikacji, [&hellip;]</p>
