{"id":39,"date":"2025-04-14T09:56:51","date_gmt":"2025-04-14T07:56:51","guid":{"rendered":"https:\/\/bcu.opole.pl\/bcu3\/?page_id=39"},"modified":"2026-02-17T13:39:01","modified_gmt":"2026-02-17T12:39:01","slug":"szkolenia-i-kursy","status":"publish","type":"page","link":"https:\/\/bcu.opole.pl\/bcu3\/szkolenia-i-kursy\/","title":{"rendered":"SZKOLENIA I KURSY"},"content":{"rendered":"<p>[et_pb_section fb_built=&#8221;1&#8243; _builder_version=&#8221;4.27.5&#8243; _module_preset=&#8221;default&#8221; global_colors_info=&#8221;{}&#8221;][et_pb_row _builder_version=&#8221;4.27.5&#8243; _module_preset=&#8221;default&#8221; global_colors_info=&#8221;{}&#8221;][et_pb_column type=&#8221;4_4&#8243; _builder_version=&#8221;4.27.5&#8243; _module_preset=&#8221;default&#8221; global_colors_info=&#8221;{}&#8221;][et_pb_text _builder_version=&#8221;4.27.5&#8243; _module_preset=&#8221;default&#8221; hover_enabled=&#8221;0&#8243; global_colors_info=&#8221;{}&#8221; sticky_enabled=&#8221;0&#8243;]<\/p>\n<h1 style=\"text-align: left;\"><strong>Kontakt w sprawie szkole\u0144<\/strong><\/h1>\n<p style=\"text-align: left;\">Zesp\u00f3\u0142 Szk\u00f3\u0142 Elektrycznych im. Tadeusza Ko\u015bciuszki w Opolu<br \/>Emilia Piechaczek<\/p>\n<p style=\"text-align: left;\">tel. +48 728 905 777<br \/>e-mail: <a href=\"epiechaczek@elektryk.opole.pl\">epiechaczek@elektryk.opole.pl<\/a><\/p>\n<p style=\"text-align: left;\">Regulamin szkole\u0144: <a href=\"https:\/\/bcu.opole.pl\/bcu3\/wp-content\/uploads\/sites\/5\/2026\/02\/Regulamin_rekrutacji_BCU_nr_3_w_Opolu.pdf\" title=\"Regulamin szkole\u0144\">link do regulaminu<\/a><\/p>\n<p>[\/et_pb_text][et_pb_image src=&#8221;https:\/\/bcu.opole.pl\/bcu3\/wp-content\/uploads\/sites\/5\/2026\/01\/BCU-Szkolenia-Final-1-819&#215;1024.png&#8221; title_text=&#8221;BCU &#8211; Szkolenia &#8211; Fina\u0142 (1)&#8221; _builder_version=&#8221;4.27.5&#8243; _module_preset=&#8221;default&#8221; global_colors_info=&#8221;{}&#8221;][\/et_pb_image][\/et_pb_column][\/et_pb_row][\/et_pb_section]<\/p>\n","protected":false},"excerpt":{"rendered":"<p>Kontakt w sprawie szkole\u0144 Zesp\u00f3\u0142 Szk\u00f3\u0142 Elektrycznych im. Tadeusza Ko\u015bciuszki w OpoluEmilia Piechaczek tel. +48 728 905 777e-mail: epiechaczek@elektryk.opole.pl Regulamin szkole\u0144: link do regulaminu<\/p>\n","protected":false},"author":3,"featured_media":0,"parent":0,"menu_order":0,"comment_status":"closed","ping_status":"closed","template":"","meta":{"_et_pb_use_builder":"on","_et_pb_old_content":"","_et_gb_content_width":"","footnotes":""},"class_list":["post-39","page","type-page","status-publish","hentry"],"aioseo_notices":[],"_links":{"self":[{"href":"https:\/\/bcu.opole.pl\/bcu3\/wp-json\/wp\/v2\/pages\/39","targetHints":{"allow":["GET"]}}],"collection":[{"href":"https:\/\/bcu.opole.pl\/bcu3\/wp-json\/wp\/v2\/pages"}],"about":[{"href":"https:\/\/bcu.opole.pl\/bcu3\/wp-json\/wp\/v2\/types\/page"}],"author":[{"embeddable":true,"href":"https:\/\/bcu.opole.pl\/bcu3\/wp-json\/wp\/v2\/users\/3"}],"replies":[{"embeddable":true,"href":"https:\/\/bcu.opole.pl\/bcu3\/wp-json\/wp\/v2\/comments?post=39"}],"version-history":[{"count":6,"href":"https:\/\/bcu.opole.pl\/bcu3\/wp-json\/wp\/v2\/pages\/39\/revisions"}],"predecessor-version":[{"id":1151,"href":"https:\/\/bcu.opole.pl\/bcu3\/wp-json\/wp\/v2\/pages\/39\/revisions\/1151"}],"wp:attachment":[{"href":"https:\/\/bcu.opole.pl\/bcu3\/wp-json\/wp\/v2\/media?parent=39"}],"curies":[{"name":"wp","href":"https:\/\/api.w.org\/{rel}","templated":true}]}}