{"id":23,"date":"2025-04-14T09:54:36","date_gmt":"2025-04-14T07:54:36","guid":{"rendered":"https:\/\/bcu.opole.pl\/bcu3\/?page_id=23"},"modified":"2026-02-06T10:47:58","modified_gmt":"2026-02-06T09:47:58","slug":"rodo","status":"publish","type":"page","link":"https:\/\/bcu.opole.pl\/bcu3\/rodo\/","title":{"rendered":"RODO"},"content":{"rendered":"[et_pb_section fb_built=&#8221;1&#8243; admin_label=&#8221;section&#8221; _builder_version=&#8221;4.16&#8243; global_colors_info=&#8221;{}&#8221;][et_pb_row admin_label=&#8221;row&#8221; _builder_version=&#8221;4.16&#8243; background_size=&#8221;initial&#8221; background_position=&#8221;top_left&#8221; background_repeat=&#8221;repeat&#8221; global_colors_info=&#8221;{}&#8221;][et_pb_column type=&#8221;4_4&#8243; _builder_version=&#8221;4.16&#8243; custom_padding=&#8221;|||&#8221; global_colors_info=&#8221;{}&#8221; custom_padding__hover=&#8221;|||&#8221;][et_pb_text admin_label=&#8221;Text&#8221; _builder_version=&#8221;4.16&#8243; background_size=&#8221;initial&#8221; background_position=&#8221;top_left&#8221; background_repeat=&#8221;repeat&#8221; global_colors_info=&#8221;{}&#8221;][\/et_pb_text][et_pb_text _builder_version=&#8221;4.27.5&#8243; _module_preset=&#8221;default&#8221; header_2_font=&#8221;Poppins||||||||&#8221; header_2_text_color=&#8221;#000000&#8243; header_2_font_size=&#8221;40px&#8221; header_2_line_height=&#8221;1.2em&#8221; custom_margin=&#8221;||10px||false|false&#8221; hover_enabled=&#8221;0&#8243; header_2_font_size_tablet=&#8221;&#8221; header_2_font_size_phone=&#8221;35px&#8221; header_2_font_size_last_edited=&#8221;on|phone&#8221; locked=&#8221;off&#8221; global_colors_info=&#8221;{}&#8221; sticky_enabled=&#8221;0&#8243;]<h2><br \/>OBOWI\u0104ZEK INFORMACYJNY ZGODNY Z ART. 13 UST. 1 RODO<\/h2>[\/et_pb_text][\/et_pb_column][\/et_pb_row][et_pb_row _builder_version=&#8221;4.16&#8243; _module_preset=&#8221;default&#8221; custom_padding=&#8221;||0px||false|false&#8221; global_colors_info=&#8221;{}&#8221;][et_pb_column type=&#8221;4_4&#8243; _builder_version=&#8221;4.16&#8243; _module_preset=&#8221;default&#8221; global_colors_info=&#8221;{}&#8221;][et_pb_text _builder_version=&#8221;4.16&#8243; _module_preset=&#8221;default&#8221; text_font=&#8221;Mulish||||||||&#8221; text_text_color=&#8221;#333333&#8243; text_font_size=&#8221;15px&#8221; text_line_height=&#8221;1.8em&#8221; link_font=&#8221;Mulish||||on|||#000000|&#8221; link_text_color=&#8221;#000000&#8243; locked=&#8221;off&#8221; global_colors_info=&#8221;{}&#8221; link_text_color__hover_enabled=&#8221;on|hover&#8221; link_text_color__hover=&#8221;#fa582f&#8221; inline_fonts=&#8221;Cabin&#8221; custom_padding=&#8221;|0px||||&#8221;]<p style=\"text-align: justify;\"><span style=\"font-family: inherit; font-weight: normal;\"><strong>Administratorem Pa\u0144stwa danych osobowych jest:<\/strong>Zesp\u00f3\u0142 Szk\u00f3\u0142 Elektrycznych im. Tadeusza Ko\u015bciuszki w Opolu, ul. Tadeusza Ko\u015bciuszki 39-41, 45-062 Opole reprezentowany przez Dyrektora Szko\u0142y,<\/span><\/p>\n<ol style=\"text-align: justify;\">\n<li><span style=\"font-family: inherit; font-weight: normal;\"> Z Inspektorem Ochrony Danych Osobowych w Zespole Szk\u00f3\u0142 Elektrycznych w Opolu mo\u017cna si\u0119 skontaktowa\u0107 pod adresem <a href=\"mailto:iod@elektryk.opole.pl\">iod@elektryk.opole.pl<\/a><\/span><\/li>\n<li><span style=\"font-family: inherit; font-weight: normal;\"> Pa\u0144stwa dane kontaktowe s\u0105 przetwarzane na podstawie:<br \/>a) art. 6 ust. 1 lit. b RODO &#8211; przetwarzanie jest niezb\u0119dne do wykonania umowy, kt\u00f3rej stron\u0105 jest osoba, kt\u00f3rej dane dotycz\u0105, lub do podj\u0119cia dzia\u0142a\u0144 <br \/>na \u017c\u0105danie osoby, kt\u00f3rej dane dotycz\u0105, przed zawarciem umowy. Podstawa ta b\u0119dzie mia\u0142a zastosowanie je\u015bli jeste\u015bcie Pa\u0144stwo stron\u0105 umowy, &#8211;<br \/>b) art. 6 ust. 1 lit. f RODO -przetwarzanie jest niezb\u0119dne do cel\u00f3w wynikaj\u0105cych z prawnie uzasadnionych interes\u00f3w realizowanych przez Administratora lub przez stron\u0119 trzeci\u0105. <\/span><\/li>\n<li><span style=\"font-family: inherit; font-weight: normal;\"> Odbiorcami danych s\u0105 upowa\u017cnieni pracownicy Administratora, podmioty, kt\u00f3rym nale\u017cy udost\u0119pni\u0107 dane osobowe w celu wykonania obowi\u0105zku prawnego, a tak\u017ce podmioty, kt\u00f3rym dane zostan\u0105 powierzone do zrealizowania cel\u00f3w przetwarzania.<\/span><\/li>\n<li><span style=\"font-family: inherit; font-weight: normal;\"> Pani\/Pana dane osobowe b\u0119d\u0105 przechowywane przez okres wymagany przepisami prawa (m.in. ustawy o rachunkowo\u015bci, ustaw podatkowych, ustawy o ubezpieczeniach spo\u0142ecznych).<\/span><\/li>\n<li><span style=\"font-family: inherit; font-weight: normal;\"> Ma Pani\/Pan prawo \u017c\u0105dania od Administratora dost\u0119pu do swoich danych osobowych, ich sprostowania, usuni\u0119cia lub ograniczenia przetwarzania, prawo do wniesienia sprzeciwu wobec przetwarzania, a tak\u017ce prawo do przenoszenia danych.<\/span><\/li>\n<li><span style=\"font-family: inherit; font-weight: normal;\"> W przypadku danych przetwarzanych na podstawie zgody, maj\u0105 Pa\u0144stwo prawo do cofni\u0119cia zgody w dowolnym momencie bez wp\u0142ywu na zgodno\u015b\u0107 z prawem przetwarzania, kt\u00f3rego dokonano na podstawie zgody przed jej cofni\u0119ciem.<\/span><\/li>\n<li><span style=\"font-family: inherit; font-weight: normal;\"> Ma Pani\/Pan prawo wnie\u015b\u0107 skarg\u0119 do organu nadzorczego, kt\u00f3rym jest Prezes Urz\u0119du Ochrony Danych Osobowych, je\u015bli uznaj\u0105 Pa\u0144stwo, i\u017c przetwarzanie przez Administratora Pa\u0144stwa danych osobowych narusza przepisy dot. ochrony danych osobowych.<\/span><\/li>\n<li><span style=\"font-family: inherit; font-weight: normal;\"> Podanie przez Pani\u0105\/Pana danych jest dobrowolne, jednak niezb\u0119dne do zawarcia i realizacji umowy.<\/span><\/li>\n<li><span style=\"font-family: inherit; font-weight: normal;\"> Pani\/Pana dane osobowe nie b\u0119da podlega\u0142y zautomatyzowanemu podejmowaniu decyzji w tym profilowaniu przez Administratora danych.<\/span><\/li>\n<li><span style=\"font-family: inherit; font-weight: normal;\"> Pani\/Pana dane osobowe nie b\u0119d\u0105 przekazywane do pa\u0144stwa trzeciego.<\/span><\/li>\n<\/ol>\n<p style=\"text-align: justify;\"><span style=\"font-family: inherit; font-weight: normal;\"><strong>Polityka prywatno\u015bci<\/strong><\/span><\/p>\n<ol style=\"text-align: justify;\">\n<li><span style=\"font-family: inherit; font-weight: normal;\"><strong> Informacje og\u00f3lne<\/strong><\/span><\/li>\n<\/ol>\n<p style=\"text-align: justify;\"><span style=\"font-family: inherit; font-weight: normal;\">Niniejsza Polityka prywatno\u015bci okre\u015bla zasady przetwarzania i ochrony danych osobowych u\u017cytkownik\u00f3w korzystaj\u0105cych ze strony internetowej Bran\u017cowego Centrum Umiej\u0119tno\u015bci nr 3 w Opolu, dost\u0119pnej pod adresem https:\/\/bcu.opole.pl\/bcu3\/ (dalej zwan\u0105: \u201eStrona\u201d).<\/span><\/p>\n<p style=\"text-align: justify;\"><span style=\"font-family: inherit; font-weight: normal;\">Zesp\u00f3\u0142 Szk\u00f3\u0142 Elektrycznych im. Tadeusza Ko\u015bciuszki w Opolu.<br \/>ul. Tadeusza Ko\u015bciuszki 39-41, 45-062 Opole<br \/>reprezentowany przez Dyrektora Szko\u0142y,<\/span><\/p>\n<p style=\"text-align: justify;\"><span style=\"font-family: inherit; font-weight: normal;\">Z Inspektorem Ochrony Danych Osobowych w Zespole Szk\u00f3\u0142 Elektrycznych w Opolu mo\u017cna si\u0119 skontaktowa\u0107 pod adresem <a href=\"mailto:iod@elektryk.opole.pl\">iod@elektryk.opole.pl<\/a><\/span><\/p>\n<ol start=\"2\" style=\"text-align: justify;\">\n<li><span style=\"font-family: inherit; font-weight: normal;\"><strong> Podstawy prawne przetwarzania danych<\/strong><\/span><\/li>\n<\/ol>\n<p style=\"text-align: justify;\"><span style=\"font-family: inherit; font-weight: normal;\">Dane osobowe przetwarzane s\u0105 zgodnie z obowi\u0105zuj\u0105cymi przepisami prawa, w szczeg\u00f3lno\u015bci:<\/span><\/p>\n<ul style=\"text-align: justify;\">\n<li><span style=\"font-family: inherit; font-weight: normal;\">Rozporz\u0105dzeniem Parlamentu Europejskiego i Rady (UE) 2016\/679 (RODO), <\/span><\/li>\n<li><span style=\"font-family: inherit; font-weight: normal;\">ustaw\u0105 z dnia 10 maja 2018 r. o ochronie danych osobowych, <\/span><\/li>\n<li><span style=\"font-family: inherit; font-weight: normal;\">przepisami prawa o\u015bwiatowego oraz innymi przepisami szczeg\u00f3lnymi.<\/span><\/li>\n<\/ul>\n<ol start=\"3\" style=\"text-align: justify;\">\n<li><span style=\"font-family: inherit; font-weight: normal;\"><strong> Cele i zakres przetwarzania danych<\/strong><\/span><\/li>\n<\/ol>\n<p style=\"text-align: justify;\"><span style=\"font-family: inherit; font-weight: normal;\"><strong>3.1. Dane przekazywane dobrowolnie<\/strong><\/span><\/p>\n<p style=\"text-align: justify;\"><span style=\"font-family: inherit; font-weight: normal;\">Podczas korzystania ze Strony u\u017cytkownik mo\u017ce przekazywa\u0107 dane osobowe m.in. poprzez:<\/span><\/p>\n<ul style=\"text-align: justify;\">\n<li><span style=\"font-family: inherit; font-weight: normal;\">formularze kontaktowe,<\/span><\/li>\n<li><span style=\"font-family: inherit; font-weight: normal;\">wysy\u0142anie wiadomo\u015bci e-mail,<\/span><\/li>\n<li><span style=\"font-family: inherit; font-weight: normal;\">zapisy na wydarzenia lub zg\u0142oszenia kierowane do plac\u00f3wki.<\/span><\/li>\n<\/ul>\n<p style=\"text-align: justify;\"><span style=\"font-family: inherit; font-weight: normal;\">Dane te przetwarzane s\u0105 w celu:<\/span><\/p>\n<ul style=\"text-align: justify;\">\n<li><span style=\"font-family: inherit; font-weight: normal;\">udzielenia odpowiedzi na zapytania,<\/span><\/li>\n<li><span style=\"font-family: inherit; font-weight: normal;\">obs\u0142ugi zg\u0142osze\u0144 i wniosk\u00f3w,<\/span><\/li>\n<li><span style=\"font-family: inherit; font-weight: normal;\">realizacji zada\u0144 publicznych i obowi\u0105zk\u00f3w prawnych BCU nr 3.<\/span><\/li>\n<\/ul>\n<p style=\"text-align: justify;\"><span style=\"font-family: inherit; font-weight: normal;\">Podstaw\u0105 prawn\u0105 przetwarzania jest:<\/span><\/p>\n<ul style=\"text-align: justify;\">\n<li><span style=\"font-family: inherit; font-weight: normal;\"> 6 ust. 1 lit. c RODO \u2014 obowi\u0105zek prawny administratora,<\/span><\/li>\n<li><span style=\"font-family: inherit; font-weight: normal;\"> 6 ust. 1 lit. e RODO \u2014 wykonanie zadania realizowanego w interesie publicznym,<\/span><\/li>\n<li><span style=\"font-family: inherit; font-weight: normal;\">a w zakresie korespondencji dobrowolnej \u2014 art. 6 ust. 1 lit. a RODO (zgoda).<\/span><\/li>\n<\/ul>\n<p style=\"text-align: justify;\"><span style=\"font-family: inherit; font-weight: normal;\"><strong>3.2. Dane zbierane automatycznie<\/strong><\/span><\/p>\n<p style=\"text-align: justify;\"><span style=\"font-family: inherit; font-weight: normal;\">\u00a0<\/span><span style=\"font-family: inherit; font-weight: normal;\">Podczas korzystania ze Strony mog\u0105 by\u0107 zbierane dane techniczne, takie jak:<\/span><\/p>\n<ul style=\"text-align: justify;\">\n<li><span style=\"font-family: inherit; font-weight: normal;\">adres IP,<\/span><\/li>\n<li><span style=\"font-family: inherit; font-weight: normal;\">typ przegl\u0105darki i system operacyjny,<\/span><\/li>\n<li><span style=\"font-family: inherit; font-weight: normal;\">data i czas wej\u015bcia na stron\u0119,<\/span><\/li>\n<li><span style=\"font-family: inherit; font-weight: normal;\">odwiedzane podstrony.<\/span><\/li>\n<\/ul>\n<p style=\"text-align: justify;\"><span style=\"font-family: inherit; font-weight: normal;\">Dane te wykorzystywane s\u0105 w celach:<\/span><\/p>\n<ul style=\"text-align: justify;\">\n<li><span style=\"font-family: inherit; font-weight: normal;\">zapewnienia prawid\u0142owego dzia\u0142ania Strony,<\/span><\/li>\n<li><span style=\"font-family: inherit; font-weight: normal;\">bezpiecze\u0144stwa system\u00f3w teleinformatycznych,<\/span><\/li>\n<li><span style=\"font-family: inherit; font-weight: normal;\">tworzenia statystyk odwiedzin (w formie zanonimizowanej).<\/span><\/li>\n<\/ul>\n<ol start=\"4\" style=\"text-align: justify;\">\n<li><span style=\"font-family: inherit; font-weight: normal;\"><strong> Pliki cookies<\/strong><\/span><\/li>\n<\/ol>\n<p style=\"text-align: justify;\"><span style=\"font-family: inherit; font-weight: normal;\">Strona mo\u017ce wykorzystywa\u0107 pliki cookies w celu:<\/span><\/p>\n<ul style=\"text-align: justify;\">\n<li><span style=\"font-family: inherit; font-weight: normal;\">prawid\u0142owego dzia\u0142ania serwisu,<\/span><\/li>\n<li><span style=\"font-family: inherit; font-weight: normal;\">zapami\u0119tania preferencji u\u017cytkownika,<\/span><\/li>\n<li><span style=\"font-family: inherit; font-weight: normal;\">prowadzenia podstawowych statystyk odwiedzin.<\/span><\/li>\n<\/ul>\n<p style=\"text-align: justify;\"><span style=\"font-family: inherit; font-weight: normal;\">U\u017cytkownik mo\u017ce zmieni\u0107 ustawienia cookies w przegl\u0105darce internetowej.<\/span><\/p>\n<p style=\"text-align: justify;\"><span style=\"font-family: inherit; font-weight: normal;\">Ograniczenie stosowania cookies mo\u017ce jednak wp\u0142yn\u0105\u0107 na funkcjonowanie Strony.<\/span><\/p>\n<ol start=\"5\" style=\"text-align: justify;\">\n<li><span style=\"font-family: inherit; font-weight: normal;\"><strong> Odbiorcy danych<\/strong><\/span><\/li>\n<\/ol>\n<p style=\"text-align: justify;\"><span style=\"font-family: inherit; font-weight: normal;\">\u00a0<\/span><span style=\"font-family: inherit; font-weight: normal;\">Dane osobowe mog\u0105 zosta\u0107 przekazane:<\/span><\/p>\n<ul style=\"text-align: justify;\">\n<li><span style=\"font-family: inherit; font-weight: normal;\">organom publicznym upowa\u017cnionym na podstawie przepis\u00f3w prawa,<\/span><\/li>\n<li><span style=\"font-family: inherit; font-weight: normal;\">podmiotom \u015bwiadcz\u0105cym us\u0142ugi na rzecz Administratora (np. obs\u0142uga IT),<br \/><\/span><span style=\"font-family: inherit; font-weight: normal;\">&#8211; wy\u0142\u0105cznie w zakresie niezb\u0119dnym do realizacji us\u0142ug i z zachowaniem zasad bezpiecze\u0144stwa.<\/span><\/li>\n<\/ul>\n<ol start=\"6\" style=\"text-align: justify;\">\n<li><span style=\"font-family: inherit; font-weight: normal;\"><strong> Okres przechowywania danych<\/strong><\/span><\/li>\n<\/ol>\n<p style=\"text-align: justify;\"><span style=\"font-family: inherit; font-weight: normal;\">\u00a0<\/span><span style=\"font-family: inherit; font-weight: normal;\">Dane osobowe przetwarzane s\u0105 przez okres:<\/span><\/p>\n<ul style=\"text-align: justify;\">\n<li><span style=\"font-family: inherit; font-weight: normal;\">wynikaj\u0105cy z przepis\u00f3w prawa i instrukcji kancelaryjno-archiwalnej,<\/span><\/li>\n<li><span style=\"font-family: inherit; font-weight: normal;\">niezb\u0119dny do realizacji celu, dla kt\u00f3rego zosta\u0142y zebrane.<\/span><\/li>\n<\/ul>\n<ol start=\"7\" style=\"text-align: justify;\">\n<li><span style=\"font-family: inherit; font-weight: normal;\"><strong> Prawa os\u00f3b, kt\u00f3rych dane dotycz\u0105<\/strong><\/span><\/li>\n<\/ol>\n<p style=\"text-align: justify;\"><span style=\"font-family: inherit; font-weight: normal;\">\u00a0<\/span><span style=\"font-family: inherit; font-weight: normal;\">Ka\u017cdej osobie, kt\u00f3rej dane dotycz\u0105, przys\u0142uguj\u0105 prawa wynikaj\u0105ce z RODO, w tym:<\/span><\/p>\n<ul style=\"text-align: justify;\">\n<li><span style=\"font-family: inherit; font-weight: normal;\">prawo dost\u0119pu do swoich danych,<\/span><\/li>\n<li><span style=\"font-family: inherit; font-weight: normal;\">prawo sprostowania danych,<\/span><\/li>\n<li><span style=\"font-family: inherit; font-weight: normal;\">prawo ograniczenia przetwarzania,<\/span><\/li>\n<li><span style=\"font-family: inherit; font-weight: normal;\">prawo sprzeciwu wobec przetwarzania (w uzasadnionych przypadkach),<\/span><\/li>\n<li><span style=\"font-family: inherit; font-weight: normal;\">prawo do usuni\u0119cia danych \u2014 je\u017celi istniej\u0105 do tego podstawy prawne.<\/span><\/li>\n<\/ul>\n<p style=\"text-align: justify;\"><span style=\"font-family: inherit; font-weight: normal;\">Osobie, kt\u00f3rej dane dotycz\u0105, przys\u0142uguje r\u00f3wnie\u017c prawo wniesienia skargi do:<\/span><\/p>\n<p style=\"text-align: justify;\"><span style=\"font-family: inherit; font-weight: normal;\">Prezesa Urz\u0119du Ochrony Danych Osobowych.<\/span><span style=\"font-family: inherit; font-weight: normal;\">\u00a0<\/span><\/p>\n<ol start=\"8\" style=\"text-align: justify;\">\n<li><span style=\"font-family: inherit; font-weight: normal;\"><strong> Dobrowolno\u015b\u0107 podania danych<\/strong><\/span><\/li>\n<\/ol>\n<p style=\"text-align: justify;\"><span style=\"font-family: inherit; font-weight: normal;\">Podanie danych osobowych jest dobrowolne, jednak w niekt\u00f3rych przypadkach mo\u017ce by\u0107 niezb\u0119dne do realizacji zg\u0142oszenia, odpowiedzi na zapytanie lub realizacji obowi\u0105zk\u00f3w prawnych ZPO.<\/span><\/p>\n<ol start=\"9\" style=\"text-align: justify;\">\n<li><span style=\"font-family: inherit; font-weight: normal;\"><strong> Zabezpieczenia danych<\/strong><\/span><span style=\"font-family: inherit; font-weight: normal;\">\u00a0<\/span><\/li>\n<\/ol>\n<p style=\"text-align: justify;\"><span style=\"font-family: inherit; font-weight: normal;\">Administrator stosuje odpowiednie \u015brodki techniczne i organizacyjne zapewniaj\u0105ce ochron\u0119 danych osobowych przed nieuprawnionym dost\u0119pem, utrat\u0105, zniszczeniem lub uszkodzeniem.<\/span><\/p>\n<ol start=\"10\" style=\"text-align: justify;\">\n<li><span style=\"font-family: inherit; font-weight: normal;\"><strong> Linki do innych stron<\/strong><\/span><\/li>\n<\/ol>\n<p style=\"text-align: justify;\"><span style=\"font-family: inherit; font-weight: normal;\">\u00a0<\/span><span style=\"font-family: inherit; font-weight: normal;\">Na Stronie mog\u0105 znajdowa\u0107 si\u0119 odno\u015bniki do innych serwis\u00f3w internetowych. Administrator nie ponosi odpowiedzialno\u015bci za zasady ochrony prywatno\u015bci obowi\u0105zuj\u0105ce na tych stronach.<\/span><\/p>\n<ol start=\"11\" style=\"text-align: justify;\">\n<li><span style=\"font-family: inherit; font-weight: normal;\"><strong> Zmiany w Polityce prywatno\u015bci<\/strong><\/span><span style=\"font-family: inherit; font-weight: normal;\"><strong>\u00a0<\/strong><\/span><\/li>\n<\/ol>\n<p style=\"text-align: justify;\"><span style=\"font-family: inherit; font-weight: normal;\">Administrator zastrzega sobie prawo wprowadzania zmian w niniejszej Polityce prywatno\u015bci.<\/span><\/p>\n<p style=\"text-align: justify;\"><span style=\"font-family: inherit; font-weight: normal;\">Aktualna wersja dokumentu jest publikowana na Stronie.<\/span><\/p>\n<ol start=\"12\" style=\"text-align: justify;\">\n<li><span style=\"font-family: inherit; font-weight: normal;\"><strong> Kontakt w sprawach ochrony danych osobowych<\/strong><\/span><\/li>\n<\/ol>\n<p style=\"text-align: justify;\"><span style=\"font-family: inherit; font-weight: normal;\">Wszelkie pytania dotycz\u0105ce przetwarzania danych osobowych prosimy kierowa\u0107 na adres:<\/span><\/p>\n<p style=\"text-align: justify;\"><span style=\"font-family: inherit; font-weight: normal;\">adres e-mail <a href=\"mailto:iod@elektryk.opole.pl\">iod@elektryk.opole.pl<\/a><\/span><\/p>\n<p style=\"text-align: justify;\"><\/p>\n<p style=\"text-align: justify;\"><span style=\"font-family: inherit; font-weight: normal;\">\u00a0<\/span><\/p>[\/et_pb_text][\/et_pb_column][\/et_pb_row][\/et_pb_section]","protected":false},"excerpt":{"rendered":"<p>OBOWI\u0104ZEK INFORMACYJNY ZGODNY Z ART. 13 UST. 1 RODOAdministratorem Pa\u0144stwa danych osobowych jest:Zesp\u00f3\u0142 Szk\u00f3\u0142 Elektrycznych im. Tadeusza Ko\u015bciuszki w Opolu, ul. Tadeusza Ko\u015bciuszki 39-41, 45-062 Opole reprezentowany przez Dyrektora Szko\u0142y, Z Inspektorem Ochrony Danych Osobowych w Zespole Szk\u00f3\u0142 Elektrycznych w Opolu mo\u017cna si\u0119 skontaktowa\u0107 pod adresem iod@elektryk.opole.pl Pa\u0144stwa dane kontaktowe s\u0105 przetwarzane na podstawie:a) art. [&hellip;]<\/p>\n","protected":false},"author":3,"featured_media":0,"parent":0,"menu_order":0,"comment_status":"closed","ping_status":"closed","template":"","meta":{"_et_pb_use_builder":"on","_et_pb_old_content":"<!-- wp:divi\/placeholder \/-->","_et_gb_content_width":"","footnotes":""},"class_list":["post-23","page","type-page","status-publish","hentry"],"aioseo_notices":[],"_links":{"self":[{"href":"https:\/\/bcu.opole.pl\/bcu3\/wp-json\/wp\/v2\/pages\/23","targetHints":{"allow":["GET"]}}],"collection":[{"href":"https:\/\/bcu.opole.pl\/bcu3\/wp-json\/wp\/v2\/pages"}],"about":[{"href":"https:\/\/bcu.opole.pl\/bcu3\/wp-json\/wp\/v2\/types\/page"}],"author":[{"embeddable":true,"href":"https:\/\/bcu.opole.pl\/bcu3\/wp-json\/wp\/v2\/users\/3"}],"replies":[{"embeddable":true,"href":"https:\/\/bcu.opole.pl\/bcu3\/wp-json\/wp\/v2\/comments?post=23"}],"version-history":[{"count":3,"href":"https:\/\/bcu.opole.pl\/bcu3\/wp-json\/wp\/v2\/pages\/23\/revisions"}],"predecessor-version":[{"id":896,"href":"https:\/\/bcu.opole.pl\/bcu3\/wp-json\/wp\/v2\/pages\/23\/revisions\/896"}],"wp:attachment":[{"href":"https:\/\/bcu.opole.pl\/bcu3\/wp-json\/wp\/v2\/media?parent=23"}],"curies":[{"name":"wp","href":"https:\/\/api.w.org\/{rel}","templated":true}]}}