{"id":11,"date":"2025-04-14T09:53:04","date_gmt":"2025-04-14T07:53:04","guid":{"rendered":"https:\/\/bcu.opole.pl\/bcu3\/?page_id=11"},"modified":"2026-02-06T15:56:56","modified_gmt":"2026-02-06T14:56:56","slug":"partnerzy","status":"publish","type":"page","link":"https:\/\/bcu.opole.pl\/bcu3\/partnerzy\/","title":{"rendered":"PARTNERZY"},"content":{"rendered":"<p>[et_pb_section fb_built=&#8221;1&#8243; _builder_version=&#8221;4.27.4&#8243; _module_preset=&#8221;default&#8221; global_colors_info=&#8221;{}&#8221;][et_pb_row _builder_version=&#8221;4.27.4&#8243; _module_preset=&#8221;default&#8221; global_colors_info=&#8221;{}&#8221;][et_pb_column type=&#8221;4_4&#8243; _builder_version=&#8221;4.27.4&#8243; _module_preset=&#8221;default&#8221; global_colors_info=&#8221;{}&#8221;][et_pb_heading title=&#8221;PARTNERZY&#8221; _builder_version=&#8221;4.27.4&#8243; _module_preset=&#8221;default&#8221; title_font=&#8221;Montserrat|800|||||||&#8221; title_text_align=&#8221;center&#8221; global_colors_info=&#8221;{}&#8221;][\/et_pb_heading][\/et_pb_column][\/et_pb_row][et_pb_row column_structure=&#8221;2_5,3_5&#8243; _builder_version=&#8221;4.27.4&#8243; _module_preset=&#8221;default&#8221; global_colors_info=&#8221;{}&#8221;][et_pb_column type=&#8221;2_5&#8243; _builder_version=&#8221;4.27.4&#8243; _module_preset=&#8221;default&#8221; global_colors_info=&#8221;{}&#8221;][et_pb_image src=&#8221;https:\/\/bcu.opole.pl\/bcu3\/wp-content\/uploads\/sites\/5\/2025\/10\/logo-opola.jpg&#8221; title_text=&#8221;logo opola&#8221; url=&#8221;https:\/\/opole.pl\/&#8221; _builder_version=&#8221;4.27.4&#8243; _module_preset=&#8221;default&#8221; custom_padding=&#8221;|66px||||&#8221; global_colors_info=&#8221;{}&#8221;][\/et_pb_image][\/et_pb_column][et_pb_column type=&#8221;3_5&#8243; _builder_version=&#8221;4.27.4&#8243; _module_preset=&#8221;default&#8221; global_colors_info=&#8221;{}&#8221;][et_pb_text _builder_version=&#8221;4.27.4&#8243; _module_preset=&#8221;default&#8221; text_font=&#8221;Montserrat||||||||&#8221; text_font_size=&#8221;17px&#8221; global_colors_info=&#8221;{}&#8221;]<\/p>\n<p>G\u0142\u00f3wny realizator i koordynator projektu Bran\u017cowego Centrum Umiej\u0119tno\u015bci (BCU).<\/p>\n<p>[\/et_pb_text][\/et_pb_column][\/et_pb_row][et_pb_row column_structure=&#8221;2_5,3_5&#8243; _builder_version=&#8221;4.27.4&#8243; _module_preset=&#8221;default&#8221; global_colors_info=&#8221;{}&#8221;][et_pb_column type=&#8221;2_5&#8243; _builder_version=&#8221;4.27.4&#8243; _module_preset=&#8221;default&#8221; global_colors_info=&#8221;{}&#8221;][et_pb_image src=&#8221;https:\/\/bcu.opole.pl\/bcu3\/wp-content\/uploads\/sites\/5\/2026\/02\/KIGEiT_podstawowa.png&#8221; title_text=&#8221;KIGEiT_podstawowa&#8221; url=&#8221;https:\/\/kigeit.org.pl\/&#8221; _builder_version=&#8221;4.27.5&#8243; _module_preset=&#8221;default&#8221; custom_padding=&#8221;|66px||||&#8221; hover_enabled=&#8221;0&#8243; global_colors_info=&#8221;{}&#8221; alt=&#8221;Logo KIGEiT &#8211; wersja podstawowa&#8221; sticky_enabled=&#8221;0&#8243;][\/et_pb_image][\/et_pb_column][et_pb_column type=&#8221;3_5&#8243; _builder_version=&#8221;4.27.4&#8243; _module_preset=&#8221;default&#8221; global_colors_info=&#8221;{}&#8221;][et_pb_text _builder_version=&#8221;4.27.4&#8243; _module_preset=&#8221;default&#8221; text_font=&#8221;Montserrat||||||||&#8221; text_font_size=&#8221;17px&#8221; global_colors_info=&#8221;{}&#8221;]<\/p>\n<p>Partner bran\u017cowy projektu. Zrzesza przedsi\u0119biorstwa dzia\u0142aj\u0105ce w sektorze elektroniki, telekomunikacji, informatyki, teleinformatyki, energetyki, elektrotechniki, automatyki przemys\u0142owej oraz bran\u017c pokrewnych.<\/p>\n<p class=\"my-2 [&amp;+p]:mt-4 [&amp;_strong:has(+br)]:inline-block [&amp;_strong:has(+br)]:pb-2\">Izba pe\u0142ni funkcje reprezentacyjne, promocyjne, szkoleniowe i doradcze na rzecz swoich cz\u0142onk\u00f3w, wspiera innowacyjno\u015b\u0107, cyfryzacj\u0119 gospodarki oraz internacjonalizacj\u0119 dzia\u0142alno\u015bci polskich przedsi\u0119biorstw. Dzia\u0142a r\u00f3wnie\u017c na rzecz ujednolicania standard\u00f3w bran\u017cowych i uczestniczy w projektach badawczo-rozwojowych.<\/p>\n<p>[\/et_pb_text][\/et_pb_column][\/et_pb_row][et_pb_row column_structure=&#8221;2_5,3_5&#8243; _builder_version=&#8221;4.27.4&#8243; _module_preset=&#8221;default&#8221; global_colors_info=&#8221;{}&#8221;][et_pb_column type=&#8221;2_5&#8243; _builder_version=&#8221;4.27.4&#8243; _module_preset=&#8221;default&#8221; global_colors_info=&#8221;{}&#8221;][et_pb_image src=&#8221;https:\/\/bcu.opole.pl\/bcu3\/wp-content\/uploads\/sites\/5\/2025\/10\/LOGO-PNT-pelna-nazwa-granatowe-kopia.png&#8221; url=&#8221;https:\/\/pnt.opole.pl\/index.php\/pl\/&#8221; _builder_version=&#8221;4.27.4&#8243; _module_preset=&#8221;default&#8221; custom_padding=&#8221;|66px||||&#8221; global_colors_info=&#8221;{}&#8221;][\/et_pb_image][\/et_pb_column][et_pb_column type=&#8221;3_5&#8243; _builder_version=&#8221;4.27.4&#8243; _module_preset=&#8221;default&#8221; global_colors_info=&#8221;{}&#8221;][et_pb_text _builder_version=&#8221;4.27.4&#8243; _module_preset=&#8221;default&#8221; text_font=&#8221;Montserrat||||||||&#8221; text_font_size=&#8221;17px&#8221; global_colors_info=&#8221;{}&#8221;]<\/p>\n<p>Partner dodatkowy projektu. Instytucja otoczenia biznesu, kt\u00f3ra dzia\u0142a jako miejsce wsp\u00f3\u0142pracy nauki i biznesu.\u00a0<\/p>\n<p>PNT w Opolu jest zaanga\u017cowany w realizacj\u0119 projektu Bran\u017cowego Centrum Umiej\u0119tno\u015bci (BCU) w Opolu, zapewniaj\u0105c wsparcie edukacyjno-szkoleniowe oraz wsp\u00f3\u0142pracuj\u0105c przy wdra\u017caniu nowoczesnych technologii.\u00a0<\/p>\n<p>&nbsp;<\/p>\n<p>[\/et_pb_text][\/et_pb_column][\/et_pb_row][\/et_pb_section]<\/p>\n","protected":false},"excerpt":{"rendered":"<p>G\u0142\u00f3wny realizator i koordynator projektu Bran\u017cowego Centrum Umiej\u0119tno\u015bci (BCU).Partner bran\u017cowy projektu. Zrzesza przedsi\u0119biorstwa dzia\u0142aj\u0105ce w sektorze elektroniki, telekomunikacji, informatyki, teleinformatyki, energetyki, elektrotechniki, automatyki przemys\u0142owej oraz bran\u017c pokrewnych. Izba pe\u0142ni funkcje reprezentacyjne, promocyjne, szkoleniowe i doradcze na rzecz swoich cz\u0142onk\u00f3w, wspiera innowacyjno\u015b\u0107, cyfryzacj\u0119 gospodarki oraz internacjonalizacj\u0119 dzia\u0142alno\u015bci polskich przedsi\u0119biorstw. Dzia\u0142a r\u00f3wnie\u017c na rzecz ujednolicania standard\u00f3w bran\u017cowych [&hellip;]<\/p>\n","protected":false},"author":3,"featured_media":0,"parent":0,"menu_order":0,"comment_status":"closed","ping_status":"closed","template":"","meta":{"_et_pb_use_builder":"on","_et_pb_old_content":"<!-- wp:divi\/placeholder \/-->","_et_gb_content_width":"","footnotes":""},"class_list":["post-11","page","type-page","status-publish","hentry"],"aioseo_notices":[],"_links":{"self":[{"href":"https:\/\/bcu.opole.pl\/bcu3\/wp-json\/wp\/v2\/pages\/11","targetHints":{"allow":["GET"]}}],"collection":[{"href":"https:\/\/bcu.opole.pl\/bcu3\/wp-json\/wp\/v2\/pages"}],"about":[{"href":"https:\/\/bcu.opole.pl\/bcu3\/wp-json\/wp\/v2\/types\/page"}],"author":[{"embeddable":true,"href":"https:\/\/bcu.opole.pl\/bcu3\/wp-json\/wp\/v2\/users\/3"}],"replies":[{"embeddable":true,"href":"https:\/\/bcu.opole.pl\/bcu3\/wp-json\/wp\/v2\/comments?post=11"}],"version-history":[{"count":5,"href":"https:\/\/bcu.opole.pl\/bcu3\/wp-json\/wp\/v2\/pages\/11\/revisions"}],"predecessor-version":[{"id":907,"href":"https:\/\/bcu.opole.pl\/bcu3\/wp-json\/wp\/v2\/pages\/11\/revisions\/907"}],"wp:attachment":[{"href":"https:\/\/bcu.opole.pl\/bcu3\/wp-json\/wp\/v2\/media?parent=11"}],"curies":[{"name":"wp","href":"https:\/\/api.w.org\/{rel}","templated":true}]}}

<p>[et_pb_section fb_built=&#8221;1&#8243; _builder_version=&#8221;4.27.4&#8243; _module_preset=&#8221;default&#8221; global_colors_info=&#8221;{}&#8221;][et_pb_row _builder_version=&#8221;4.27.4&#8243; _module_preset=&#8221;default&#8221; global_colors_info=&#8221;{}&#8221;][et_pb_column type=&#8221;4_4&#8243; _builder_version=&#8221;4.27.4&#8243; _module_preset=&#8221;default&#8221; global_colors_info=&#8221;{}&#8221;][et_pb_heading title=&#8221;PARTNERZY&#8221; _builder_version=&#8221;4.27.4&#8243; _module_preset=&#8221;default&#8221; title_font=&#8221;Montserrat|800|||||||&#8221; title_text_align=&#8221;center&#8221; global_colors_info=&#8221;{}&#8221;][/et_pb_heading][/et_pb_column][/et_pb_row][et_pb_row column_structure=&#8221;2_5,3_5&#8243; _builder_version=&#8221;4.27.4&#8243; _module_preset=&#8221;default&#8221; global_colors_info=&#8221;{}&#8221;][et_pb_column type=&#8221;2_5&#8243; _builder_version=&#8221;4.27.4&#8243; _module_preset=&#8221;default&#8221; global_colors_info=&#8221;{}&#8221;][et_pb_image src=&#8221;https://bcu.opole.pl/bcu3/wp-content/uploads/sites/5/2025/10/logo-opola.jpg&#8221; title_text=&#8221;logo opola&#8221; url=&#8221;https://opole.pl/&#8221; _builder_version=&#8221;4.27.4&#8243; _module_preset=&#8221;default&#8221; custom_padding=&#8221;|66px||||&#8221; global_colors_info=&#8221;{}&#8221;][/et_pb_image][/et_pb_column][et_pb_column type=&#8221;3_5&#8243; _builder_version=&#8221;4.27.4&#8243; _module_preset=&#8221;default&#8221; global_colors_info=&#8221;{}&#8221;][et_pb_text _builder_version=&#8221;4.27.4&#8243; _module_preset=&#8221;default&#8221; text_font=&#8221;Montserrat||||||||&#8221; text_font_size=&#8221;17px&#8221; global_colors_info=&#8221;{}&#8221;]</p>
<p>Główny realizator i koordynator projektu Branżowego Centrum Umiejętności (BCU).</p>
<p>[/et_pb_text][/et_pb_column][/et_pb_row][et_pb_row column_structure=&#8221;2_5,3_5&#8243; _builder_version=&#8221;4.27.4&#8243; _module_preset=&#8221;default&#8221; global_colors_info=&#8221;{}&#8221;][et_pb_column type=&#8221;2_5&#8243; _builder_version=&#8221;4.27.4&#8243; _module_preset=&#8221;default&#8221; global_colors_info=&#8221;{}&#8221;][et_pb_image src=&#8221;https://bcu.opole.pl/bcu3/wp-content/uploads/sites/5/2026/02/KIGEiT_podstawowa.png&#8221; title_text=&#8221;KIGEiT_podstawowa&#8221; url=&#8221;https://kigeit.org.pl/&#8221; _builder_version=&#8221;4.27.5&#8243; _module_preset=&#8221;default&#8221; custom_padding=&#8221;|66px||||&#8221; hover_enabled=&#8221;0&#8243; global_colors_info=&#8221;{}&#8221; alt=&#8221;Logo KIGEiT &#8211; wersja podstawowa&#8221; sticky_enabled=&#8221;0&#8243;][/et_pb_image][/et_pb_column][et_pb_column type=&#8221;3_5&#8243; _builder_version=&#8221;4.27.4&#8243; _module_preset=&#8221;default&#8221; global_colors_info=&#8221;{}&#8221;][et_pb_text _builder_version=&#8221;4.27.4&#8243; _module_preset=&#8221;default&#8221; text_font=&#8221;Montserrat||||||||&#8221; text_font_size=&#8221;17px&#8221; global_colors_info=&#8221;{}&#8221;]</p>
<p>Partner branżowy projektu. Zrzesza przedsiębiorstwa działające w sektorze elektroniki, telekomunikacji, informatyki, teleinformatyki, energetyki, elektrotechniki, automatyki przemysłowej oraz branż pokrewnych.</p>
<p class="my-2 [&amp;+p]:mt-4 [&amp;_strong:has(+br)]:inline-block [&amp;_strong:has(+br)]:pb-2">Izba pełni funkcje reprezentacyjne, promocyjne, szkoleniowe i doradcze na rzecz swoich członków, wspiera innowacyjność, cyfryzację gospodarki oraz internacjonalizację działalności polskich przedsiębiorstw. Działa również na rzecz ujednolicania standardów branżowych i uczestniczy w projektach badawczo-rozwojowych.</p>
<p>[/et_pb_text][/et_pb_column][/et_pb_row][et_pb_row column_structure=&#8221;2_5,3_5&#8243; _builder_version=&#8221;4.27.4&#8243; _module_preset=&#8221;default&#8221; global_colors_info=&#8221;{}&#8221;][et_pb_column type=&#8221;2_5&#8243; _builder_version=&#8221;4.27.4&#8243; _module_preset=&#8221;default&#8221; global_colors_info=&#8221;{}&#8221;][et_pb_image src=&#8221;https://bcu.opole.pl/bcu3/wp-content/uploads/sites/5/2025/10/LOGO-PNT-pelna-nazwa-granatowe-kopia.png&#8221; url=&#8221;https://pnt.opole.pl/index.php/pl/&#8221; _builder_version=&#8221;4.27.4&#8243; _module_preset=&#8221;default&#8221; custom_padding=&#8221;|66px||||&#8221; global_colors_info=&#8221;{}&#8221;][/et_pb_image][/et_pb_column][et_pb_column type=&#8221;3_5&#8243; _builder_version=&#8221;4.27.4&#8243; _module_preset=&#8221;default&#8221; global_colors_info=&#8221;{}&#8221;][et_pb_text _builder_version=&#8221;4.27.4&#8243; _module_preset=&#8221;default&#8221; text_font=&#8221;Montserrat||||||||&#8221; text_font_size=&#8221;17px&#8221; global_colors_info=&#8221;{}&#8221;]</p>
<p>Partner dodatkowy projektu. Instytucja otoczenia biznesu, która działa jako miejsce współpracy nauki i biznesu. </p>
<p>PNT w Opolu jest zaangażowany w realizację projektu Branżowego Centrum Umiejętności (BCU) w Opolu, zapewniając wsparcie edukacyjno-szkoleniowe oraz współpracując przy wdrażaniu nowoczesnych technologii. </p>
<p>&nbsp;</p>
<p>[/et_pb_text][/et_pb_column][/et_pb_row][/et_pb_section]</p>

<p>Główny realizator i koordynator projektu Branżowego Centrum Umiejętności (BCU).Partner branżowy projektu. Zrzesza przedsiębiorstwa działające w sektorze elektroniki, telekomunikacji, informatyki, teleinformatyki, energetyki, elektrotechniki, automatyki przemysłowej oraz branż pokrewnych. Izba pełni funkcje reprezentacyjne, promocyjne, szkoleniowe i doradcze na rzecz swoich członków, wspiera innowacyjność, cyfryzację gospodarki oraz internacjonalizację działalności polskich przedsiębiorstw. Działa również na rzecz ujednolicania standardów branżowych [&hellip;]</p>
