{"id":61,"date":"2025-04-11T11:02:35","date_gmt":"2025-04-11T09:02:35","guid":{"rendered":"https:\/\/bcu.opole.pl\/bcu2\/?page_id=61"},"modified":"2026-04-25T09:37:43","modified_gmt":"2026-04-25T07:37:43","slug":"osoby-dorosle","status":"publish","type":"page","link":"https:\/\/bcu.opole.pl\/bcu2\/osoby-dorosle\/","title":{"rendered":"OSOBY DOROS\u0141E"},"content":{"rendered":"<p>[et_pb_section fb_built=&#8221;1&#8243; _builder_version=&#8221;4.27.4&#8243; _module_preset=&#8221;default&#8221; global_colors_info=&#8221;{}&#8221;][et_pb_row _builder_version=&#8221;4.27.4&#8243; _module_preset=&#8221;default&#8221; global_colors_info=&#8221;{}&#8221;][et_pb_column type=&#8221;4_4&#8243; _builder_version=&#8221;4.27.4&#8243; _module_preset=&#8221;default&#8221; global_colors_info=&#8221;{}&#8221;][et_pb_post_title meta=&#8221;off&#8221; _builder_version=&#8221;4.27.4&#8243; _module_preset=&#8221;default&#8221; global_colors_info=&#8221;{}&#8221;][\/et_pb_post_title][\/et_pb_column][\/et_pb_row][\/et_pb_section][et_pb_section fb_built=&#8221;1&#8243; _builder_version=&#8221;4.27.4&#8243; _module_preset=&#8221;default&#8221; min_height=&#8221;1121.9px&#8221; custom_margin=&#8221;-108px||||false|false&#8221; global_colors_info=&#8221;{}&#8221;][et_pb_row _builder_version=&#8221;4.27.4&#8243; _module_preset=&#8221;default&#8221; custom_padding=&#8221;31px|||15px||&#8221; global_colors_info=&#8221;{}&#8221;][et_pb_column type=&#8221;4_4&#8243; _builder_version=&#8221;4.27.4&#8243; _module_preset=&#8221;default&#8221; global_colors_info=&#8221;{}&#8221;][et_pb_text _builder_version=&#8221;4.27.5&#8243; _module_preset=&#8221;default&#8221; width=&#8221;100%&#8221; global_colors_info=&#8221;{}&#8221;]<\/p>\n<p><strong>SZKOLENIA DLA OS\u00d3B DOROS\u0141YCH (<\/strong><strong>25-64 lata<\/strong><strong>)<\/strong><\/p>\n<p><strong>Grupa docelowa:<\/strong><\/p>\n<ul>\n<li>osoby doros\u0142e w wieku aktywno\u015bci zawodowej zwi\u0105zane z bran\u017c\u0105 poligraficzn\u0105<\/li>\n<\/ul>\n<p><strong>Termin realizacji szkole\u0144:<\/strong><\/p>\n<p>&nbsp;<\/p>\n<p>[\/et_pb_text][et_pb_image src=&#8221;https:\/\/bcu.opole.pl\/bcu2\/wp-content\/uploads\/sites\/4\/2026\/04\/Harmonogram_11.jpg&#8221; title_text=&#8221;Harmonogram_11&#8243; align=&#8221;center&#8221; _builder_version=&#8221;4.27.6&#8243; _module_preset=&#8221;default&#8221; hover_enabled=&#8221;0&#8243; global_colors_info=&#8221;{}&#8221; sticky_enabled=&#8221;0&#8243;][\/et_pb_image][et_pb_text _builder_version=&#8221;4.27.4&#8243; _module_preset=&#8221;default&#8221; min_height=&#8221;615px&#8221; custom_margin=&#8221;4px||1px||false|false&#8221; custom_padding=&#8221;0px||||false|false&#8221; global_colors_info=&#8221;{}&#8221;]<\/p>\n<p><strong>Tematyka szkole\u0144 dla doros\u0142ych:<\/strong><\/p>\n<ol>\n<li><strong>Wytwarzanie opraw mi\u0119kkich ze zdobieniem brzeg\u00f3w (32h)<br \/><\/strong>Szkolenie obejmuj\u0105ce techniki tworzenia opraw mi\u0119kkich (klejonych, szytych, zeszytowych), przygotowanie wk\u0142adu, klejenie i uszlachetnianie ok\u0142adek. Uczestnicy poznaj\u0105 sposoby zdobienia brzeg\u00f3w blok\u00f3w ksi\u0105\u017ckowych, laminowania, t\u0142oczenia i z\u0142ocenia, a tak\u017ce obs\u0142ug\u0119 maszyn introligatorskich. Program uwzgl\u0119dnia kontrol\u0119 jako\u015bci oprawy oraz praktyk\u0119 z urz\u0105dzeniami wykorzystywanymi w procesie produkcji.<\/li>\n<li><strong>Realizowanie procesu drukowania przy u\u017cyciu symulatora maszyny offsetowej (32h)<br \/><\/strong>Praktyczne szkolenie z obs\u0142ugi maszyny arkuszowej w \u015brodowisku symulatora. Uczestnicy poznaj\u0105 budow\u0119 zespo\u0142\u00f3w maszyny, zasady dzia\u0142ania offsetu, konfiguracj\u0119 parametr\u00f3w druku, kontrol\u0119 jako\u015bci i koloru zgodnie z normami ISO oraz reagowanie na typowe b\u0142\u0119dy produkcyjne. Szkolenie obejmuje r\u00f3wnie\u017c podstawy ekonomiki procesu drukowania.<\/li>\n<li><strong>Prowadzenie procesu zarz\u0105dzania barw\u0105 w poligrafii (32h)<br \/><\/strong>Szkolenie obejmuj\u0105ce teori\u0119 koloru, kalibracj\u0119 monitor\u00f3w, profilowanie drukarek, tworzenie i ocen\u0119 proof\u00f3w oraz implementacj\u0119 norm ISO i profili ICC. Uczestnicy ucz\u0105 si\u0119 kompensacji odchyle\u0144 barwnych, pracy z urz\u0105dzeniami pomiarowymi i oprogramowaniem, a tak\u017ce zarz\u0105dzania barw\u0105 w r\u00f3\u017cnych technikach druku \u2013 cyfrowym, offsetowym i fleksograficznym.<\/li>\n<li><strong>Prowadzenie proces\u00f3w DTP\u00a0 (32h)<br \/><\/strong>Szkolenie obejmuj\u0105ce przygotowanie plik\u00f3w zgodnych z wymaganiami druku, obs\u0142ug\u0119 program\u00f3w DTP, zarz\u0105dzanie kolorystyk\u0105 i profilami ICC, tworzenie PDF-\u00f3w do druku, separacj\u0119 barwn\u0105 i impozycj\u0119, automatyzacj\u0119 proces\u00f3w oraz kontrol\u0119 jako\u015bci plik\u00f3w przed produkcj\u0105.<\/li>\n<li><strong>Przygotowanie proces\u00f3w CTP (32h)<br \/><\/strong>Szkolenie obejmuj\u0105ce technologi\u0119 CTP, przygotowanie plik\u00f3w PDF do na\u015bwietlania, prac\u0119 z systemami workflow i RIP, obs\u0142ug\u0119 na\u015bwietlarek p\u0142yt, kontrol\u0119 jako\u015bci CTP oraz standaryzacj\u0119 procesu zgodnie z ISO 12647-2. Uczestnicy poznaj\u0105 tak\u017ce zasady integracji CTP z drukiem offsetowym i korekcji barwnych w RIP.<\/li>\n<li><strong>Planowanie procesu technologicznego w druku offsetowym (32h)<br \/><\/strong>Szkolenie obejmuj\u0105ce planowanie procesu druku offsetowego, dob\u00f3r materia\u0142\u00f3w i parametr\u00f3w technologicznych, integracj\u0119 etap\u00f3w produkcji, zarz\u0105dzanie jako\u015bci\u0105<br \/>i barw\u0105, szacowanie koszt\u00f3w, automatyzacj\u0119 workflow oraz zagadnienia bezpiecze\u0144stwa i ekologii w drukarni.<\/li>\n<li><strong>Przygotowanie proces\u00f3w druku fleksograficznego<\/strong>\n<p><span style=\"font-family: 'Verdana',sans-serif\">Szkolenie obejmuje przygotowanie plik\u00f3w do druku fleksograficznego (preflight, trapping, separacj\u0119 barw, monta\u017c i przygotowanie do CTP), przygotowanie form drukowych i matryc, podstawy zarz\u0105dzania barw\u0105 i kontroli jako\u015bci druku, dob\u00f3r pod\u0142o\u017cy oraz farb, rozpoznawanie najcz\u0119stszych defekt\u00f3w technologicznych, a tak\u017ce wykorzystanie workflow, presettingu i system\u00f3w MIS\/ERP do optymalizacji procesu produkcyjnego.<\/span><\/p>\n<\/li>\n<\/ol>\n<p>[\/et_pb_text][et_pb_text _builder_version=&#8221;4.27.4&#8243; _module_preset=&#8221;default&#8221; global_colors_info=&#8221;{}&#8221;]<\/p>\n<p><strong>Korzy\u015bci dla uczestnik\u00f3w:<\/strong><\/p>\n<ul>\n<li>Bezp\u0142atne szkolenie i materia\u0142y edukacyjne<\/li>\n<li>Catering podczas zaj\u0119\u0107<\/li>\n<li>Mo\u017cliwo\u015b\u0107 konsultacji z doradc\u0105 zawodowym<\/li>\n<li>Mo\u017cliwo\u015b\u0107 wyjazdu studyjnego do zak\u0142adu poligraficznego<\/li>\n<li>Bran\u017cowy certyfikat umiej\u0119tno\u015bci \u2013 szczeg\u00f3\u0142y w regulaminie rekrutacji.<\/li>\n<\/ul>\n<p>[\/et_pb_text][\/et_pb_column][\/et_pb_row][\/et_pb_section][et_pb_section fb_built=&#8221;1&#8243; _builder_version=&#8221;4.27.5&#8243; _module_preset=&#8221;default&#8221; global_colors_info=&#8221;{}&#8221;][et_pb_row column_structure=&#8221;1_2,1_2&#8243; _builder_version=&#8221;4.27.5&#8243; _module_preset=&#8221;default&#8221; global_colors_info=&#8221;{}&#8221;][et_pb_column type=&#8221;1_2&#8243; _builder_version=&#8221;4.27.5&#8243; _module_preset=&#8221;default&#8221; global_colors_info=&#8221;{}&#8221;][et_pb_text _builder_version=&#8221;4.27.5&#8243; _module_preset=&#8221;default&#8221; global_colors_info=&#8221;{}&#8221;]<\/p>\n<p><strong>Rejestracja na szkolenia:<\/strong><\/p>\n<blockquote class=\"wp-embedded-content\" data-secret=\"JXYollG81L\"><p><a href=\"https:\/\/rekrutacja.bcu.opole.pl\/bcu-2-powyzej-24\/\">BCU 2 powyzej 24<\/a><\/p><\/blockquote>\n<p><iframe loading=\"lazy\" class=\"wp-embedded-content\" sandbox=\"allow-scripts\" security=\"restricted\" style=\"position: absolute; visibility: hidden;\" title=\"&#8222;BCU 2 powyzej 24&#8221; &#8212; \" src=\"https:\/\/rekrutacja.bcu.opole.pl\/bcu-2-powyzej-24\/embed\/#?secret=dGqoKFxQ4j#?secret=JXYollG81L\" data-secret=\"JXYollG81L\" width=\"600\" height=\"338\" frameborder=\"0\" marginwidth=\"0\" marginheight=\"0\" scrolling=\"no\"><\/iframe><\/p>\n<p><strong> <\/strong><\/p>\n<p><a href=\"https:\/\/rekrutacja.bcu.opole.pl\/bcu-2-nauczyciele-ksztalcenia-zawodowego\/\"><strong><\/strong><\/a><\/p>\n<p>[\/et_pb_text][\/et_pb_column][et_pb_column type=&#8221;1_2&#8243; _builder_version=&#8221;4.27.5&#8243; _module_preset=&#8221;default&#8221; global_colors_info=&#8221;{}&#8221;][et_pb_text _builder_version=&#8221;4.27.5&#8243; _module_preset=&#8221;default&#8221; global_colors_info=&#8221;{}&#8221;]<\/p>\n<p><strong>Kontakt w sprawie kurs\u00f3w:<br \/><\/strong><br \/><strong>Numer telefonu: 77 453 66 51, <\/strong><strong>77 453 66 52<\/strong><br \/><strong>e-mail: bcu@staszic.opole.pl<\/strong><\/p>\n<p>[\/et_pb_text][\/et_pb_column][\/et_pb_row][\/et_pb_section]<\/p>\n","protected":false},"excerpt":{"rendered":"<p>SZKOLENIA DLA OS\u00d3B DOROS\u0141YCH (25-64 lata) Grupa docelowa: osoby doros\u0142e w wieku aktywno\u015bci zawodowej zwi\u0105zane z bran\u017c\u0105 poligraficzn\u0105 Termin realizacji szkole\u0144: &nbsp;Tematyka szkole\u0144 dla doros\u0142ych: Wytwarzanie opraw mi\u0119kkich ze zdobieniem brzeg\u00f3w (32h)Szkolenie obejmuj\u0105ce techniki tworzenia opraw mi\u0119kkich (klejonych, szytych, zeszytowych), przygotowanie wk\u0142adu, klejenie i uszlachetnianie ok\u0142adek. Uczestnicy poznaj\u0105 sposoby zdobienia brzeg\u00f3w blok\u00f3w ksi\u0105\u017ckowych, laminowania, t\u0142oczenia [&hellip;]<\/p>\n","protected":false},"author":3,"featured_media":0,"parent":0,"menu_order":0,"comment_status":"closed","ping_status":"closed","template":"","meta":{"_et_pb_use_builder":"on","_et_pb_old_content":"<!-- wp:divi\/placeholder \/-->","_et_gb_content_width":"","footnotes":""},"class_list":["post-61","page","type-page","status-publish","hentry"],"aioseo_notices":[],"_links":{"self":[{"href":"https:\/\/bcu.opole.pl\/bcu2\/wp-json\/wp\/v2\/pages\/61","targetHints":{"allow":["GET"]}}],"collection":[{"href":"https:\/\/bcu.opole.pl\/bcu2\/wp-json\/wp\/v2\/pages"}],"about":[{"href":"https:\/\/bcu.opole.pl\/bcu2\/wp-json\/wp\/v2\/types\/page"}],"author":[{"embeddable":true,"href":"https:\/\/bcu.opole.pl\/bcu2\/wp-json\/wp\/v2\/users\/3"}],"replies":[{"embeddable":true,"href":"https:\/\/bcu.opole.pl\/bcu2\/wp-json\/wp\/v2\/comments?post=61"}],"version-history":[{"count":17,"href":"https:\/\/bcu.opole.pl\/bcu2\/wp-json\/wp\/v2\/pages\/61\/revisions"}],"predecessor-version":[{"id":1302,"href":"https:\/\/bcu.opole.pl\/bcu2\/wp-json\/wp\/v2\/pages\/61\/revisions\/1302"}],"wp:attachment":[{"href":"https:\/\/bcu.opole.pl\/bcu2\/wp-json\/wp\/v2\/media?parent=61"}],"curies":[{"name":"wp","href":"https:\/\/api.w.org\/{rel}","templated":true}]}}

OSOBY DOROSŁE

<p>[et_pb_section fb_built=&#8221;1&#8243; _builder_version=&#8221;4.27.4&#8243; _module_preset=&#8221;default&#8221; global_colors_info=&#8221;{}&#8221;][et_pb_row _builder_version=&#8221;4.27.4&#8243; _module_preset=&#8221;default&#8221; global_colors_info=&#8221;{}&#8221;][et_pb_column type=&#8221;4_4&#8243; _builder_version=&#8221;4.27.4&#8243; _module_preset=&#8221;default&#8221; global_colors_info=&#8221;{}&#8221;][et_pb_post_title meta=&#8221;off&#8221; _builder_version=&#8221;4.27.4&#8243; _module_preset=&#8221;default&#8221; global_colors_info=&#8221;{}&#8221;][/et_pb_post_title][/et_pb_column][/et_pb_row][/et_pb_section][et_pb_section fb_built=&#8221;1&#8243; _builder_version=&#8221;4.27.4&#8243; _module_preset=&#8221;default&#8221; min_height=&#8221;1121.9px&#8221; custom_margin=&#8221;-108px||||false|false&#8221; global_colors_info=&#8221;{}&#8221;][et_pb_row _builder_version=&#8221;4.27.4&#8243; _module_preset=&#8221;default&#8221; custom_padding=&#8221;31px|||15px||&#8221; global_colors_info=&#8221;{}&#8221;][et_pb_column type=&#8221;4_4&#8243; _builder_version=&#8221;4.27.4&#8243; _module_preset=&#8221;default&#8221; global_colors_info=&#8221;{}&#8221;][et_pb_text _builder_version=&#8221;4.27.5&#8243; _module_preset=&#8221;default&#8221; width=&#8221;100%&#8221; global_colors_info=&#8221;{}&#8221;]</p>
<p><strong>SZKOLENIA DLA OSÓB DOROSŁYCH (</strong><strong>25-64 lata</strong><strong>)</strong></p>
<p><strong>Grupa docelowa:</strong></p>
<ul>
<li>osoby dorosłe w wieku aktywności zawodowej związane z branżą poligraficzną</li>
</ul>
<p><strong>Termin realizacji szkoleń:</strong></p>
<p>&nbsp;</p>
<p>[/et_pb_text][et_pb_image src=&#8221;https://bcu.opole.pl/bcu2/wp-content/uploads/sites/4/2026/04/Harmonogram_11.jpg&#8221; title_text=&#8221;Harmonogram_11&#8243; align=&#8221;center&#8221; _builder_version=&#8221;4.27.6&#8243; _module_preset=&#8221;default&#8221; hover_enabled=&#8221;0&#8243; global_colors_info=&#8221;{}&#8221; sticky_enabled=&#8221;0&#8243;][/et_pb_image][et_pb_text _builder_version=&#8221;4.27.4&#8243; _module_preset=&#8221;default&#8221; min_height=&#8221;615px&#8221; custom_margin=&#8221;4px||1px||false|false&#8221; custom_padding=&#8221;0px||||false|false&#8221; global_colors_info=&#8221;{}&#8221;]</p>
<p><strong>Tematyka szkoleń dla dorosłych:</strong></p>
<ol>
<li><strong>Wytwarzanie opraw miękkich ze zdobieniem brzegów (32h)<br /></strong>Szkolenie obejmujące techniki tworzenia opraw miękkich (klejonych, szytych, zeszytowych), przygotowanie wkładu, klejenie i uszlachetnianie okładek. Uczestnicy poznają sposoby zdobienia brzegów bloków książkowych, laminowania, tłoczenia i złocenia, a także obsługę maszyn introligatorskich. Program uwzględnia kontrolę jakości oprawy oraz praktykę z urządzeniami wykorzystywanymi w procesie produkcji.</li>
<li><strong>Realizowanie procesu drukowania przy użyciu symulatora maszyny offsetowej (32h)<br /></strong>Praktyczne szkolenie z obsługi maszyny arkuszowej w środowisku symulatora. Uczestnicy poznają budowę zespołów maszyny, zasady działania offsetu, konfigurację parametrów druku, kontrolę jakości i koloru zgodnie z normami ISO oraz reagowanie na typowe błędy produkcyjne. Szkolenie obejmuje również podstawy ekonomiki procesu drukowania.</li>
<li><strong>Prowadzenie procesu zarządzania barwą w poligrafii (32h)<br /></strong>Szkolenie obejmujące teorię koloru, kalibrację monitorów, profilowanie drukarek, tworzenie i ocenę proofów oraz implementację norm ISO i profili ICC. Uczestnicy uczą się kompensacji odchyleń barwnych, pracy z urządzeniami pomiarowymi i oprogramowaniem, a także zarządzania barwą w różnych technikach druku – cyfrowym, offsetowym i fleksograficznym.</li>
<li><strong>Prowadzenie procesów DTP  (32h)<br /></strong>Szkolenie obejmujące przygotowanie plików zgodnych z wymaganiami druku, obsługę programów DTP, zarządzanie kolorystyką i profilami ICC, tworzenie PDF-ów do druku, separację barwną i impozycję, automatyzację procesów oraz kontrolę jakości plików przed produkcją.</li>
<li><strong>Przygotowanie procesów CTP (32h)<br /></strong>Szkolenie obejmujące technologię CTP, przygotowanie plików PDF do naświetlania, pracę z systemami workflow i RIP, obsługę naświetlarek płyt, kontrolę jakości CTP oraz standaryzację procesu zgodnie z ISO 12647-2. Uczestnicy poznają także zasady integracji CTP z drukiem offsetowym i korekcji barwnych w RIP.</li>
<li><strong>Planowanie procesu technologicznego w druku offsetowym (32h)<br /></strong>Szkolenie obejmujące planowanie procesu druku offsetowego, dobór materiałów i parametrów technologicznych, integrację etapów produkcji, zarządzanie jakością<br />i barwą, szacowanie kosztów, automatyzację workflow oraz zagadnienia bezpieczeństwa i ekologii w drukarni.</li>
<li><strong>Przygotowanie procesów druku fleksograficznego</strong>
<p><span style="font-family: 'Verdana',sans-serif">Szkolenie obejmuje przygotowanie plików do druku fleksograficznego (preflight, trapping, separację barw, montaż i przygotowanie do CTP), przygotowanie form drukowych i matryc, podstawy zarządzania barwą i kontroli jakości druku, dobór podłoży oraz farb, rozpoznawanie najczęstszych defektów technologicznych, a także wykorzystanie workflow, presettingu i systemów MIS/ERP do optymalizacji procesu produkcyjnego.</span></p>
</li>
</ol>
<p>[/et_pb_text][et_pb_text _builder_version=&#8221;4.27.4&#8243; _module_preset=&#8221;default&#8221; global_colors_info=&#8221;{}&#8221;]</p>
<p><strong>Korzyści dla uczestników:</strong></p>
<ul>
<li>Bezpłatne szkolenie i materiały edukacyjne</li>
<li>Catering podczas zajęć</li>
<li>Możliwość konsultacji z doradcą zawodowym</li>
<li>Możliwość wyjazdu studyjnego do zakładu poligraficznego</li>
<li>Branżowy certyfikat umiejętności – szczegóły w regulaminie rekrutacji.</li>
</ul>
<p>[/et_pb_text][/et_pb_column][/et_pb_row][/et_pb_section][et_pb_section fb_built=&#8221;1&#8243; _builder_version=&#8221;4.27.5&#8243; _module_preset=&#8221;default&#8221; global_colors_info=&#8221;{}&#8221;][et_pb_row column_structure=&#8221;1_2,1_2&#8243; _builder_version=&#8221;4.27.5&#8243; _module_preset=&#8221;default&#8221; global_colors_info=&#8221;{}&#8221;][et_pb_column type=&#8221;1_2&#8243; _builder_version=&#8221;4.27.5&#8243; _module_preset=&#8221;default&#8221; global_colors_info=&#8221;{}&#8221;][et_pb_text _builder_version=&#8221;4.27.5&#8243; _module_preset=&#8221;default&#8221; global_colors_info=&#8221;{}&#8221;]</p>
<p><strong>Rejestracja na szkolenia:</strong></p>
<blockquote class="wp-embedded-content" data-secret="JXYollG81L"><p><a href="https://rekrutacja.bcu.opole.pl/bcu-2-powyzej-24/">BCU 2 powyzej 24</a></p></blockquote>
<p><iframe loading="lazy" class="wp-embedded-content" sandbox="allow-scripts" security="restricted" style="position: absolute; visibility: hidden;" title="&#8222;BCU 2 powyzej 24&#8221; &#8212; " src="https://rekrutacja.bcu.opole.pl/bcu-2-powyzej-24/embed/#?secret=dGqoKFxQ4j#?secret=JXYollG81L" data-secret="JXYollG81L" width="600" height="338" frameborder="0" marginwidth="0" marginheight="0" scrolling="no"></iframe></p>
<p><strong> </strong></p>
<p><a href="https://rekrutacja.bcu.opole.pl/bcu-2-nauczyciele-ksztalcenia-zawodowego/"><strong></strong></a></p>
<p>[/et_pb_text][/et_pb_column][et_pb_column type=&#8221;1_2&#8243; _builder_version=&#8221;4.27.5&#8243; _module_preset=&#8221;default&#8221; global_colors_info=&#8221;{}&#8221;][et_pb_text _builder_version=&#8221;4.27.5&#8243; _module_preset=&#8221;default&#8221; global_colors_info=&#8221;{}&#8221;]</p>
<p><strong>Kontakt w sprawie kursów:<br /></strong><br /><strong>Numer telefonu: 77 453 66 51, </strong><strong>77 453 66 52</strong><br /><strong>e-mail: bcu@staszic.opole.pl</strong></p>
<p>[/et_pb_text][/et_pb_column][/et_pb_row][/et_pb_section]</p>

<p>SZKOLENIA DLA OSÓB DOROSŁYCH (25-64 lata) Grupa docelowa: osoby dorosłe w wieku aktywności zawodowej związane z branżą poligraficzną Termin realizacji szkoleń: &nbsp;Tematyka szkoleń dla dorosłych: Wytwarzanie opraw miękkich ze zdobieniem brzegów (32h)Szkolenie obejmujące techniki tworzenia opraw miękkich (klejonych, szytych, zeszytowych), przygotowanie wkładu, klejenie i uszlachetnianie okładek. Uczestnicy poznają sposoby zdobienia brzegów bloków książkowych, laminowania, tłoczenia [&hellip;]</p>
