{"id":59,"date":"2025-04-11T11:02:06","date_gmt":"2025-04-11T09:02:06","guid":{"rendered":"https:\/\/bcu.opole.pl\/bcu2\/?page_id=59"},"modified":"2026-02-18T14:08:27","modified_gmt":"2026-02-18T13:08:27","slug":"uczniowie-i-studenci","status":"publish","type":"page","link":"https:\/\/bcu.opole.pl\/bcu2\/uczniowie-i-studenci\/","title":{"rendered":"UCZNIOWIE I STUDENCI"},"content":{"rendered":"[et_pb_section fb_built=&#8221;1&#8243; admin_label=&#8221;section&#8221; _builder_version=&#8221;4.27.4&#8243; height=&#8221;173px&#8221; global_colors_info=&#8221;{}&#8221;][et_pb_row make_equal=&#8221;on&#8221; admin_label=&#8221;row&#8221; _builder_version=&#8221;4.27.4&#8243; background_size=&#8221;initial&#8221; background_position=&#8221;top_left&#8221; background_repeat=&#8221;repeat&#8221; height=&#8221;723px&#8221; global_colors_info=&#8221;{}&#8221;][et_pb_column type=&#8221;4_4&#8243; _builder_version=&#8221;4.16&#8243; custom_padding=&#8221;|||&#8221; global_colors_info=&#8221;{}&#8221; custom_padding__hover=&#8221;|||&#8221;][et_pb_post_title meta=&#8221;off&#8221; _builder_version=&#8221;4.27.4&#8243; _module_preset=&#8221;default&#8221; custom_padding=&#8221;||0px||false|false&#8221; global_colors_info=&#8221;{}&#8221;][\/et_pb_post_title][et_pb_text admin_label=&#8221;Text&#8221; _builder_version=&#8221;4.16&#8243; background_size=&#8221;initial&#8221; background_position=&#8221;top_left&#8221; background_repeat=&#8221;repeat&#8221; global_colors_info=&#8221;{}&#8221;][\/et_pb_text][\/et_pb_column][\/et_pb_row][\/et_pb_section][et_pb_section fb_built=&#8221;1&#8243; _builder_version=&#8221;4.27.4&#8243; _module_preset=&#8221;default&#8221; custom_margin=&#8221;-35px||||false|false&#8221; global_colors_info=&#8221;{}&#8221;][et_pb_row _builder_version=&#8221;4.27.4&#8243; _module_preset=&#8221;default&#8221; custom_margin=&#8221;-40px|auto|-20px|auto|false|false&#8221; custom_padding=&#8221;0px||||false|false&#8221; global_colors_info=&#8221;{}&#8221;][et_pb_column type=&#8221;4_4&#8243; _builder_version=&#8221;4.27.4&#8243; _module_preset=&#8221;default&#8221; global_colors_info=&#8221;{}&#8221;][et_pb_text _builder_version=&#8221;4.27.4&#8243; _module_preset=&#8221;default&#8221; text_font_size=&#8221;15px&#8221; custom_padding=&#8221;0px||||false|false&#8221; global_colors_info=&#8221;{}&#8221;]<p><strong>SZKOLENIA DLA OS\u00d3B M\u0141ODYCH (14\u201324 lata)<\/strong><\/p>\n<p><strong>Grupa docelowa:<\/strong><\/p>\n<ul>\n<li><strong>Uczniowie ucz\u0105cy si\u0119 na kierunkach poligraficznych<\/strong><\/li>\n<li><strong>Studenci kierunk\u00f3w poligraficznych<\/strong><\/li>\n<\/ul>\n<p><strong>Termin realizacji szkole\u0144:<\/strong><\/p>\n<ul>\n<li><strong>wrzesie\u0144 \u00a02025 r.<\/strong><\/li>\n<\/ul>\n<p><strong>Tematyka szkole\u0144 (20h):<\/strong><\/p>\n<ol>\n<li><strong>Przygotowanie materia\u0142\u00f3w do druku offsetowego z wykorzystaniem specjalistycznego oprogramowania<\/strong><br \/>Szkolenie obejmuj\u0105ce przygotowanie plik\u00f3w do na\u015bwietlania, podstawy barwometrii, przestrzenie barwne, systemy proofingowe, rastrowanie plik\u00f3w, wprowadzenie do AI w przygotowaniu do druku oraz prac\u0119 z urz\u0105dzeniami pomiarowymi i specjalistycznym oprogramowaniem.<\/li>\n<li><strong>Przygotowanie materia\u0142\u00f3w do druku offsetowego opakowa\u0144<\/strong><br \/>Szkolenie obejmuj\u0105ce przygotowanie projekt\u00f3w opakowa\u0144 w programach graficznych, weryfikacj\u0119 i napraw\u0119 plik\u00f3w PDF, zasady przygotowania do druku offsetowego i cyfrowego oraz praktyczne zaj\u0119cia z wykorzystaniem ploter\u00f3w tn\u0105cych i drukuj\u0105cych.<\/li>\n<li><strong>Prowadzenie procesu zarz\u0105dzanie barw\u0105 w poligrafii<\/strong><br \/>Szkolenie obejmuj\u0105ce podstawy zarz\u0105dzania barw\u0105, profile barwne, obs\u0142ug\u0119 spektrofotometr\u00f3w i densytometr\u00f3w, proofing, kalibracj\u0119 maszyn oraz wprowadzenie do standaryzacji i pracy w systemach workflow.<\/li>\n<li><strong>Wykonywanie opraw z zadrukiem kraw\u0119dzi<\/strong><br \/>Szkolenie obejmuj\u0105ce analiz\u0119 parametr\u00f3w technicznych oprawy, przygotowanie plik\u00f3w wk\u0142adu i ok\u0142adki, personalizacj\u0119 ok\u0142adki, impozycj\u0119, przygotowanie maszyn i pod\u0142o\u017cy, wydruk cyfrowy, laminowanie, bigowanie, \u0142\u0105czenie wk\u0142adu z ok\u0142adk\u0105 oraz zadruk kraw\u0119dzi z wykorzystaniem specjalistycznych urz\u0105dze\u0144 introligatorskich.<\/li>\n<li><strong>Drukowanie na maszynach cyfrowych w drukarni cyfrowej<\/strong><br \/>Szkolenie obejmuj\u0105ce zarz\u0105dzanie barw\u0105, obs\u0142ug\u0119 spektrofotometr\u00f3w i densytometr\u00f3w, weryfikacj\u0119 plik\u00f3w, impozycj\u0119, kalibracj\u0119 urz\u0105dze\u0144 cyfrowych, rozwi\u0105zywanie problem\u00f3w druku oraz obs\u0142ug\u0119 maszyn w \u015brodowisku cyfrowym.<\/li>\n<\/ol>\n<p><strong>Korzy\u015bci dla uczestnik\u00f3w:<\/strong><\/p>\n<ul>\n<li>Bezp\u0142atne szkolenie i materia\u0142y edukacyjne<\/li>\n<li>Catering podczas zaj\u0119\u0107<\/li>\n<li>Mo\u017cliwo\u015b\u0107 konsultacji z doradc\u0105 zawodowym<\/li>\n<li>Mo\u017cliwo\u015b\u0107 wyjazdu studyjnego do zak\u0142adu poligraficznego<\/li>\n<li>Bran\u017cowy certyfikat umiej\u0119tno\u015bci \u2013 szczeg\u00f3\u0142y w regulaminie rekrutacji.<\/li>\n<\/ul>[\/et_pb_text][\/et_pb_column][\/et_pb_row][\/et_pb_section][et_pb_section fb_built=&#8221;1&#8243; _builder_version=&#8221;4.27.5&#8243; _module_preset=&#8221;default&#8221; custom_padding=&#8221;||0px|||&#8221; global_colors_info=&#8221;{}&#8221;][et_pb_row column_structure=&#8221;1_2,1_2&#8243; _builder_version=&#8221;4.27.5&#8243; _module_preset=&#8221;default&#8221; global_colors_info=&#8221;{}&#8221;][et_pb_column type=&#8221;1_2&#8243; _builder_version=&#8221;4.27.5&#8243; _module_preset=&#8221;default&#8221; global_colors_info=&#8221;{}&#8221;][et_pb_text _builder_version=&#8221;4.27.5&#8243; _module_preset=&#8221;default&#8221; global_colors_info=&#8221;{}&#8221;]<p><strong>Rejestracja na szkolenia:<\/strong><\/p>\n<p><a href=\"https:\/\/bcu.opole.pl\/bcu2\/uczniowie-i-studenci\/\">https:\/\/bcu.opole.pl\/bcu2\/uczniowie-i-studenci\/<\/a><\/p>\n<p><strong><\/strong><\/p>\n<p><a href=\"https:\/\/rekrutacja.bcu.opole.pl\/bcu-2-nauczyciele-ksztalcenia-zawodowego\/\"><strong><\/strong><\/a><\/p>[\/et_pb_text][\/et_pb_column][et_pb_column type=&#8221;1_2&#8243; _builder_version=&#8221;4.27.5&#8243; _module_preset=&#8221;default&#8221; global_colors_info=&#8221;{}&#8221;][et_pb_text _builder_version=&#8221;4.27.5&#8243; _module_preset=&#8221;default&#8221; global_colors_info=&#8221;{}&#8221;]<p><strong>Kontakt w sprawie kurs\u00f3w:<br \/><\/strong><br \/><strong>Numer telefonu: 77 453 66 51, <\/strong><strong>77 453 66 52<\/strong><br \/><strong>e-mail: bcu@staszic.opole.pl<\/strong><\/p>[\/et_pb_text][\/et_pb_column][\/et_pb_row][\/et_pb_section][et_pb_section fb_built=&#8221;1&#8243; _builder_version=&#8221;4.27.4&#8243; _module_preset=&#8221;default&#8221; custom_padding=&#8221;92px|||||&#8221; global_colors_info=&#8221;{}&#8221;][et_pb_row _builder_version=&#8221;4.27.4&#8243; _module_preset=&#8221;default&#8221; global_colors_info=&#8221;{}&#8221;][et_pb_column type=&#8221;4_4&#8243; _builder_version=&#8221;4.27.4&#8243; _module_preset=&#8221;default&#8221; global_colors_info=&#8221;{}&#8221;][et_pb_image src=&#8221;https:\/\/bcu.opole.pl\/bcu2\/wp-content\/uploads\/sites\/4\/2025\/05\/logo1-1.png&#8221; title_text=&#8221;logo1-1&#8243; align=&#8221;center&#8221; _builder_version=&#8221;4.27.4&#8243; _module_preset=&#8221;default&#8221; global_colors_info=&#8221;{}&#8221;][\/et_pb_image][\/et_pb_column][\/et_pb_row][\/et_pb_section]","protected":false},"excerpt":{"rendered":"<p>SZKOLENIA DLA OS\u00d3B M\u0141ODYCH (14\u201324 lata) Grupa docelowa: Uczniowie ucz\u0105cy si\u0119 na kierunkach poligraficznych Studenci kierunk\u00f3w poligraficznych Termin realizacji szkole\u0144: wrzesie\u0144 \u00a02025 r. Tematyka szkole\u0144 (20h): Przygotowanie materia\u0142\u00f3w do druku offsetowego z wykorzystaniem specjalistycznego oprogramowaniaSzkolenie obejmuj\u0105ce przygotowanie plik\u00f3w do na\u015bwietlania, podstawy barwometrii, przestrzenie barwne, systemy proofingowe, rastrowanie plik\u00f3w, wprowadzenie do AI w przygotowaniu do druku [&hellip;]<\/p>\n","protected":false},"author":3,"featured_media":0,"parent":0,"menu_order":0,"comment_status":"closed","ping_status":"closed","template":"","meta":{"_et_pb_use_builder":"on","_et_pb_old_content":"<!-- wp:divi\/placeholder \/-->","_et_gb_content_width":"","footnotes":""},"class_list":["post-59","page","type-page","status-publish","hentry"],"aioseo_notices":[],"_links":{"self":[{"href":"https:\/\/bcu.opole.pl\/bcu2\/wp-json\/wp\/v2\/pages\/59","targetHints":{"allow":["GET"]}}],"collection":[{"href":"https:\/\/bcu.opole.pl\/bcu2\/wp-json\/wp\/v2\/pages"}],"about":[{"href":"https:\/\/bcu.opole.pl\/bcu2\/wp-json\/wp\/v2\/types\/page"}],"author":[{"embeddable":true,"href":"https:\/\/bcu.opole.pl\/bcu2\/wp-json\/wp\/v2\/users\/3"}],"replies":[{"embeddable":true,"href":"https:\/\/bcu.opole.pl\/bcu2\/wp-json\/wp\/v2\/comments?post=59"}],"version-history":[{"count":12,"href":"https:\/\/bcu.opole.pl\/bcu2\/wp-json\/wp\/v2\/pages\/59\/revisions"}],"predecessor-version":[{"id":1043,"href":"https:\/\/bcu.opole.pl\/bcu2\/wp-json\/wp\/v2\/pages\/59\/revisions\/1043"}],"wp:attachment":[{"href":"https:\/\/bcu.opole.pl\/bcu2\/wp-json\/wp\/v2\/media?parent=59"}],"curies":[{"name":"wp","href":"https:\/\/api.w.org\/{rel}","templated":true}]}}

[et_pb_section fb_built=&#8221;1&#8243; admin_label=&#8221;section&#8221; _builder_version=&#8221;4.27.4&#8243; height=&#8221;173px&#8221; global_colors_info=&#8221;{}&#8221;][et_pb_row make_equal=&#8221;on&#8221; admin_label=&#8221;row&#8221; _builder_version=&#8221;4.27.4&#8243; background_size=&#8221;initial&#8221; background_position=&#8221;top_left&#8221; background_repeat=&#8221;repeat&#8221; height=&#8221;723px&#8221; global_colors_info=&#8221;{}&#8221;][et_pb_column type=&#8221;4_4&#8243; _builder_version=&#8221;4.16&#8243; custom_padding=&#8221;|||&#8221; global_colors_info=&#8221;{}&#8221; custom_padding__hover=&#8221;|||&#8221;][et_pb_post_title meta=&#8221;off&#8221; _builder_version=&#8221;4.27.4&#8243; _module_preset=&#8221;default&#8221; custom_padding=&#8221;||0px||false|false&#8221; global_colors_info=&#8221;{}&#8221;][/et_pb_post_title][et_pb_text admin_label=&#8221;Text&#8221; _builder_version=&#8221;4.16&#8243; background_size=&#8221;initial&#8221; background_position=&#8221;top_left&#8221; background_repeat=&#8221;repeat&#8221; global_colors_info=&#8221;{}&#8221;][/et_pb_text][/et_pb_column][/et_pb_row][/et_pb_section][et_pb_section fb_built=&#8221;1&#8243; _builder_version=&#8221;4.27.4&#8243; _module_preset=&#8221;default&#8221; custom_margin=&#8221;-35px||||false|false&#8221; global_colors_info=&#8221;{}&#8221;][et_pb_row _builder_version=&#8221;4.27.4&#8243; _module_preset=&#8221;default&#8221; custom_margin=&#8221;-40px|auto|-20px|auto|false|false&#8221; custom_padding=&#8221;0px||||false|false&#8221; global_colors_info=&#8221;{}&#8221;][et_pb_column type=&#8221;4_4&#8243; _builder_version=&#8221;4.27.4&#8243; _module_preset=&#8221;default&#8221; global_colors_info=&#8221;{}&#8221;][et_pb_text _builder_version=&#8221;4.27.4&#8243; _module_preset=&#8221;default&#8221; text_font_size=&#8221;15px&#8221; custom_padding=&#8221;0px||||false|false&#8221; global_colors_info=&#8221;{}&#8221;]<p><strong>SZKOLENIA DLA OSÓB MŁODYCH (14–24 lata)</strong></p>
<p><strong>Grupa docelowa:</strong></p>
<ul>
<li><strong>Uczniowie uczący się na kierunkach poligraficznych</strong></li>
<li><strong>Studenci kierunków poligraficznych</strong></li>
</ul>
<p><strong>Termin realizacji szkoleń:</strong></p>
<ul>
<li><strong>wrzesień  2025 r.</strong></li>
</ul>
<p><strong>Tematyka szkoleń (20h):</strong></p>
<ol>
<li><strong>Przygotowanie materiałów do druku offsetowego z wykorzystaniem specjalistycznego oprogramowania</strong><br />Szkolenie obejmujące przygotowanie plików do naświetlania, podstawy barwometrii, przestrzenie barwne, systemy proofingowe, rastrowanie plików, wprowadzenie do AI w przygotowaniu do druku oraz pracę z urządzeniami pomiarowymi i specjalistycznym oprogramowaniem.</li>
<li><strong>Przygotowanie materiałów do druku offsetowego opakowań</strong><br />Szkolenie obejmujące przygotowanie projektów opakowań w programach graficznych, weryfikację i naprawę plików PDF, zasady przygotowania do druku offsetowego i cyfrowego oraz praktyczne zajęcia z wykorzystaniem ploterów tnących i drukujących.</li>
<li><strong>Prowadzenie procesu zarządzanie barwą w poligrafii</strong><br />Szkolenie obejmujące podstawy zarządzania barwą, profile barwne, obsługę spektrofotometrów i densytometrów, proofing, kalibrację maszyn oraz wprowadzenie do standaryzacji i pracy w systemach workflow.</li>
<li><strong>Wykonywanie opraw z zadrukiem krawędzi</strong><br />Szkolenie obejmujące analizę parametrów technicznych oprawy, przygotowanie plików wkładu i okładki, personalizację okładki, impozycję, przygotowanie maszyn i podłoży, wydruk cyfrowy, laminowanie, bigowanie, łączenie wkładu z okładką oraz zadruk krawędzi z wykorzystaniem specjalistycznych urządzeń introligatorskich.</li>
<li><strong>Drukowanie na maszynach cyfrowych w drukarni cyfrowej</strong><br />Szkolenie obejmujące zarządzanie barwą, obsługę spektrofotometrów i densytometrów, weryfikację plików, impozycję, kalibrację urządzeń cyfrowych, rozwiązywanie problemów druku oraz obsługę maszyn w środowisku cyfrowym.</li>
</ol>
<p><strong>Korzyści dla uczestników:</strong></p>
<ul>
<li>Bezpłatne szkolenie i materiały edukacyjne</li>
<li>Catering podczas zajęć</li>
<li>Możliwość konsultacji z doradcą zawodowym</li>
<li>Możliwość wyjazdu studyjnego do zakładu poligraficznego</li>
<li>Branżowy certyfikat umiejętności – szczegóły w regulaminie rekrutacji.</li>
</ul>[/et_pb_text][/et_pb_column][/et_pb_row][/et_pb_section][et_pb_section fb_built=&#8221;1&#8243; _builder_version=&#8221;4.27.5&#8243; _module_preset=&#8221;default&#8221; custom_padding=&#8221;||0px|||&#8221; global_colors_info=&#8221;{}&#8221;][et_pb_row column_structure=&#8221;1_2,1_2&#8243; _builder_version=&#8221;4.27.5&#8243; _module_preset=&#8221;default&#8221; global_colors_info=&#8221;{}&#8221;][et_pb_column type=&#8221;1_2&#8243; _builder_version=&#8221;4.27.5&#8243; _module_preset=&#8221;default&#8221; global_colors_info=&#8221;{}&#8221;][et_pb_text _builder_version=&#8221;4.27.5&#8243; _module_preset=&#8221;default&#8221; global_colors_info=&#8221;{}&#8221;]<p><strong>Rejestracja na szkolenia:</strong></p>
<p><a href="https://bcu.opole.pl/bcu2/uczniowie-i-studenci/">https://bcu.opole.pl/bcu2/uczniowie-i-studenci/</a></p>
<p><strong></strong></p>
<p><a href="https://rekrutacja.bcu.opole.pl/bcu-2-nauczyciele-ksztalcenia-zawodowego/"><strong></strong></a></p>[/et_pb_text][/et_pb_column][et_pb_column type=&#8221;1_2&#8243; _builder_version=&#8221;4.27.5&#8243; _module_preset=&#8221;default&#8221; global_colors_info=&#8221;{}&#8221;][et_pb_text _builder_version=&#8221;4.27.5&#8243; _module_preset=&#8221;default&#8221; global_colors_info=&#8221;{}&#8221;]<p><strong>Kontakt w sprawie kursów:<br /></strong><br /><strong>Numer telefonu: 77 453 66 51, </strong><strong>77 453 66 52</strong><br /><strong>e-mail: bcu@staszic.opole.pl</strong></p>[/et_pb_text][/et_pb_column][/et_pb_row][/et_pb_section][et_pb_section fb_built=&#8221;1&#8243; _builder_version=&#8221;4.27.4&#8243; _module_preset=&#8221;default&#8221; custom_padding=&#8221;92px|||||&#8221; global_colors_info=&#8221;{}&#8221;][et_pb_row _builder_version=&#8221;4.27.4&#8243; _module_preset=&#8221;default&#8221; global_colors_info=&#8221;{}&#8221;][et_pb_column type=&#8221;4_4&#8243; _builder_version=&#8221;4.27.4&#8243; _module_preset=&#8221;default&#8221; global_colors_info=&#8221;{}&#8221;][et_pb_image src=&#8221;https://bcu.opole.pl/bcu2/wp-content/uploads/sites/4/2025/05/logo1-1.png&#8221; title_text=&#8221;logo1-1&#8243; align=&#8221;center&#8221; _builder_version=&#8221;4.27.4&#8243; _module_preset=&#8221;default&#8221; global_colors_info=&#8221;{}&#8221;][/et_pb_image][/et_pb_column][/et_pb_row][/et_pb_section]

<p>SZKOLENIA DLA OSÓB MŁODYCH (14–24 lata) Grupa docelowa: Uczniowie uczący się na kierunkach poligraficznych Studenci kierunków poligraficznych Termin realizacji szkoleń: wrzesień  2025 r. Tematyka szkoleń (20h): Przygotowanie materiałów do druku offsetowego z wykorzystaniem specjalistycznego oprogramowaniaSzkolenie obejmujące przygotowanie plików do naświetlania, podstawy barwometrii, przestrzenie barwne, systemy proofingowe, rastrowanie plików, wprowadzenie do AI w przygotowaniu do druku [&hellip;]</p>
