{"id":57,"date":"2025-04-11T11:01:49","date_gmt":"2025-04-11T09:01:49","guid":{"rendered":"https:\/\/bcu.opole.pl\/bcu2\/?page_id=57"},"modified":"2025-05-20T12:54:36","modified_gmt":"2025-05-20T10:54:36","slug":"rejestracja-na-konferencje","status":"publish","type":"page","link":"https:\/\/bcu.opole.pl\/bcu2\/rejestracja-na-konferencje\/","title":{"rendered":"Rejestracja na konferencj\u0119"},"content":{"rendered":"<p>[et_pb_section fb_built=&#8221;1&#8243; _builder_version=&#8221;4.27.4&#8243; _module_preset=&#8221;default&#8221; global_colors_info=&#8221;{}&#8221;][et_pb_row _builder_version=&#8221;4.27.4&#8243; _module_preset=&#8221;default&#8221; global_colors_info=&#8221;{}&#8221;][et_pb_column type=&#8221;4_4&#8243; _builder_version=&#8221;4.27.4&#8243; _module_preset=&#8221;default&#8221; global_colors_info=&#8221;{}&#8221;][et_pb_heading title=&#8221;Rejestracja na konferencj\u0119 BCU&#8221; _builder_version=&#8221;4.27.4&#8243; _module_preset=&#8221;default&#8221; title_text_align=&#8221;center&#8221; global_colors_info=&#8221;{}&#8221;][\/et_pb_heading][et_pb_text _builder_version=&#8221;4.27.4&#8243; _module_preset=&#8221;default&#8221; hover_enabled=&#8221;0&#8243; sticky_enabled=&#8221;0&#8243;]<\/p>\n<h4 style=\"text-align: center;\">Rejestracja na konferencje inauguruj\u0105c\u0105 projekt pn:<span style=\"font-family: 'Aptos',sans-serif;\">\u201e<i>Utworzenie i funkcjonowanie Bran\u017cowego Centrum Umiej\u0119tno\u015bci w dziedzinie poligrafii, introligatorstwa i opakowa\u0144<\/i>\u201d, kt\u00f3ra odb\u0119dzie si\u0119 <b>6 czerwca 2025 r. o godzinie 11:30<\/b> <b>w sali im. Karola Musio\u0142a w Urz\u0119dzie Miasta Opola, Ratusz, Rynek 1a.<\/b><\/span><\/h4>\n<p>[\/et_pb_text][\/et_pb_column][\/et_pb_row][et_pb_row _builder_version=&#8221;4.27.4&#8243; _module_preset=&#8221;default&#8221; global_colors_info=&#8221;{}&#8221;][et_pb_column type=&#8221;4_4&#8243; _builder_version=&#8221;4.27.4&#8243; _module_preset=&#8221;default&#8221; global_colors_info=&#8221;{}&#8221;][et_pb_code _builder_version=&#8221;4.27.4&#8243; _module_preset=&#8221;default&#8221; global_colors_info=&#8221;{}&#8221;][\/et_pb_code][\/et_pb_column][\/et_pb_row][et_pb_row _builder_version=&#8221;4.27.4&#8243; _module_preset=&#8221;default&#8221; global_colors_info=&#8221;{}&#8221;][et_pb_column type=&#8221;4_4&#8243; _builder_version=&#8221;4.27.4&#8243; _module_preset=&#8221;default&#8221; global_colors_info=&#8221;{}&#8221;][et_pb_image src=&#8221;https:\/\/bcu.opole.pl\/bcu2\/wp-content\/uploads\/sites\/4\/2025\/05\/logo1-1.png&#8221; title_text=&#8221;logo1-1&#8243; _builder_version=&#8221;4.27.4&#8243; _module_preset=&#8221;default&#8221; max_width=&#8221;56%&#8221; module_alignment=&#8221;center&#8221; global_colors_info=&#8221;{}&#8221;][\/et_pb_image][\/et_pb_column][\/et_pb_row][\/et_pb_section]<\/p>\n","protected":false},"excerpt":{"rendered":"<p>Rejestracja na konferencje inauguruj\u0105c\u0105 projekt pn:\u201eUtworzenie i funkcjonowanie Bran\u017cowego Centrum Umiej\u0119tno\u015bci w dziedzinie poligrafii, introligatorstwa i opakowa\u0144\u201d, kt\u00f3ra odb\u0119dzie si\u0119 6 czerwca 2025 r. o godzinie 11:30 w sali im. Karola Musio\u0142a w Urz\u0119dzie Miasta Opola, Ratusz, Rynek 1a.<\/p>\n","protected":false},"author":3,"featured_media":0,"parent":0,"menu_order":0,"comment_status":"closed","ping_status":"closed","template":"","meta":{"_et_pb_use_builder":"on","_et_pb_old_content":"<!-- wp:divi\/placeholder \/-->","_et_gb_content_width":"","footnotes":""},"class_list":["post-57","page","type-page","status-publish","hentry"],"aioseo_notices":[],"_links":{"self":[{"href":"https:\/\/bcu.opole.pl\/bcu2\/wp-json\/wp\/v2\/pages\/57","targetHints":{"allow":["GET"]}}],"collection":[{"href":"https:\/\/bcu.opole.pl\/bcu2\/wp-json\/wp\/v2\/pages"}],"about":[{"href":"https:\/\/bcu.opole.pl\/bcu2\/wp-json\/wp\/v2\/types\/page"}],"author":[{"embeddable":true,"href":"https:\/\/bcu.opole.pl\/bcu2\/wp-json\/wp\/v2\/users\/3"}],"replies":[{"embeddable":true,"href":"https:\/\/bcu.opole.pl\/bcu2\/wp-json\/wp\/v2\/comments?post=57"}],"version-history":[{"count":7,"href":"https:\/\/bcu.opole.pl\/bcu2\/wp-json\/wp\/v2\/pages\/57\/revisions"}],"predecessor-version":[{"id":147,"href":"https:\/\/bcu.opole.pl\/bcu2\/wp-json\/wp\/v2\/pages\/57\/revisions\/147"}],"wp:attachment":[{"href":"https:\/\/bcu.opole.pl\/bcu2\/wp-json\/wp\/v2\/media?parent=57"}],"curies":[{"name":"wp","href":"https:\/\/api.w.org\/{rel}","templated":true}]}}

Rejestracja na konferencję

<p>[et_pb_section fb_built=&#8221;1&#8243; _builder_version=&#8221;4.27.4&#8243; _module_preset=&#8221;default&#8221; global_colors_info=&#8221;{}&#8221;][et_pb_row _builder_version=&#8221;4.27.4&#8243; _module_preset=&#8221;default&#8221; global_colors_info=&#8221;{}&#8221;][et_pb_column type=&#8221;4_4&#8243; _builder_version=&#8221;4.27.4&#8243; _module_preset=&#8221;default&#8221; global_colors_info=&#8221;{}&#8221;][et_pb_heading title=&#8221;Rejestracja na konferencję BCU&#8221; _builder_version=&#8221;4.27.4&#8243; _module_preset=&#8221;default&#8221; title_text_align=&#8221;center&#8221; global_colors_info=&#8221;{}&#8221;][/et_pb_heading][et_pb_text _builder_version=&#8221;4.27.4&#8243; _module_preset=&#8221;default&#8221; hover_enabled=&#8221;0&#8243; sticky_enabled=&#8221;0&#8243;]</p>
<h4 style="text-align: center;">Rejestracja na konferencje inaugurującą projekt pn:<span style="font-family: 'Aptos',sans-serif;">„<i>Utworzenie i funkcjonowanie Branżowego Centrum Umiejętności w dziedzinie poligrafii, introligatorstwa i opakowań</i>”, która odbędzie się <b>6 czerwca 2025 r. o godzinie 11:30</b> <b>w sali im. Karola Musioła w Urzędzie Miasta Opola, Ratusz, Rynek 1a.</b></span></h4>
<p>[/et_pb_text][/et_pb_column][/et_pb_row][et_pb_row _builder_version=&#8221;4.27.4&#8243; _module_preset=&#8221;default&#8221; global_colors_info=&#8221;{}&#8221;][et_pb_column type=&#8221;4_4&#8243; _builder_version=&#8221;4.27.4&#8243; _module_preset=&#8221;default&#8221; global_colors_info=&#8221;{}&#8221;][et_pb_code _builder_version=&#8221;4.27.4&#8243; _module_preset=&#8221;default&#8221; global_colors_info=&#8221;{}&#8221;][/et_pb_code][/et_pb_column][/et_pb_row][et_pb_row _builder_version=&#8221;4.27.4&#8243; _module_preset=&#8221;default&#8221; global_colors_info=&#8221;{}&#8221;][et_pb_column type=&#8221;4_4&#8243; _builder_version=&#8221;4.27.4&#8243; _module_preset=&#8221;default&#8221; global_colors_info=&#8221;{}&#8221;][et_pb_image src=&#8221;https://bcu.opole.pl/bcu2/wp-content/uploads/sites/4/2025/05/logo1-1.png&#8221; title_text=&#8221;logo1-1&#8243; _builder_version=&#8221;4.27.4&#8243; _module_preset=&#8221;default&#8221; max_width=&#8221;56%&#8221; module_alignment=&#8221;center&#8221; global_colors_info=&#8221;{}&#8221;][/et_pb_image][/et_pb_column][/et_pb_row][/et_pb_section]</p>

<p>Rejestracja na konferencje inaugurującą projekt pn:„Utworzenie i funkcjonowanie Branżowego Centrum Umiejętności w dziedzinie poligrafii, introligatorstwa i opakowań”, która odbędzie się 6 czerwca 2025 r. o godzinie 11:30 w sali im. Karola Musioła w Urzędzie Miasta Opola, Ratusz, Rynek 1a.</p>
