{"id":428,"date":"2025-06-09T08:30:56","date_gmt":"2025-06-09T06:30:56","guid":{"rendered":"https:\/\/bcu.opole.pl\/bcu2\/?page_id=428"},"modified":"2025-07-22T12:18:17","modified_gmt":"2025-07-22T10:18:17","slug":"branza-poligraficzna-stabilnosc-rozwoj-kreatywnosc","status":"publish","type":"page","link":"https:\/\/bcu.opole.pl\/bcu2\/branza-poligraficzna-stabilnosc-rozwoj-kreatywnosc\/","title":{"rendered":"BRAN\u017bA POLIGRAFICZNA &#8211; STABILNO\u015a\u0106, ROZW\u00d3J, KREATYWNO\u015a\u0106"},"content":{"rendered":"<p>[et_pb_section fb_built=&#8221;1&#8243; theme_builder_area=&#8221;post_content&#8221; _builder_version=&#8221;4.27.4&#8243; _module_preset=&#8221;default&#8221;][et_pb_row _builder_version=&#8221;4.27.4&#8243; _module_preset=&#8221;default&#8221; theme_builder_area=&#8221;post_content&#8221;][et_pb_column _builder_version=&#8221;4.27.4&#8243; _module_preset=&#8221;default&#8221; type=&#8221;4_4&#8243; theme_builder_area=&#8221;post_content&#8221;][et_pb_heading title=&#8221;BRAN\u017bA POLIGRAFICZNA &#8211; STABILNO\u015a\u0106, ROZW\u00d3J, KREATYWNO\u015a\u0106&#8221; _builder_version=&#8221;4.27.4&#8243; _module_preset=&#8221;default&#8221; theme_builder_area=&#8221;post_content&#8221; hover_enabled=&#8221;0&#8243; sticky_enabled=&#8221;0&#8243;][\/et_pb_heading][\/et_pb_column][\/et_pb_row][et_pb_row _builder_version=&#8221;4.27.4&#8243; _module_preset=&#8221;default&#8221; theme_builder_area=&#8221;post_content&#8221;][et_pb_column _builder_version=&#8221;4.27.4&#8243; _module_preset=&#8221;default&#8221; type=&#8221;4_4&#8243; theme_builder_area=&#8221;post_content&#8221;][et_pb_text _builder_version=&#8221;4.27.4&#8243; _module_preset=&#8221;default&#8221; theme_builder_area=&#8221;post_content&#8221; hover_enabled=&#8221;0&#8243; sticky_enabled=&#8221;0&#8243;]<\/p>\n<p style=\"text-align: justify\"><strong>Trzy powody, dla kt\u00f3rych warto postawi\u0107 na bran\u017c\u0119 poligraficzn\u0105:<\/strong><\/p>\n<p style=\"text-align: justify\"><strong>STABILNO\u015a\u0106<\/strong><\/p>\n<p style=\"text-align: justify\"><strong>Zaw\u00f3d z tradycj\u0105 i przysz\u0142o\u015bci\u0105.<\/strong><\/p>\n<p style=\"text-align: justify\">Poligrafia to jedna z tych bran\u017c, kt\u00f3re mimo zmian technologicznych pozostaj\u0105 niezb\u0119dne \u2013 wsz\u0119dzie tam, gdzie liczy si\u0119 przekaz wizualny, informacja i jako\u015b\u0107 wykonania. Produkcja opakowa\u0144, materia\u0142\u00f3w promocyjnych, instrukcji, ksi\u0105\u017cek czy etykiet to nieod\u0142\u0105czny element handlu, przemys\u0142u, edukacji i kultury.<\/p>\n<p style=\"text-align: justify\">Zawody poligraficzne ciesz\u0105 si\u0119 sta\u0142ym zapotrzebowaniem na rynku pracy, zar\u00f3wno w tradycyjnych drukarniach, jak i nowoczesnych zak\u0142adach produkcyjnych czy agencjach reklamowych. <strong><em>Dla os\u00f3b poszukuj\u0105cych pewnego, praktycznego zawodu \u2013 to bezpieczny wyb\u00f3r.<\/em><\/strong><\/p>\n<p style=\"text-align: justify\"><strong>ROZW\u00d3J<\/strong><\/p>\n<p style=\"text-align: justify\"><strong>Technologie, kt\u00f3re zmieniaj\u0105 bran\u017c\u0119.<\/strong><\/p>\n<p style=\"text-align: justify\">Poligrafia dynamicznie si\u0119 zmienia wkracza w \u015bwiat cyfrowych narz\u0119dzi, automatyzacji, ekologicznych rozwi\u0105za\u0144 i personalizacji. Dzisiejsze zak\u0142ady poligraficzne korzystaj\u0105 z zaawansowanych maszyn sterowanych komputerowo, a graficy pracuj\u0105 w nowoczesnym oprogramowaniu DTP i systemach zarz\u0105dzania barw\u0105.<\/p>\n<p style=\"text-align: justify\">To bran\u017ca, w kt\u00f3rej nieustannie rozwijaj\u0105 si\u0119 nowe technologie druku \u00a0w tym druk cyfrowy, UV, 3D czy smart-opakowania. <strong>Osoby pracuj\u0105ce w poligrafii maj\u0105 szans\u0119 ci\u0105g\u0142ego doskonalenia umiej\u0119tno\u015bci, uczenia si\u0119 nowo\u015bci i rozwijania kariery w nowoczesnym \u015brodowisku.<\/strong><\/p>\n<p style=\"text-align: justify\"><strong>KREATYWNO\u015a\u0106<\/strong><\/p>\n<p style=\"text-align: justify\"><strong>Tw\u00f3rz, projektuj, wyra\u017caj siebie.<\/strong><\/p>\n<p style=\"text-align: justify\">Poligrafia to nie tylko maszyny\u00a0 to tak\u017ce \u015bwiat form, kolor\u00f3w, pomys\u0142\u00f3w i estetyki. Praca w bran\u017cy poligraficznej pozwala na \u0142\u0105czenie my\u015blenia technicznego z artystycznym, szczeg\u00f3lnie w obszarach projektowania graficznego, przygotowania materia\u0142\u00f3w do druku, tworzenia opakowa\u0144 i materia\u0142\u00f3w promocyjnych.<\/p>\n<p style=\"text-align: justify\"><strong>To idealna \u015bcie\u017cka dla os\u00f3b z wyobra\u017ani\u0105, kt\u00f3re lubi\u0105 pracowa\u0107 tw\u00f3rczo, ale jednocze\u015bnie ceni\u0105 sobie konkret i efekt ko\u0144cowy.<\/strong> Ka\u017cdy projekt to szansa na realizacj\u0119 w\u0142asnych pomys\u0142\u00f3w \u2013 od etykiety produktu, przez ksi\u0105\u017ck\u0119, a\u017c po baner reklamowy czy katalog firmowy.<\/p>\n<p style=\"text-align: justify\"><strong>Poligrafia to przestrze<\/strong><strong>\u0144<\/strong><strong> dla tych, kt<\/strong><strong>\u00f3<\/strong><strong>rzy:<\/strong><\/p>\n<p style=\"text-align: justify\">\u2714\ufe0f chc\u0105 mie\u0107 pewny zaw\u00f3d<br \/>\u2714\ufe0f s\u0105 ciekawi nowych technologii<br \/>\u2714\ufe0f lubi\u0105 \u0142\u0105czy\u0107 praktyk\u0119 z estetyk\u0105<br \/>\u2714\ufe0f szukaj\u0105 pracy, kt\u00f3ra daje satysfakcj\u0119<\/p>\n<p style=\"text-align: justify\"><strong>Stabilno\u015b\u0107, rozw\u00f3j, kreatywno\u015b\u0107 \u2013 trzy filary nowoczesnej poligrafii.<\/strong><\/p>\n<p style=\"text-align: center\">Rozwijaj si\u0119 z nami w Bran\u017cowym Centrum Umiej\u0119tno\u015bci!<\/p>\n<p>[\/et_pb_text][et_pb_image src=&#8221;https:\/\/bcu.opole.pl\/bcu2\/wp-content\/uploads\/sites\/4\/2025\/07\/poligrafia-1-1.jpg&#8221; _builder_version=&#8221;4.27.4&#8243; _module_preset=&#8221;default&#8221; theme_builder_area=&#8221;post_content&#8221; title_text=&#8221;poligrafia 1&#8243; hover_enabled=&#8221;0&#8243; sticky_enabled=&#8221;0&#8243;][\/et_pb_image][\/et_pb_column][\/et_pb_row][\/et_pb_section]<\/p>\n","protected":false},"excerpt":{"rendered":"<p>Trzy powody, dla kt\u00f3rych warto postawi\u0107 na bran\u017c\u0119 poligraficzn\u0105: STABILNO\u015a\u0106 Zaw\u00f3d z tradycj\u0105 i przysz\u0142o\u015bci\u0105. Poligrafia to jedna z tych bran\u017c, kt\u00f3re mimo zmian technologicznych pozostaj\u0105 niezb\u0119dne \u2013 wsz\u0119dzie tam, gdzie liczy si\u0119 przekaz wizualny, informacja i jako\u015b\u0107 wykonania. Produkcja opakowa\u0144, materia\u0142\u00f3w promocyjnych, instrukcji, ksi\u0105\u017cek czy etykiet to nieod\u0142\u0105czny element handlu, przemys\u0142u, edukacji i kultury. [&hellip;]<\/p>\n","protected":false},"author":4,"featured_media":0,"parent":0,"menu_order":0,"comment_status":"closed","ping_status":"closed","template":"","meta":{"_et_pb_use_builder":"on","_et_pb_old_content":"","_et_gb_content_width":"","footnotes":""},"class_list":["post-428","page","type-page","status-publish","hentry"],"aioseo_notices":[],"_links":{"self":[{"href":"https:\/\/bcu.opole.pl\/bcu2\/wp-json\/wp\/v2\/pages\/428","targetHints":{"allow":["GET"]}}],"collection":[{"href":"https:\/\/bcu.opole.pl\/bcu2\/wp-json\/wp\/v2\/pages"}],"about":[{"href":"https:\/\/bcu.opole.pl\/bcu2\/wp-json\/wp\/v2\/types\/page"}],"author":[{"embeddable":true,"href":"https:\/\/bcu.opole.pl\/bcu2\/wp-json\/wp\/v2\/users\/4"}],"replies":[{"embeddable":true,"href":"https:\/\/bcu.opole.pl\/bcu2\/wp-json\/wp\/v2\/comments?post=428"}],"version-history":[{"count":2,"href":"https:\/\/bcu.opole.pl\/bcu2\/wp-json\/wp\/v2\/pages\/428\/revisions"}],"predecessor-version":[{"id":608,"href":"https:\/\/bcu.opole.pl\/bcu2\/wp-json\/wp\/v2\/pages\/428\/revisions\/608"}],"wp:attachment":[{"href":"https:\/\/bcu.opole.pl\/bcu2\/wp-json\/wp\/v2\/media?parent=428"}],"curies":[{"name":"wp","href":"https:\/\/api.w.org\/{rel}","templated":true}]}}