{"id":425,"date":"2025-06-09T08:28:49","date_gmt":"2025-06-09T06:28:49","guid":{"rendered":"https:\/\/bcu.opole.pl\/bcu2\/?page_id=425"},"modified":"2025-07-22T12:52:31","modified_gmt":"2025-07-22T10:52:31","slug":"formy-wsparcia-ucznia-osoby-doroslej-w-wyborze-sciezki-edukacyjnej-2","status":"publish","type":"page","link":"https:\/\/bcu.opole.pl\/bcu2\/formy-wsparcia-ucznia-osoby-doroslej-w-wyborze-sciezki-edukacyjnej-2\/","title":{"rendered":"FORMY WSPARCIA UCZNIA\/OSOBY DOROS\u0141EJ W WYBORZE \u015aCIE\u017bKI EDUKACYJNEJ"},"content":{"rendered":"<p>[et_pb_section fb_built=&#8221;1&#8243; theme_builder_area=&#8221;post_content&#8221; _builder_version=&#8221;4.27.4&#8243; _module_preset=&#8221;default&#8221;][et_pb_row _builder_version=&#8221;4.27.4&#8243; _module_preset=&#8221;default&#8221; theme_builder_area=&#8221;post_content&#8221;][et_pb_column _builder_version=&#8221;4.27.4&#8243; _module_preset=&#8221;default&#8221; type=&#8221;4_4&#8243; theme_builder_area=&#8221;post_content&#8221;][et_pb_heading title=&#8221;FORMY WSPARCIA UCZNIA\/OSOBY DOROS\u0141EJ W WYBORZE \u015aCIE\u017bKI EDUKACYJNEJ\/ZAWODOWEJ&#8221; _builder_version=&#8221;4.27.4&#8243; _module_preset=&#8221;default&#8221; theme_builder_area=&#8221;post_content&#8221; hover_enabled=&#8221;0&#8243; sticky_enabled=&#8221;0&#8243;][\/et_pb_heading][\/et_pb_column][\/et_pb_row][et_pb_row _builder_version=&#8221;4.27.4&#8243; _module_preset=&#8221;default&#8221; column_structure=&#8221;2_5,3_5&#8243; theme_builder_area=&#8221;post_content&#8221;][et_pb_column _builder_version=&#8221;4.27.4&#8243; _module_preset=&#8221;default&#8221; type=&#8221;2_5&#8243; theme_builder_area=&#8221;post_content&#8221;][et_pb_image src=&#8221;https:\/\/bcu.opole.pl\/bcu2\/wp-content\/uploads\/sites\/4\/2025\/07\/doradca-zawodowy-1-1.jpg&#8221; _builder_version=&#8221;4.27.4&#8243; _module_preset=&#8221;default&#8221; theme_builder_area=&#8221;post_content&#8221; title_text=&#8221;doradca zawodowy 1&#8243; hover_enabled=&#8221;0&#8243; sticky_enabled=&#8221;0&#8243; custom_margin=&#8221;100px||100px||false|false&#8221;][\/et_pb_image][et_pb_image src=&#8221;https:\/\/bcu.opole.pl\/bcu2\/wp-content\/uploads\/sites\/4\/2025\/07\/doradca-zawodowy-2-1.jpg&#8221; _builder_version=&#8221;4.27.4&#8243; _module_preset=&#8221;default&#8221; theme_builder_area=&#8221;post_content&#8221; title_text=&#8221;doradca zawodowy 2&#8243; hover_enabled=&#8221;0&#8243; sticky_enabled=&#8221;0&#8243; custom_margin=&#8221;100px||100px||false|false&#8221;][\/et_pb_image][\/et_pb_column][et_pb_column _builder_version=&#8221;4.27.4&#8243; _module_preset=&#8221;default&#8221; type=&#8221;3_5&#8243; theme_builder_area=&#8221;post_content&#8221;][et_pb_text _builder_version=&#8221;4.27.4&#8243; _module_preset=&#8221;default&#8221; theme_builder_area=&#8221;post_content&#8221; hover_enabled=&#8221;0&#8243; sticky_enabled=&#8221;0&#8243;]<\/p>\n<p style=\"text-align: center\"><em><strong>Wspieramy w \u015bwiadomym planowaniu kariery zawodowej<\/strong><\/em><\/p>\n<p style=\"text-align: justify\">W Bran\u017cowym Centrum Umiej\u0119tno\u015bci oferujemy kompleksowe wsparcie w zakresie doradztwa zawodowego dla uczni\u00f3w, os\u00f3b doros\u0142ych oraz wszystkich zainteresowanych rozwojem kompetencji i wyborem \u015bcie\u017cki edukacyjno-zawodowej.<\/p>\n<p style=\"text-align: justify\"><strong>Oferowane formy wsparcia:<\/strong><\/p>\n<p style=\"text-align: justify\"><strong>\u2705<\/strong><strong> Indywidualne doradztwo kariery<\/strong><\/p>\n<ul style=\"text-align: justify\">\n<li>Konsultacje z doradc\u0105 zawodowym<\/li>\n<li>Pomoc w okre\u015bleniu predyspozycji i mocnych stron<\/li>\n<li>Tworzenie indywidualnych plan\u00f3w rozwoju edukacyjno-zawodowego<\/li>\n<\/ul>\n<p style=\"text-align: justify\"><strong>\u2705<\/strong><strong> Testy i diagnozy zawodowe<\/strong><\/p>\n<ul style=\"text-align: justify\">\n<li>Testy zainteresowa\u0144, kompetencji i stylu uczenia si\u0119<\/li>\n<li>Narz\u0119dzia do samooceny i rozpoznawania potencja\u0142u zawodowego<\/li>\n<\/ul>\n<p style=\"text-align: justify\"><strong>\u2705<\/strong><strong> Warsztaty i szkolenia<\/strong><\/p>\n<ul style=\"text-align: justify\">\n<li>Zaj\u0119cia z zakresu planowania kariery<\/li>\n<li>Przygotowanie do wej\u015bcia na rynek pracy (CV, rozmowa kwalifikacyjna, autoprezentacja)<\/li>\n<li>Tematyczne spotkania bran\u017cowe<\/li>\n<\/ul>\n<p style=\"text-align: justify\"><strong>\u2705<\/strong><strong> Spotkania z ekspertami i praktykami<\/strong><\/p>\n<ul style=\"text-align: justify\">\n<li>Prelekcje przedstawicieli zawod\u00f3w i pracodawc\u00f3w<\/li>\n<li>Panele dyskusyjne, konsultacje z mentorami bran\u017cowymi<\/li>\n<li>Wizyty studyjne w firmach i instytucjach partnerskich<\/li>\n<\/ul>\n<p style=\"text-align: justify\"><strong>\u2705<\/strong><strong> Informacja edukacyjno-zawodowa<\/strong><\/p>\n<ul style=\"text-align: justify\">\n<li>Pomoc w wyborze szko\u0142y, kurs\u00f3w kwalifikacyjnych lub uczelni<\/li>\n<li>Aktualne informacje o \u015bcie\u017ckach kszta\u0142cenia w danej bran\u017cy<\/li>\n<li>Doradztwo dotycz\u0105ce potrzeb rynku pracy i zawod\u00f3w przysz\u0142o\u015bci<\/li>\n<\/ul>\n<p style=\"text-align: justify\"><strong>\u00a0Narz\u0119dzia online i materia\u0142y<\/strong><\/p>\n<ul>\n<li style=\"text-align: justify\">Bazy danych zawod\u00f3w i kierunk\u00f3w kszta\u0142cenia<\/li>\n<li style=\"text-align: justify\">Interaktywne \u015bcie\u017cki kariery<\/li>\n<li style=\"text-align: justify\">Dost\u0119p do platform edukacyjnych i portali doradczych (np. Mapy Karier, InfoZawodowe)<\/li>\n<\/ul>\n<p>[\/et_pb_text][\/et_pb_column][\/et_pb_row][\/et_pb_section]<\/p>\n","protected":false},"excerpt":{"rendered":"<p>Wspieramy w \u015bwiadomym planowaniu kariery zawodowej W Bran\u017cowym Centrum Umiej\u0119tno\u015bci oferujemy kompleksowe wsparcie w zakresie doradztwa zawodowego dla uczni\u00f3w, os\u00f3b doros\u0142ych oraz wszystkich zainteresowanych rozwojem kompetencji i wyborem \u015bcie\u017cki edukacyjno-zawodowej. Oferowane formy wsparcia: \u2705 Indywidualne doradztwo kariery Konsultacje z doradc\u0105 zawodowym Pomoc w okre\u015bleniu predyspozycji i mocnych stron Tworzenie indywidualnych plan\u00f3w rozwoju edukacyjno-zawodowego \u2705 Testy [&hellip;]<\/p>\n","protected":false},"author":4,"featured_media":0,"parent":0,"menu_order":0,"comment_status":"closed","ping_status":"closed","template":"","meta":{"_et_pb_use_builder":"on","_et_pb_old_content":"<!-- wp:divi\/placeholder \/-->","_et_gb_content_width":"","footnotes":""},"class_list":["post-425","page","type-page","status-publish","hentry"],"aioseo_notices":[],"_links":{"self":[{"href":"https:\/\/bcu.opole.pl\/bcu2\/wp-json\/wp\/v2\/pages\/425","targetHints":{"allow":["GET"]}}],"collection":[{"href":"https:\/\/bcu.opole.pl\/bcu2\/wp-json\/wp\/v2\/pages"}],"about":[{"href":"https:\/\/bcu.opole.pl\/bcu2\/wp-json\/wp\/v2\/types\/page"}],"author":[{"embeddable":true,"href":"https:\/\/bcu.opole.pl\/bcu2\/wp-json\/wp\/v2\/users\/4"}],"replies":[{"embeddable":true,"href":"https:\/\/bcu.opole.pl\/bcu2\/wp-json\/wp\/v2\/comments?post=425"}],"version-history":[{"count":3,"href":"https:\/\/bcu.opole.pl\/bcu2\/wp-json\/wp\/v2\/pages\/425\/revisions"}],"predecessor-version":[{"id":629,"href":"https:\/\/bcu.opole.pl\/bcu2\/wp-json\/wp\/v2\/pages\/425\/revisions\/629"}],"wp:attachment":[{"href":"https:\/\/bcu.opole.pl\/bcu2\/wp-json\/wp\/v2\/media?parent=425"}],"curies":[{"name":"wp","href":"https:\/\/api.w.org\/{rel}","templated":true}]}}

FORMY WSPARCIA UCZNIA/OSOBY DOROSŁEJ W WYBORZE ŚCIEŻKI EDUKACYJNEJ

<p>[et_pb_section fb_built=&#8221;1&#8243; theme_builder_area=&#8221;post_content&#8221; _builder_version=&#8221;4.27.4&#8243; _module_preset=&#8221;default&#8221;][et_pb_row _builder_version=&#8221;4.27.4&#8243; _module_preset=&#8221;default&#8221; theme_builder_area=&#8221;post_content&#8221;][et_pb_column _builder_version=&#8221;4.27.4&#8243; _module_preset=&#8221;default&#8221; type=&#8221;4_4&#8243; theme_builder_area=&#8221;post_content&#8221;][et_pb_heading title=&#8221;FORMY WSPARCIA UCZNIA/OSOBY DOROSŁEJ W WYBORZE ŚCIEŻKI EDUKACYJNEJ/ZAWODOWEJ&#8221; _builder_version=&#8221;4.27.4&#8243; _module_preset=&#8221;default&#8221; theme_builder_area=&#8221;post_content&#8221; hover_enabled=&#8221;0&#8243; sticky_enabled=&#8221;0&#8243;][/et_pb_heading][/et_pb_column][/et_pb_row][et_pb_row _builder_version=&#8221;4.27.4&#8243; _module_preset=&#8221;default&#8221; column_structure=&#8221;2_5,3_5&#8243; theme_builder_area=&#8221;post_content&#8221;][et_pb_column _builder_version=&#8221;4.27.4&#8243; _module_preset=&#8221;default&#8221; type=&#8221;2_5&#8243; theme_builder_area=&#8221;post_content&#8221;][et_pb_image src=&#8221;https://bcu.opole.pl/bcu2/wp-content/uploads/sites/4/2025/07/doradca-zawodowy-1-1.jpg&#8221; _builder_version=&#8221;4.27.4&#8243; _module_preset=&#8221;default&#8221; theme_builder_area=&#8221;post_content&#8221; title_text=&#8221;doradca zawodowy 1&#8243; hover_enabled=&#8221;0&#8243; sticky_enabled=&#8221;0&#8243; custom_margin=&#8221;100px||100px||false|false&#8221;][/et_pb_image][et_pb_image src=&#8221;https://bcu.opole.pl/bcu2/wp-content/uploads/sites/4/2025/07/doradca-zawodowy-2-1.jpg&#8221; _builder_version=&#8221;4.27.4&#8243; _module_preset=&#8221;default&#8221; theme_builder_area=&#8221;post_content&#8221; title_text=&#8221;doradca zawodowy 2&#8243; hover_enabled=&#8221;0&#8243; sticky_enabled=&#8221;0&#8243; custom_margin=&#8221;100px||100px||false|false&#8221;][/et_pb_image][/et_pb_column][et_pb_column _builder_version=&#8221;4.27.4&#8243; _module_preset=&#8221;default&#8221; type=&#8221;3_5&#8243; theme_builder_area=&#8221;post_content&#8221;][et_pb_text _builder_version=&#8221;4.27.4&#8243; _module_preset=&#8221;default&#8221; theme_builder_area=&#8221;post_content&#8221; hover_enabled=&#8221;0&#8243; sticky_enabled=&#8221;0&#8243;]</p>
<p style="text-align: center"><em><strong>Wspieramy w świadomym planowaniu kariery zawodowej</strong></em></p>
<p style="text-align: justify">W Branżowym Centrum Umiejętności oferujemy kompleksowe wsparcie w zakresie doradztwa zawodowego dla uczniów, osób dorosłych oraz wszystkich zainteresowanych rozwojem kompetencji i wyborem ścieżki edukacyjno-zawodowej.</p>
<p style="text-align: justify"><strong>Oferowane formy wsparcia:</strong></p>
<p style="text-align: justify"><strong>✅</strong><strong> Indywidualne doradztwo kariery</strong></p>
<ul style="text-align: justify">
<li>Konsultacje z doradcą zawodowym</li>
<li>Pomoc w określeniu predyspozycji i mocnych stron</li>
<li>Tworzenie indywidualnych planów rozwoju edukacyjno-zawodowego</li>
</ul>
<p style="text-align: justify"><strong>✅</strong><strong> Testy i diagnozy zawodowe</strong></p>
<ul style="text-align: justify">
<li>Testy zainteresowań, kompetencji i stylu uczenia się</li>
<li>Narzędzia do samooceny i rozpoznawania potencjału zawodowego</li>
</ul>
<p style="text-align: justify"><strong>✅</strong><strong> Warsztaty i szkolenia</strong></p>
<ul style="text-align: justify">
<li>Zajęcia z zakresu planowania kariery</li>
<li>Przygotowanie do wejścia na rynek pracy (CV, rozmowa kwalifikacyjna, autoprezentacja)</li>
<li>Tematyczne spotkania branżowe</li>
</ul>
<p style="text-align: justify"><strong>✅</strong><strong> Spotkania z ekspertami i praktykami</strong></p>
<ul style="text-align: justify">
<li>Prelekcje przedstawicieli zawodów i pracodawców</li>
<li>Panele dyskusyjne, konsultacje z mentorami branżowymi</li>
<li>Wizyty studyjne w firmach i instytucjach partnerskich</li>
</ul>
<p style="text-align: justify"><strong>✅</strong><strong> Informacja edukacyjno-zawodowa</strong></p>
<ul style="text-align: justify">
<li>Pomoc w wyborze szkoły, kursów kwalifikacyjnych lub uczelni</li>
<li>Aktualne informacje o ścieżkach kształcenia w danej branży</li>
<li>Doradztwo dotyczące potrzeb rynku pracy i zawodów przyszłości</li>
</ul>
<p style="text-align: justify"><strong> Narzędzia online i materiały</strong></p>
<ul>
<li style="text-align: justify">Bazy danych zawodów i kierunków kształcenia</li>
<li style="text-align: justify">Interaktywne ścieżki kariery</li>
<li style="text-align: justify">Dostęp do platform edukacyjnych i portali doradczych (np. Mapy Karier, InfoZawodowe)</li>
</ul>
<p>[/et_pb_text][/et_pb_column][/et_pb_row][/et_pb_section]</p>

<p>Wspieramy w świadomym planowaniu kariery zawodowej W Branżowym Centrum Umiejętności oferujemy kompleksowe wsparcie w zakresie doradztwa zawodowego dla uczniów, osób dorosłych oraz wszystkich zainteresowanych rozwojem kompetencji i wyborem ścieżki edukacyjno-zawodowej. Oferowane formy wsparcia: ✅ Indywidualne doradztwo kariery Konsultacje z doradcą zawodowym Pomoc w określeniu predyspozycji i mocnych stron Tworzenie indywidualnych planów rozwoju edukacyjno-zawodowego ✅ Testy [&hellip;]</p>
