{"id":37,"date":"2025-04-11T10:55:23","date_gmt":"2025-04-11T08:55:23","guid":{"rendered":"https:\/\/bcu.opole.pl\/bcu2\/?page_id=37"},"modified":"2025-06-04T06:44:15","modified_gmt":"2025-06-04T04:44:15","slug":"partnerzy","status":"publish","type":"page","link":"https:\/\/bcu.opole.pl\/bcu2\/partnerzy\/","title":{"rendered":"PARTNERZY"},"content":{"rendered":"<p>[et_pb_section fb_built=&#8221;1&#8243; _builder_version=&#8221;4.27.4&#8243; _module_preset=&#8221;default&#8221; global_colors_info=&#8221;{}&#8221;][et_pb_row _builder_version=&#8221;4.27.4&#8243; _module_preset=&#8221;default&#8221; min_height=&#8221;100px&#8221; height=&#8221;105px&#8221; global_colors_info=&#8221;{}&#8221;][et_pb_column type=&#8221;4_4&#8243; _builder_version=&#8221;4.27.4&#8243; _module_preset=&#8221;default&#8221; global_colors_info=&#8221;{}&#8221;][et_pb_text _builder_version=&#8221;4.27.4&#8243; _module_preset=&#8221;default&#8221; text_font_size=&#8221;22px&#8221; header_font_size=&#8221;19px&#8221; min_height=&#8221;97.4px&#8221; custom_padding=&#8221;||34px|||&#8221; global_colors_info=&#8221;{}&#8221;]<\/p>\n<p><strong><span style=\"font-size: xx-large\">Polska Izba Druku<\/span><br \/><\/strong>g\u0142\u00f3wny partner bran\u017cowy<strong><br \/><\/strong><\/p>\n<p>[\/et_pb_text][\/et_pb_column][\/et_pb_row][et_pb_row _builder_version=&#8221;4.27.4&#8243; _module_preset=&#8221;default&#8221; custom_margin=&#8221;|409px||auto||&#8221; custom_padding=&#8221;26px|||||&#8221; global_colors_info=&#8221;{}&#8221;][et_pb_column type=&#8221;4_4&#8243; _builder_version=&#8221;4.27.4&#8243; _module_preset=&#8221;default&#8221; global_colors_info=&#8221;{}&#8221;][et_pb_text _builder_version=&#8221;4.27.4&#8243; _module_preset=&#8221;default&#8221; text_font_size=&#8221;16px&#8221; min_height=&#8221;693.5px&#8221; custom_margin=&#8221;-60px||||false|false&#8221; global_colors_info=&#8221;{}&#8221;]<\/p>\n<p>&nbsp;<\/p>\n<p><strong>Polska Izba Druku (PID)<\/strong> to og\u00f3lnopolska organizacja samorz\u0105du gospodarczego, dzia\u0142aj\u0105ca od 1992 roku, zrzeszaj\u0105ca przedsi\u0119biorstwa<br \/>i instytucje zwi\u0105zane z bran\u017c\u0105 poligraficzn\u0105 i opakowaniow\u0105. Izba pe\u0142ni rol\u0119 reprezentacyjn\u0105, doradcz\u0105 oraz integruj\u0105c\u0105 \u015brodowisko poligraf\u00f3w<br \/>w Polsce i za granic\u0105.<\/p>\n<p>Jednym z kluczowych obszar\u00f3w dzia\u0142alno\u015bci PID jest aktywne wspieranie rozwoju dualnego systemu kszta\u0142cenia zawodowego, \u0142\u0105cz\u0105cego edukacj\u0119 formaln\u0105 z praktyczn\u0105 nauk\u0105 zawodu w realnych warunkach przemys\u0142owych. Izba anga\u017cuje si\u0119 w tworzenie trwa\u0142ych partnerstw pomi\u0119dzy szko\u0142ami bran\u017cowymi, uczelniami wy\u017cszymi a przedsi\u0119biorstwami, d\u0105\u017c\u0105c do zapewnienia wysokiej jako\u015bci kszta\u0142cenia zawodowego dostosowanego do rzeczywistych potrzeb rynku pracy.<\/p>\n<p>W ostatnich latach Polska Izba Druku zorganizowa\u0142a i wsp\u00f3\u0142organizowa\u0142a szereg wydarze\u0144 bran\u017cowych i edukacyjnych, m.in.:<\/p>\n<ul>\n<li>Konferencj\u0119 \u201eKompetencje zawodowe \u2013 bezpieczna przysz\u0142o\u015b\u0107\u201d (stycze\u0144 2025), we wsp\u00f3\u0142pracy z Politechnik\u0105 Warszawsk\u0105, z udzia\u0142em przedstawicieli Ministerstwa Edukacji Narodowej, uczelni, szk\u00f3\u0142 zawodowych oraz firm bran\u017cy poligraficznej.<\/li>\n<li>Mi\u0119dzynarodow\u0105 Konferencj\u0119 &#8222;\u015arodowisko Przemys\u0142u Poligraficzno-Convertingowego Dzisiaj i w Przysz\u0142o\u015bci&#8221;.<\/li>\n<li>Wyjazdy bran\u017cowe na targi drupa 2024 w D\u00fcsseldorfie i FESPA 2025 w Berlinie oraz misje gospodarcze do Stambu\u0142u i Szanghaju, umo\u017cliwiaj\u0105ce uczestnikom zapoznanie si\u0119 z najnowszymi technologiami i nawi\u0105zanie kontakt\u00f3w z przedstawicielami bran\u017cy.<\/li>\n<li>Spotkanie interesariuszy &#8222;Rozw\u00f3j i promocja systemu kszta\u0142cenia zawodowego&#8221; (maj 2023), zorganizowane wsp\u00f3lnie z Politechnik\u0105 Warszawsk\u0105 pod patronatem Ministerstwa Edukacji i Nauki, z udzia\u0142em przedstawicieli uczelni, szk\u00f3\u0142, organizacji samorz\u0105dowych oraz biznesu poligraficznego.<\/li>\n<\/ul>\n<p>Od lat PID wsp\u00f3lnie z Politechnik\u0105 Warszawsk\u0105 organizuje Konkurs Poligraficzny dla m\u0142odzie\u017cy.\u00a0Flagowym wydarzeniem organizowanym co roku przez PID jest Konkurs i Gala Z\u0142otego Gryfa. Jest to najbardziej presti\u017cowa impreza w kalendarzu bran\u017cy poligraficznej, pokazuj\u0105ca najwi\u0119ksze osi\u0105gniecia i skupiaj\u0105ca najwa\u017cniejsze postacie \u015brodowiska.<\/p>\n<p>Dzi\u0119ki takim inicjatywom, Polska Izba Druku odgrywa kluczow\u0105 rol\u0119 w kszta\u0142towaniu przysz\u0142o\u015bci bran\u017cy poligraficznej w Polsce, promuj\u0105c innowacje, rozw\u00f3j kompetencji zawodowych oraz wsp\u00f3\u0142prac\u0119 mi\u0119dzy edukacj\u0105 a przemys\u0142em.<\/p>\n<p>[\/et_pb_text][\/et_pb_column][\/et_pb_row][\/et_pb_section][et_pb_section fb_built=&#8221;1&#8243; _builder_version=&#8221;4.27.4&#8243; _module_preset=&#8221;default&#8221; global_colors_info=&#8221;{}&#8221;][\/et_pb_section]<\/p>\n","protected":false},"excerpt":{"rendered":"<p>Polska Izba Drukug\u0142\u00f3wny partner bran\u017cowy&nbsp; Polska Izba Druku (PID) to og\u00f3lnopolska organizacja samorz\u0105du gospodarczego, dzia\u0142aj\u0105ca od 1992 roku, zrzeszaj\u0105ca przedsi\u0119biorstwai instytucje zwi\u0105zane z bran\u017c\u0105 poligraficzn\u0105 i opakowaniow\u0105. Izba pe\u0142ni rol\u0119 reprezentacyjn\u0105, doradcz\u0105 oraz integruj\u0105c\u0105 \u015brodowisko poligraf\u00f3ww Polsce i za granic\u0105. Jednym z kluczowych obszar\u00f3w dzia\u0142alno\u015bci PID jest aktywne wspieranie rozwoju dualnego systemu kszta\u0142cenia zawodowego, \u0142\u0105cz\u0105cego [&hellip;]<\/p>\n","protected":false},"author":3,"featured_media":0,"parent":0,"menu_order":0,"comment_status":"closed","ping_status":"closed","template":"","meta":{"_et_pb_use_builder":"on","_et_pb_old_content":"<!-- wp:divi\/placeholder \/-->","_et_gb_content_width":"","footnotes":""},"class_list":["post-37","page","type-page","status-publish","hentry"],"aioseo_notices":[],"_links":{"self":[{"href":"https:\/\/bcu.opole.pl\/bcu2\/wp-json\/wp\/v2\/pages\/37","targetHints":{"allow":["GET"]}}],"collection":[{"href":"https:\/\/bcu.opole.pl\/bcu2\/wp-json\/wp\/v2\/pages"}],"about":[{"href":"https:\/\/bcu.opole.pl\/bcu2\/wp-json\/wp\/v2\/types\/page"}],"author":[{"embeddable":true,"href":"https:\/\/bcu.opole.pl\/bcu2\/wp-json\/wp\/v2\/users\/3"}],"replies":[{"embeddable":true,"href":"https:\/\/bcu.opole.pl\/bcu2\/wp-json\/wp\/v2\/comments?post=37"}],"version-history":[{"count":4,"href":"https:\/\/bcu.opole.pl\/bcu2\/wp-json\/wp\/v2\/pages\/37\/revisions"}],"predecessor-version":[{"id":322,"href":"https:\/\/bcu.opole.pl\/bcu2\/wp-json\/wp\/v2\/pages\/37\/revisions\/322"}],"wp:attachment":[{"href":"https:\/\/bcu.opole.pl\/bcu2\/wp-json\/wp\/v2\/media?parent=37"}],"curies":[{"name":"wp","href":"https:\/\/api.w.org\/{rel}","templated":true}]}}

<p>[et_pb_section fb_built=&#8221;1&#8243; _builder_version=&#8221;4.27.4&#8243; _module_preset=&#8221;default&#8221; global_colors_info=&#8221;{}&#8221;][et_pb_row _builder_version=&#8221;4.27.4&#8243; _module_preset=&#8221;default&#8221; min_height=&#8221;100px&#8221; height=&#8221;105px&#8221; global_colors_info=&#8221;{}&#8221;][et_pb_column type=&#8221;4_4&#8243; _builder_version=&#8221;4.27.4&#8243; _module_preset=&#8221;default&#8221; global_colors_info=&#8221;{}&#8221;][et_pb_text _builder_version=&#8221;4.27.4&#8243; _module_preset=&#8221;default&#8221; text_font_size=&#8221;22px&#8221; header_font_size=&#8221;19px&#8221; min_height=&#8221;97.4px&#8221; custom_padding=&#8221;||34px|||&#8221; global_colors_info=&#8221;{}&#8221;]</p>
<p><strong><span style="font-size: xx-large">Polska Izba Druku</span><br /></strong>główny partner branżowy<strong><br /></strong></p>
<p>[/et_pb_text][/et_pb_column][/et_pb_row][et_pb_row _builder_version=&#8221;4.27.4&#8243; _module_preset=&#8221;default&#8221; custom_margin=&#8221;|409px||auto||&#8221; custom_padding=&#8221;26px|||||&#8221; global_colors_info=&#8221;{}&#8221;][et_pb_column type=&#8221;4_4&#8243; _builder_version=&#8221;4.27.4&#8243; _module_preset=&#8221;default&#8221; global_colors_info=&#8221;{}&#8221;][et_pb_text _builder_version=&#8221;4.27.4&#8243; _module_preset=&#8221;default&#8221; text_font_size=&#8221;16px&#8221; min_height=&#8221;693.5px&#8221; custom_margin=&#8221;-60px||||false|false&#8221; global_colors_info=&#8221;{}&#8221;]</p>
<p>&nbsp;</p>
<p><strong>Polska Izba Druku (PID)</strong> to ogólnopolska organizacja samorządu gospodarczego, działająca od 1992 roku, zrzeszająca przedsiębiorstwa<br />i instytucje związane z branżą poligraficzną i opakowaniową. Izba pełni rolę reprezentacyjną, doradczą oraz integrującą środowisko poligrafów<br />w Polsce i za granicą.</p>
<p>Jednym z kluczowych obszarów działalności PID jest aktywne wspieranie rozwoju dualnego systemu kształcenia zawodowego, łączącego edukację formalną z praktyczną nauką zawodu w realnych warunkach przemysłowych. Izba angażuje się w tworzenie trwałych partnerstw pomiędzy szkołami branżowymi, uczelniami wyższymi a przedsiębiorstwami, dążąc do zapewnienia wysokiej jakości kształcenia zawodowego dostosowanego do rzeczywistych potrzeb rynku pracy.</p>
<p>W ostatnich latach Polska Izba Druku zorganizowała i współorganizowała szereg wydarzeń branżowych i edukacyjnych, m.in.:</p>
<ul>
<li>Konferencję „Kompetencje zawodowe – bezpieczna przyszłość” (styczeń 2025), we współpracy z Politechniką Warszawską, z udziałem przedstawicieli Ministerstwa Edukacji Narodowej, uczelni, szkół zawodowych oraz firm branży poligraficznej.</li>
<li>Międzynarodową Konferencję &#8222;Środowisko Przemysłu Poligraficzno-Convertingowego Dzisiaj i w Przyszłości&#8221;.</li>
<li>Wyjazdy branżowe na targi drupa 2024 w Düsseldorfie i FESPA 2025 w Berlinie oraz misje gospodarcze do Stambułu i Szanghaju, umożliwiające uczestnikom zapoznanie się z najnowszymi technologiami i nawiązanie kontaktów z przedstawicielami branży.</li>
<li>Spotkanie interesariuszy &#8222;Rozwój i promocja systemu kształcenia zawodowego&#8221; (maj 2023), zorganizowane wspólnie z Politechniką Warszawską pod patronatem Ministerstwa Edukacji i Nauki, z udziałem przedstawicieli uczelni, szkół, organizacji samorządowych oraz biznesu poligraficznego.</li>
</ul>
<p>Od lat PID wspólnie z Politechniką Warszawską organizuje Konkurs Poligraficzny dla młodzieży. Flagowym wydarzeniem organizowanym co roku przez PID jest Konkurs i Gala Złotego Gryfa. Jest to najbardziej prestiżowa impreza w kalendarzu branży poligraficznej, pokazująca największe osiągniecia i skupiająca najważniejsze postacie środowiska.</p>
<p>Dzięki takim inicjatywom, Polska Izba Druku odgrywa kluczową rolę w kształtowaniu przyszłości branży poligraficznej w Polsce, promując innowacje, rozwój kompetencji zawodowych oraz współpracę między edukacją a przemysłem.</p>
<p>[/et_pb_text][/et_pb_column][/et_pb_row][/et_pb_section][et_pb_section fb_built=&#8221;1&#8243; _builder_version=&#8221;4.27.4&#8243; _module_preset=&#8221;default&#8221; global_colors_info=&#8221;{}&#8221;][/et_pb_section]</p>

<p>Polska Izba Drukugłówny partner branżowy&nbsp; Polska Izba Druku (PID) to ogólnopolska organizacja samorządu gospodarczego, działająca od 1992 roku, zrzeszająca przedsiębiorstwai instytucje związane z branżą poligraficzną i opakowaniową. Izba pełni rolę reprezentacyjną, doradczą oraz integrującą środowisko poligrafóww Polsce i za granicą. Jednym z kluczowych obszarów działalności PID jest aktywne wspieranie rozwoju dualnego systemu kształcenia zawodowego, łączącego [&hellip;]</p>
