{"id":364,"date":"2025-06-05T14:30:29","date_gmt":"2025-06-05T12:30:29","guid":{"rendered":"https:\/\/bcu.opole.pl\/bcu2\/?page_id=364"},"modified":"2025-07-07T18:10:23","modified_gmt":"2025-07-07T16:10:23","slug":"czy-pasujesz-do-pracy-w-branzy-poligraficznej","status":"publish","type":"page","link":"https:\/\/bcu.opole.pl\/bcu2\/czy-pasujesz-do-pracy-w-branzy-poligraficznej\/","title":{"rendered":"CZY PASUJESZ DO PRACY W BRAN\u017bY POLIGRAFICZNEJ?"},"content":{"rendered":"<p>[et_pb_section fb_built=&#8221;1&#8243; _builder_version=&#8221;4.27.4&#8243; _module_preset=&#8221;default&#8221; global_colors_info=&#8221;{}&#8221;][et_pb_row _builder_version=&#8221;4.27.4&#8243; _module_preset=&#8221;default&#8221;][et_pb_column _builder_version=&#8221;4.27.4&#8243; _module_preset=&#8221;default&#8221; type=&#8221;4_4&#8243;][et_pb_text _builder_version=&#8221;4.27.4&#8243; _module_preset=&#8221;default&#8221; hover_enabled=&#8221;0&#8243; sticky_enabled=&#8221;0&#8243;]<\/p>\n<p style=\"text-align: center\">Aby sprawdzi\u0107, <strong>czy kto\u015b pasuje do bran\u017cy poligraficznej<\/strong>, warto przeanalizowa\u0107 kilka obszar\u00f3w:<\/p>\n<p style=\"text-align: center\"><strong>\u2705<\/strong><strong> 1. Zainteresowania<\/strong><\/p>\n<p style=\"text-align: center\"><span style=\"font-size: 14px\">Czy lubisz projektowa\u0107, rysowa\u0107, tworzy\u0107 co\u015b wizualnego?<\/span><\/p>\n<p style=\"text-align: center\"><span style=\"font-size: 14px\">Czy interesuj\u0105 Ci\u0119 ksi\u0105\u017cki, opakowania, plakaty, ulotki?<\/span><\/p>\n<p style=\"text-align: center\"><span style=\"font-size: 14px\">Czy ciekawi Ci\u0119, jak powstaje druk, jakie s\u0105 rodzaje papieru, techniki druku?<\/span><\/p>\n<p style=\"text-align: center\">\ud83d\udccc <em>Je\u015bli TAK \u2013 to ju\u017c pierwszy sygna\u0142, \u017ce mo\u017cesz si\u0119 w tym odnale\u017a\u0107.<\/em><\/p>\n<p style=\"text-align: center\"><strong>\u2705<\/strong><strong> 2. Umiej\u0119tno\u015bci i predyspozycje<\/strong><\/p>\n<p style=\"text-align: center\">Zadaj sobie pytania:<\/p>\n<p style=\"text-align: center\"><span style=\"font-size: 14px\">Czy jeste\u015b osob\u0105 dok\u0142adn\u0105 i cierpliw\u0105?<\/span><\/p>\n<p style=\"text-align: center\"><span style=\"font-size: 14px\">Czy masz zmys\u0142 estetyczny \u2013 np. umiesz dobra\u0107 kolory, uk\u0142ad, czcionki?<\/span><\/p>\n<p style=\"text-align: center\"><span style=\"font-size: 14px\">Czy dobrze radzisz sobie z prac\u0105 przy komputerze i programami graficznymi (np. Photoshop, Corel, Illustrator)?<\/span><\/p>\n<p style=\"text-align: center\"><span style=\"font-size: 14px\">Czy potrafisz pracowa\u0107 zespo\u0142owo i komunikowa\u0107 si\u0119 z innymi?<\/span><\/p>\n<p style=\"text-align: center\">\ud83d\udccc <em>Poligrafia to po\u0142\u0105czenie techniki, kreatywno\u015bci i precyzji.<\/em><\/p>\n<p style=\"text-align: center\"><strong>\u2705<\/strong><strong> 3. \u015arodowisko pracy<\/strong><\/p>\n<p style=\"text-align: center\"><span style=\"font-size: 14px\">Czy odpowiada Ci praca przy komputerze, ale te\u017c np. w hali produkcyjnej (przy maszynach)?<\/span><\/p>\n<p style=\"text-align: center\"><span style=\"font-size: 14px\">Czy potrafisz przestrzega\u0107 zasad bezpiecze\u0144stwa i by\u0107 odpowiedzialny?<\/span><\/p>\n<p style=\"text-align: center\"><span style=\"font-size: 14px\">Czy dobrze znosisz powtarzalne zadania (np. kontrola jako\u015bci, sk\u0142ad DTP)?<\/span><\/p>\n<p style=\"text-align: center\">\ud83d\udccc <em>W poligrafii s\u0105 r\u00f3\u017cne \u015bcie\u017cki: od projektowania graficznego, przez przygotowanie do druku, a\u017c po produkcj\u0119.<\/em><\/p>\n<p style=\"text-align: center\"><strong>\u2705<\/strong><strong> 4. Test osobowo\u015bci zawodowej (opcjonalnie)<\/strong><\/p>\n<p style=\"text-align: center\">Mo\u017cna te\u017c wykorzysta\u0107 prosty test typu:<\/p>\n<p style=\"text-align: center\"><span style=\"font-size: 14px\">Wol\u0119 pracowa\u0107: z lud\u017ami \/ z maszynami \/ przy komputerze \/ kreatywnie?<\/span><\/p>\n<p style=\"text-align: center\"><span style=\"font-size: 14px\">Jestem bardziej: dok\u0142adny \/ pomys\u0142owy \/ techniczny?<\/span><\/p>\n<p style=\"text-align: center\">\ud83d\udccc <em>Warto poprosi\u0107 nauczyciela o kr\u00f3tki test predyspozycji zawodowych.<\/em><\/p>\n<p style=\"text-align: center\"><strong>\u2705<\/strong><strong> 5. Praktyki i do\u015bwiadczenia<\/strong><\/p>\n<p style=\"text-align: center\"><span style=\"font-size: 14px\">Czy by\u0142e\u015b\/a\u015b ju\u017c na praktykach w drukarni, agencji reklamowej, studiu DTP?<\/span><\/p>\n<p style=\"text-align: center\"><span style=\"font-size: 14px\">Jakie masz odczucia po tych do\u015bwiadczeniach?<\/span><\/p>\n<p style=\"text-align: center\"><span style=\"font-size: 14px\">Czy widzisz si\u0119 w takiej pracy na co dzie\u0144?<\/span><\/p>\n<p style=\"text-align: center\">\ud83d\udccc <em>Bez praktyki trudno oceni\u0107 \u2013 warto pr\u00f3bowa\u0107!<\/em><\/p>\n<p>[\/et_pb_text][\/et_pb_column][\/et_pb_row][\/et_pb_section][et_pb_section fb_built=&#8221;1&#8243; theme_builder_area=&#8221;post_content&#8221; _builder_version=&#8221;4.27.4&#8243; _module_preset=&#8221;default&#8221;][et_pb_row _builder_version=&#8221;4.27.4&#8243; _module_preset=&#8221;default&#8221; theme_builder_area=&#8221;post_content&#8221;][et_pb_column _builder_version=&#8221;4.27.4&#8243; _module_preset=&#8221;default&#8221; theme_builder_area=&#8221;post_content&#8221; type=&#8221;4_4&#8243;][et_pb_image src=&#8221;https:\/\/bcu.opole.pl\/bcu2\/wp-content\/uploads\/sites\/4\/2025\/07\/2-1-scaled.jpg&#8221; _builder_version=&#8221;4.27.4&#8243; _module_preset=&#8221;default&#8221; theme_builder_area=&#8221;post_content&#8221; hover_enabled=&#8221;0&#8243; sticky_enabled=&#8221;0&#8243;][\/et_pb_image][\/et_pb_column][\/et_pb_row][\/et_pb_section]<\/p>\n","protected":false},"excerpt":{"rendered":"<p>Aby sprawdzi\u0107, czy kto\u015b pasuje do bran\u017cy poligraficznej, warto przeanalizowa\u0107 kilka obszar\u00f3w: \u2705 1. Zainteresowania Czy lubisz projektowa\u0107, rysowa\u0107, tworzy\u0107 co\u015b wizualnego? Czy interesuj\u0105 Ci\u0119 ksi\u0105\u017cki, opakowania, plakaty, ulotki? Czy ciekawi Ci\u0119, jak powstaje druk, jakie s\u0105 rodzaje papieru, techniki druku? \ud83d\udccc Je\u015bli TAK \u2013 to ju\u017c pierwszy sygna\u0142, \u017ce mo\u017cesz si\u0119 w tym odnale\u017a\u0107. [&hellip;]<\/p>\n","protected":false},"author":4,"featured_media":0,"parent":0,"menu_order":0,"comment_status":"closed","ping_status":"closed","template":"","meta":{"_et_pb_use_builder":"on","_et_pb_old_content":"<!-- wp:divi\/placeholder \/-->","_et_gb_content_width":"","footnotes":""},"class_list":["post-364","page","type-page","status-publish","hentry"],"aioseo_notices":[],"_links":{"self":[{"href":"https:\/\/bcu.opole.pl\/bcu2\/wp-json\/wp\/v2\/pages\/364","targetHints":{"allow":["GET"]}}],"collection":[{"href":"https:\/\/bcu.opole.pl\/bcu2\/wp-json\/wp\/v2\/pages"}],"about":[{"href":"https:\/\/bcu.opole.pl\/bcu2\/wp-json\/wp\/v2\/types\/page"}],"author":[{"embeddable":true,"href":"https:\/\/bcu.opole.pl\/bcu2\/wp-json\/wp\/v2\/users\/4"}],"replies":[{"embeddable":true,"href":"https:\/\/bcu.opole.pl\/bcu2\/wp-json\/wp\/v2\/comments?post=364"}],"version-history":[{"count":5,"href":"https:\/\/bcu.opole.pl\/bcu2\/wp-json\/wp\/v2\/pages\/364\/revisions"}],"predecessor-version":[{"id":583,"href":"https:\/\/bcu.opole.pl\/bcu2\/wp-json\/wp\/v2\/pages\/364\/revisions\/583"}],"wp:attachment":[{"href":"https:\/\/bcu.opole.pl\/bcu2\/wp-json\/wp\/v2\/media?parent=364"}],"curies":[{"name":"wp","href":"https:\/\/api.w.org\/{rel}","templated":true}]}}