{"id":357,"date":"2025-06-05T14:21:08","date_gmt":"2025-06-05T12:21:08","guid":{"rendered":"https:\/\/bcu.opole.pl\/bcu2\/?page_id=357"},"modified":"2025-06-26T10:29:10","modified_gmt":"2025-06-26T08:29:10","slug":"branza-poligraficzna-przyszlosc-i-mozliwosci","status":"publish","type":"page","link":"https:\/\/bcu.opole.pl\/bcu2\/branza-poligraficzna-przyszlosc-i-mozliwosci\/","title":{"rendered":"BRAN\u017bA POLIGRAFICZNA PRZYSZ\u0141O\u015a\u0106 I MO\u017bLIWO\u015aCI"},"content":{"rendered":"<p>[et_pb_section fb_built=&#8221;1&#8243; admin_label=&#8221;section&#8221; _builder_version=&#8221;4.16&#8243; global_colors_info=&#8221;{}&#8221; custom_padding=&#8221;||64px|||&#8221;][et_pb_row _builder_version=&#8221;4.27.4&#8243; _module_preset=&#8221;default&#8221;][et_pb_column _builder_version=&#8221;4.27.4&#8243; _module_preset=&#8221;default&#8221; type=&#8221;4_4&#8243;][et_pb_text _builder_version=&#8221;4.27.4&#8243; _module_preset=&#8221;default&#8221; hover_enabled=&#8221;0&#8243; sticky_enabled=&#8221;0&#8243; custom_padding=&#8221;|||0px||&#8221;]<\/p>\n<p style=\"text-align: center\">Bran\u017ca poligraficzna \u00a0cho\u0107 mo\u017ce si\u0119 wydawa\u0107 tradycyjna nadal odgrywa istotn\u0105 rol\u0119 w gospodarce, a jej przysz\u0142o\u015b\u0107 zale\u017cy od zdolno\u015bci adaptacyjnych wobec dynamicznych zmian technologicznych i konsumenckich. Oto kr\u00f3tka analiza <strong>przysz\u0142o\u015bci i mo\u017cliwo\u015bci<\/strong> tej bran\u017cy:<\/p>\n<p style=\"text-align: center\"><strong>Przysz\u0142o\u015b\u0107 bran\u017cy poligraficznej<\/strong><\/p>\n<ol>\n<li><strong> Transformacja cyfrowa<\/strong><\/li>\n<\/ol>\n<ul>\n<li><strong>Druk cyfrowy<\/strong> zyskuje na znaczeniu kosztem offsetowego, szczeg\u00f3lnie przy ma\u0142ych nak\u0142adach i personalizacji.<\/li>\n<li>Wzrost roli <strong>drukarek przemys\u0142owych<\/strong> zintegrowanych z systemami informatycznymi (np. automatyzacja zam\u00f3wie\u0144, zarz\u0105dzanie produkcj\u0105 online).<\/li>\n<\/ul>\n<ol start=\"2\">\n<li><strong> Personalizacja i kr\u00f3tkie serie<\/strong><\/li>\n<\/ol>\n<ul>\n<li>Konsumenci i firmy oczekuj\u0105 <strong>spersonalizowanych materia\u0142\u00f3w<\/strong> (np. opakowania, katalogi, reklamy), co zwi\u0119ksza popyt na szybki i elastyczny druk.<\/li>\n<li>Rozw\u00f3j narz\u0119dzi typu <strong>Web-to-Print<\/strong> pozwala klientom na samodzielne projektowanie i zamawianie produkt\u00f3w.<\/li>\n<\/ul>\n<ol start=\"3\">\n<li><strong> Zr\u00f3wnowa\u017cony rozw\u00f3j<\/strong><\/li>\n<\/ol>\n<ul>\n<li>Rosn\u0105ce znaczenie ekologii wymusza stosowanie:<\/li>\n<li>biodegradowalnych i zr\u00f3wnowa\u017conych materia\u0142\u00f3w,<\/li>\n<li>farb ekologicznych (np. na bazie soi),<\/li>\n<li>energooszcz\u0119dnych technologii drukarskich.<\/li>\n<li>Certyfikaty \u015brodowiskowe (FSC, PEFC) staj\u0105 si\u0119 standardem.<\/li>\n<\/ul>\n<ol start=\"4\">\n<li><strong> Druk 3D<\/strong><\/li>\n<\/ol>\n<ul>\n<li>Cho\u0107 to inna ga\u0142\u0105\u017a, <strong>technologie 3D<\/strong> cz\u0119\u015bciowo rozwijaj\u0105 si\u0119 na bazie do\u015bwiadcze\u0144 poligrafii.<\/li>\n<li>Mo\u017cliwo\u015bci w prototypowaniu, produkcji komponent\u00f3w i personalizacji<\/li>\n<\/ul>\n<ol start=\"5\">\n<li><strong> Integracja z marketingiem cyfrowym<\/strong><\/li>\n<\/ol>\n<ul>\n<li>Poligrafia nie konkuruje z mediami cyfrowymi, ale <strong>wsp\u00f3\u0142istnieje<\/strong> \u2014 np. <strong>druk interaktywny<\/strong> (QR kody, NFC), kt\u00f3re \u0142\u0105cz\u0105 \u015bwiat fizyczny z online.<\/li>\n<li>Opakowania z <strong>AR (rozszerzon\u0105 rzeczywisto\u015bci\u0105)<\/strong> czy <strong>druk zmiennych danych<\/strong> (VDP) staj\u0105 si\u0119 no\u015bnikiem nowych do\u015bwiadcze\u0144.<\/li>\n<\/ul>\n<p style=\"text-align: center\"><strong>Mo\u017cliwo\u015bci rozwoju<\/strong><\/p>\n<p><strong>Dla firm:<\/strong><\/p>\n<ul>\n<li><strong>Specjalizacja<\/strong> \u2014 np. w druku opakowa\u0144 premium, etykiet czy materia\u0142\u00f3w marketingowych.<\/li>\n<li><strong>Automatyzacja i robotyzacja<\/strong> proces\u00f3w produkcji.<\/li>\n<li>Wchodzenie w <strong>rynki niszowe<\/strong>, np. ekskluzywne wydruki artystyczne, ksi\u0105\u017cki kolekcjonerskie.<\/li>\n<\/ul>\n<p><strong>Dla pracownik\u00f3w:<\/strong><\/p>\n<ul>\n<li>Rozw\u00f3j w kierunku <strong>grafiki komputerowej<\/strong>, <strong>zarz\u0105dzania produkcj\u0105 cyfrow\u0105<\/strong>, <strong>logistyki druku<\/strong>.<\/li>\n<li>Nowe zawody: operatorzy druku cyfrowego, specjali\u015bci ds. ekologii w poligrafii, projektanci opakowa\u0144 AR.<\/li>\n<\/ul>\n<p><strong>Dla inwestor\u00f3w:<\/strong><\/p>\n<ul>\n<li>Potencja\u0142 w <strong>outsourcingu druku<\/strong>, <strong>rozszerzeniu us\u0142ug o e-commerce<\/strong>.<\/li>\n<li>Wzrost znaczenia <strong>lokalnych drukarni z szybkim czasem realizacji<\/strong>.<\/li>\n<\/ul>\n<p style=\"text-align: center\">Bran\u017ca poligraficzna nie jest skazana na spadek, ale wymaga <strong>elastyczno\u015bci<\/strong>, <strong>inwestycji w nowe technologie<\/strong> i <strong>\u015bwiadomo\u015bci ekologicznej<\/strong>. Jej przysz\u0142o\u015b\u0107 le\u017cy w integracji z cyfrowym \u015bwiatem, kr\u00f3tkich seriach, personalizacji i ekologii.<\/p>\n<p>[\/et_pb_text][\/et_pb_column][\/et_pb_row][\/et_pb_section]<\/p>\n","protected":false},"excerpt":{"rendered":"<p>Bran\u017ca poligraficzna \u00a0cho\u0107 mo\u017ce si\u0119 wydawa\u0107 tradycyjna nadal odgrywa istotn\u0105 rol\u0119 w gospodarce, a jej przysz\u0142o\u015b\u0107 zale\u017cy od zdolno\u015bci adaptacyjnych wobec dynamicznych zmian technologicznych i konsumenckich. Oto kr\u00f3tka analiza przysz\u0142o\u015bci i mo\u017cliwo\u015bci tej bran\u017cy: Przysz\u0142o\u015b\u0107 bran\u017cy poligraficznej Transformacja cyfrowa Druk cyfrowy zyskuje na znaczeniu kosztem offsetowego, szczeg\u00f3lnie przy ma\u0142ych nak\u0142adach i personalizacji. Wzrost roli drukarek [&hellip;]<\/p>\n","protected":false},"author":4,"featured_media":0,"parent":0,"menu_order":0,"comment_status":"closed","ping_status":"closed","template":"","meta":{"_et_pb_use_builder":"on","_et_pb_old_content":"<!-- wp:divi\/placeholder \/-->","_et_gb_content_width":"","footnotes":""},"class_list":["post-357","page","type-page","status-publish","hentry"],"aioseo_notices":[],"_links":{"self":[{"href":"https:\/\/bcu.opole.pl\/bcu2\/wp-json\/wp\/v2\/pages\/357","targetHints":{"allow":["GET"]}}],"collection":[{"href":"https:\/\/bcu.opole.pl\/bcu2\/wp-json\/wp\/v2\/pages"}],"about":[{"href":"https:\/\/bcu.opole.pl\/bcu2\/wp-json\/wp\/v2\/types\/page"}],"author":[{"embeddable":true,"href":"https:\/\/bcu.opole.pl\/bcu2\/wp-json\/wp\/v2\/users\/4"}],"replies":[{"embeddable":true,"href":"https:\/\/bcu.opole.pl\/bcu2\/wp-json\/wp\/v2\/comments?post=357"}],"version-history":[{"count":5,"href":"https:\/\/bcu.opole.pl\/bcu2\/wp-json\/wp\/v2\/pages\/357\/revisions"}],"predecessor-version":[{"id":561,"href":"https:\/\/bcu.opole.pl\/bcu2\/wp-json\/wp\/v2\/pages\/357\/revisions\/561"}],"wp:attachment":[{"href":"https:\/\/bcu.opole.pl\/bcu2\/wp-json\/wp\/v2\/media?parent=357"}],"curies":[{"name":"wp","href":"https:\/\/api.w.org\/{rel}","templated":true}]}}