{"id":912,"date":"2025-09-17T14:55:30","date_gmt":"2025-09-17T12:55:30","guid":{"rendered":"https:\/\/bcu.opole.pl\/bcu1\/?page_id=912"},"modified":"2025-11-04T12:14:13","modified_gmt":"2025-11-04T11:14:13","slug":"informacja-dla-osob-doroslych","status":"publish","type":"page","link":"https:\/\/bcu.opole.pl\/bcu1\/informacja-dla-osob-doroslych\/","title":{"rendered":"Informacja dla os\u00f3b doros\u0142ych"},"content":{"rendered":"<p>[et_pb_section fb_built=&#8221;1&#8243; theme_builder_area=&#8221;post_content&#8221; _builder_version=&#8221;4.27.4&#8243; _module_preset=&#8221;default&#8221;][et_pb_row _builder_version=&#8221;4.27.4&#8243; _module_preset=&#8221;default&#8221; theme_builder_area=&#8221;post_content&#8221;][et_pb_column _builder_version=&#8221;4.27.4&#8243; _module_preset=&#8221;default&#8221; type=&#8221;4_4&#8243; theme_builder_area=&#8221;post_content&#8221;][et_pb_text _builder_version=&#8221;4.27.4&#8243; _module_preset=&#8221;default&#8221; theme_builder_area=&#8221;post_content&#8221; hover_enabled=&#8221;0&#8243; sticky_enabled=&#8221;0&#8243;]<\/p>\n<p>Przemys\u0142 motoryzacyjny \u2013 dlaczego warto wzi\u0105\u0107 go pod uwag\u0119 przy poszukiwaniu pracy?<\/p>\n<p>Szerokie perspektywy zatrudnienia<br \/>Bran\u017ca motoryzacyjna nale\u017cy do najwi\u0119kszych sektor\u00f3w gospodarki. Obejmuje produkcj\u0119 pojazd\u00f3w, cz\u0119\u015bci i podzespo\u0142\u00f3w, serwis, logistyk\u0119 oraz innowacyjne technologie \u2013 od elektromobilno\u015bci po systemy autonomiczne. Dzi\u0119ki temu daje ogromny wyb\u00f3r \u015bcie\u017cek kariery.<\/p>\n<p>&nbsp;<\/p>\n<p>Stabilno\u015b\u0107 i rozw\u00f3j<br \/>Firmy motoryzacyjne cz\u0119sto oferuj\u0105 stabilne zatrudnienie, atrakcyjne wynagrodzenie oraz mo\u017cliwo\u015b\u0107 rozwoju zawodowego \u2013 zar\u00f3wno w Polsce, jak i za granic\u0105.<\/p>\n<p>Nowoczesne technologie<br \/>Praca w przemy\u015ble motoryzacyjnym to kontakt z najnowszymi rozwi\u0105zaniami \u2013 elektryfikacj\u0105, sztuczn\u0105 inteligencj\u0105, robotyzacj\u0105 czy projektowaniem inteligentnych system\u00f3w transportu. To szansa na rozw\u00f3j w dynamicznej i przysz\u0142o\u015bciowej bran\u017cy.<\/p>\n<p>Mo\u017cliwo\u015bci dla r\u00f3\u017cnych specjalist\u00f3w<br \/>Nie tylko in\u017cynierowie i mechanicy znajd\u0105 tu miejsce \u2013 potrzebni s\u0105 tak\u017ce specjali\u015bci od IT, logistyki, marketingu, finans\u00f3w czy zarz\u0105dzania.<\/p>\n<p>Bran\u017ca przysz\u0142o\u015bci<br \/>Motoryzacja odgrywa kluczow\u0105 rol\u0119 w rozwoju gospodarki i transformacji energetycznej. Wybieraj\u0105c t\u0119 \u015bcie\u017ck\u0119, inwestujesz w swoj\u0105 przysz\u0142o\u015b\u0107 i stabiln\u0105 karier\u0119.<\/p>\n<p>Zastanawiasz si\u0119 nad wyborem pracy?<br \/>Przemys\u0142 motoryzacyjny to sektor, kt\u00f3ry \u0142\u0105czy pasj\u0119, innowacj\u0119 i pewno\u015b\u0107 zatrudnienia. Skontaktuj si\u0119 z doradc\u0105 zawodowym BCU nr. 1 w Opolu lub odwied\u017a pozosta\u0142e zak\u0142adki.<\/p>\n<p><strong>Je\u015bli interesuj\u0105 Ci\u0119 samochody, nowoczesne technologie i chcesz mie\u0107 zaw\u00f3d przysz\u0142o\u015bci \u2013 kursy w Bran\u017cowym Centrum Umiej\u0119tno\u015bci nr 1 w Opolu to idealny wyb\u00f3r dla Ciebie!<\/strong><\/p>\n<p><strong>Informacja skierowana jest do os\u00f3b doros\u0142ych w wieku 25 \u2013 64 lata w\u0142\u0105cznie.<\/strong><\/p>\n<p>[\/et_pb_text][\/et_pb_column][\/et_pb_row][\/et_pb_section]<\/p>\n","protected":false},"excerpt":{"rendered":"<p>Przemys\u0142 motoryzacyjny \u2013 dlaczego warto wzi\u0105\u0107 go pod uwag\u0119 przy poszukiwaniu pracy? Szerokie perspektywy zatrudnieniaBran\u017ca motoryzacyjna nale\u017cy do najwi\u0119kszych sektor\u00f3w gospodarki. Obejmuje produkcj\u0119 pojazd\u00f3w, cz\u0119\u015bci i podzespo\u0142\u00f3w, serwis, logistyk\u0119 oraz innowacyjne technologie \u2013 od elektromobilno\u015bci po systemy autonomiczne. Dzi\u0119ki temu daje ogromny wyb\u00f3r \u015bcie\u017cek kariery. &nbsp; Stabilno\u015b\u0107 i rozw\u00f3jFirmy motoryzacyjne cz\u0119sto oferuj\u0105 stabilne zatrudnienie, atrakcyjne [&hellip;]<\/p>\n","protected":false},"author":3,"featured_media":0,"parent":0,"menu_order":0,"comment_status":"closed","ping_status":"closed","template":"","meta":{"_et_pb_use_builder":"on","_et_pb_old_content":"<!-- wp:divi\/placeholder \/-->","_et_gb_content_width":"","footnotes":""},"class_list":["post-912","page","type-page","status-publish","hentry"],"aioseo_notices":[],"_links":{"self":[{"href":"https:\/\/bcu.opole.pl\/bcu1\/wp-json\/wp\/v2\/pages\/912","targetHints":{"allow":["GET"]}}],"collection":[{"href":"https:\/\/bcu.opole.pl\/bcu1\/wp-json\/wp\/v2\/pages"}],"about":[{"href":"https:\/\/bcu.opole.pl\/bcu1\/wp-json\/wp\/v2\/types\/page"}],"author":[{"embeddable":true,"href":"https:\/\/bcu.opole.pl\/bcu1\/wp-json\/wp\/v2\/users\/3"}],"replies":[{"embeddable":true,"href":"https:\/\/bcu.opole.pl\/bcu1\/wp-json\/wp\/v2\/comments?post=912"}],"version-history":[{"count":3,"href":"https:\/\/bcu.opole.pl\/bcu1\/wp-json\/wp\/v2\/pages\/912\/revisions"}],"predecessor-version":[{"id":1202,"href":"https:\/\/bcu.opole.pl\/bcu1\/wp-json\/wp\/v2\/pages\/912\/revisions\/1202"}],"wp:attachment":[{"href":"https:\/\/bcu.opole.pl\/bcu1\/wp-json\/wp\/v2\/media?parent=912"}],"curies":[{"name":"wp","href":"https:\/\/api.w.org\/{rel}","templated":true}]}}