{"id":215,"date":"2025-04-11T16:52:05","date_gmt":"2025-04-11T14:52:05","guid":{"rendered":"https:\/\/bcu.opole.pl\/bcu1\/?page_id=215"},"modified":"2026-01-19T15:19:29","modified_gmt":"2026-01-19T14:19:29","slug":"deklaracja-dostepnosci","status":"publish","type":"page","link":"https:\/\/bcu.opole.pl\/bcu1\/deklaracja-dostepnosci\/","title":{"rendered":"DEKLARACJA DOST\u0118PNO\u015aCI"},"content":{"rendered":"<p>[et_pb_section fb_built=&#8221;1&#8243; _builder_version=&#8221;4.27.5&#8243; _module_preset=&#8221;default&#8221; global_colors_info=&#8221;{}&#8221;][et_pb_row _builder_version=&#8221;4.27.5&#8243; _module_preset=&#8221;default&#8221; global_colors_info=&#8221;{}&#8221;][et_pb_column type=&#8221;4_4&#8243; _builder_version=&#8221;4.27.5&#8243; _module_preset=&#8221;default&#8221; global_colors_info=&#8221;{}&#8221;][et_pb_heading title=&#8221;Deklaracja dost\u0119pno\u015bci &#8221; _builder_version=&#8221;4.27.5&#8243; _module_preset=&#8221;default&#8221; global_colors_info=&#8221;{}&#8221;][\/et_pb_heading][\/et_pb_column][\/et_pb_row][et_pb_row _builder_version=&#8221;4.27.5&#8243; _module_preset=&#8221;default&#8221; global_colors_info=&#8221;{}&#8221;][et_pb_column type=&#8221;4_4&#8243; _builder_version=&#8221;4.27.5&#8243; _module_preset=&#8221;default&#8221; global_colors_info=&#8221;{}&#8221;][et_pb_text _builder_version=&#8221;4.27.5&#8243; _module_preset=&#8221;default&#8221; global_colors_info=&#8221;{}&#8221;]<\/p>\n<p>Bran\u017cowe Centrum Umiej\u0119tno\u015bci w dziedzinie przemys\u0142u motoryzacyjnego w Opolu zobowi\u0105zuje si\u0119 zapewni\u0107 dost\u0119pno\u015b\u0107 swojej strony internetowej zgodnie z ustaw\u0105 z dnia 4 kwietnia 2019 r. o dost\u0119pno\u015bci cyfrowej stron internetowych i aplikacji mobilnych podmiot\u00f3w publicznych.<\/p>\n<p>Deklaracja dost\u0119pno\u015bci dotyczy strony internetowej <a href=\"https:\/\/bcu.opole.pl\/bcu1\/\">https:\/\/bcu.opole.pl\/bcu1\/<\/a><\/p>\n<p>&nbsp;<\/p>\n<ul>\n<li>Data publikacji strony internetowej: 15 kwiecie\u0144 2025 r.<\/li>\n<li>Data ostatniej istotnej aktualizacji: 12 stycze\u0144 2026 r.<\/li>\n<\/ul>\n<p>[\/et_pb_text][et_pb_heading title=&#8221;Stan dost\u0119pno\u015bci cyfrowej&#8221; _builder_version=&#8221;4.27.5&#8243; _module_preset=&#8221;default&#8221; title_level=&#8221;h2&#8243; global_colors_info=&#8221;{}&#8221;][\/et_pb_heading][et_pb_text _builder_version=&#8221;4.27.5&#8243; _module_preset=&#8221;default&#8221; global_colors_info=&#8221;{}&#8221;]<\/p>\n<p>Strona internetowa jest cz\u0119\u015bciowo zgodna z za\u0142\u0105cznikiem do ustawy z dnia 4 kwietnia 2019 r. o dost\u0119pno\u015bci cyfrowej stron internetowych i aplikacji mobilnych podmiot\u00f3w publicznych z powodu niezgodno\u015bci lub wy\u0142\u0105cze\u0144 wymienionych poni\u017cej.<\/p>\n<p>[\/et_pb_text][et_pb_heading title=&#8221;Niedost\u0119pne tre\u015bci&#8221; _builder_version=&#8221;4.27.5&#8243; _module_preset=&#8221;default&#8221; title_level=&#8221;h2&#8243; global_colors_info=&#8221;{}&#8221;][\/et_pb_heading][et_pb_heading title=&#8221;Niezgodno\u015b\u0107 z za\u0142\u0105cznikiem&#8221; _builder_version=&#8221;4.27.5&#8243; _module_preset=&#8221;default&#8221; title_level=&#8221;h3&#8243; global_colors_info=&#8221;{}&#8221;][\/et_pb_heading][et_pb_text _builder_version=&#8221;4.27.5&#8243; _module_preset=&#8221;default&#8221; global_colors_info=&#8221;{}&#8221;]<\/p>\n<ul>\n<li>niekt\u00f3re zdj\u0119cia i grafiki mog\u0105 nie posiada\u0107 opis\u00f3w alternatywnych,<\/li>\n<li>niekt\u00f3re dokumenty PDF mog\u0105 nie by\u0107 w pe\u0142ni dost\u0119pne cyfrowo (brak struktury tagowej),<\/li>\n<li>cz\u0119\u015b\u0107 element\u00f3w interaktywnych mo\u017ce mie\u0107 niewystarczaj\u0105cy kontrast w stanach najechania mysz\u0105,<\/li>\n<li>mo\u017cliwe s\u0105 inne drobne niezgodno\u015bci z WCAG 2.0 na poziomie AA.<\/li>\n<\/ul>\n<p>[\/et_pb_text][et_pb_heading title=&#8221;Przygotowanie deklaracji dost\u0119pno\u015bci&#8221; _builder_version=&#8221;4.27.5&#8243; _module_preset=&#8221;default&#8221; title_level=&#8221;h2&#8243; global_colors_info=&#8221;{}&#8221;][\/et_pb_heading][et_pb_text _builder_version=&#8221;4.27.5&#8243; _module_preset=&#8221;default&#8221; hover_enabled=&#8221;0&#8243; global_colors_info=&#8221;{}&#8221; sticky_enabled=&#8221;0&#8243;]<\/p>\n<ul>\n<li>Data sporz\u0105dzenia deklaracji: 15 kwiecie\u0144 2025 r.<\/li>\n<li>Data ostatniej istotnej aktualizacji: 12 stycze\u0144 2026 r.<\/li>\n<\/ul>\n<p>Deklaracj\u0119 sporz\u0105dzili\u015bmy na podstawie samooceny w oparciu o <a href=\"https:\/\/www.gov.pl\/attachment\/1a3e2bb5-6d60-4897-ac2f-07a8e91e70ed\">List\u0119 kontroln\u0105 do badania dost\u0119pno\u015bci cyfrowej strony internetowej v. 2.2<\/a> oraz o narz\u0119dzie s\u0142u\u017c\u0105ce do automatycznego wykrywania niekt\u00f3rych b\u0142\u0119d\u00f3w dost\u0119pno\u015bci cyfrowej <a href=\"https:\/\/wave.webaim.org\/\">WAVE<\/a> .<\/p>\n<p>[\/et_pb_text][et_pb_heading title=&#8221;Udogodnienia, ograniczenia i inne informacje&#8221; _builder_version=&#8221;4.27.5&#8243; _module_preset=&#8221;default&#8221; title_level=&#8221;h2&#8243; global_colors_info=&#8221;{}&#8221;][\/et_pb_heading][et_pb_text _builder_version=&#8221;4.27.5&#8243; _module_preset=&#8221;default&#8221; global_colors_info=&#8221;{}&#8221;]<\/p>\n<p>Strona jest responsywna i dostosowana do wy\u015bwietlania na urz\u0105dzeniach mobilnych.<\/p>\n<p>Strona obs\u0142uguje standardowe skr\u00f3ty klawiszowe przegl\u0105darek.<\/p>\n<p>Strona posiada menu dost\u0119pno\u015bci (ikona w\u00f3zka\/ludzika), kt\u00f3re pozwala na:<\/p>\n<ul>\n<li>zmian\u0119 kontrastu i odcieni szaro\u015bci,<\/li>\n<li>powi\u0119kszenie tekstu oraz zmian\u0119 wysoko\u015bci linii,<\/li>\n<li>pod\u015bwietlenie link\u00f3w,<\/li>\n<li>u\u017cycie maski czytania.<\/li>\n<\/ul>\n<p>[\/et_pb_text][et_pb_heading title=&#8221;Informacje zwrotne i dane kontaktowe&#8221; _builder_version=&#8221;4.27.5&#8243; _module_preset=&#8221;default&#8221; title_level=&#8221;h2&#8243; global_colors_info=&#8221;{}&#8221;][\/et_pb_heading][et_pb_text _builder_version=&#8221;4.27.5&#8243; _module_preset=&#8221;default&#8221; global_colors_info=&#8221;{}&#8221;]<\/p>\n<p>Wszystkie problemy z dost\u0119pno\u015bci\u0105 cyfrow\u0105 tej strony internetowej mo\u017cesz zg\u0142osi\u0107 do koordynator projektu:<br \/>Natalia Rusinowicz \u2014 bcu@zpo.opole.pl lub telefonicznie +48 516 672 139.<\/p>\n<p>Ka\u017cdy ma prawo wyst\u0105pi\u0107 z \u017c\u0105daniem zapewnienia dost\u0119pno\u015bci cyfrowej tej strony internetowej lub jej element\u00f3w.<\/p>\n<p>Zg\u0142aszaj\u0105c takie \u017c\u0105danie podaj:<\/p>\n<ul>\n<li>swoje imi\u0119 i nazwisko,<\/li>\n<li>swoje dane kontaktowe (np. numer telefonu, e-mail),<\/li>\n<li>dok\u0142adny adres strony internetowej, na kt\u00f3rej jest niedost\u0119pny cyfrowo element lub tre\u015b\u0107,<\/li>\n<li>opis na czym polega problem i jaki spos\u00f3b jego rozwi\u0105zania by\u0142by dla Ciebie najwygodniejszy.<\/li>\n<\/ul>\n<p>Na Twoje zg\u0142oszenie odpowiemy najszybciej jak to mo\u017cliwe, nie p\u00f3\u017aniej ni\u017c w ci\u0105gu 7 dni od jego otrzymania.<\/p>\n<p>Je\u017celi ten termin b\u0119dzie dla nas zbyt kr\u00f3tki poinformujemy Ci\u0119 o tym. W tej informacji podamy nowy termin, do kt\u00f3rego poprawimy zg\u0142oszone przez Ciebie b\u0142\u0119dy lub przygotujemy informacje w alternatywny spos\u00f3b. Ten nowy termin nie b\u0119dzie d\u0142u\u017cszy ni\u017c 2 miesi\u0105ce.<\/p>\n<p>Je\u017celi nie b\u0119dziemy w stanie zapewni\u0107 dost\u0119pno\u015bci cyfrowej strony internetowej lub tre\u015bci, wskazanej w Twoim \u017c\u0105daniu, zaproponujemy Ci dost\u0119p do nich w alternatywny spos\u00f3b.<\/p>\n<p>[\/et_pb_text][et_pb_heading title=&#8221;Obs\u0142uga wniosk\u00f3w i skarg zwi\u0105zanych z dost\u0119pno\u015bci\u0105&#8221; _builder_version=&#8221;4.27.5&#8243; _module_preset=&#8221;default&#8221; title_level=&#8221;h2&#8243; global_colors_info=&#8221;{}&#8221;][\/et_pb_heading][et_pb_text _builder_version=&#8221;4.27.5&#8243; _module_preset=&#8221;default&#8221; global_colors_info=&#8221;{}&#8221;]<\/p>\n<p>Je\u017celi w odpowiedzi na Tw\u00f3j wniosek o zapewnienie dost\u0119pno\u015bci cyfrowej, odm\u00f3wimy zapewnienia \u017c\u0105danej przez Ciebie dost\u0119pno\u015bci cyfrowej, a Ty nie zgadzasz si\u0119 z t\u0105 odmow\u0105, masz prawo z\u0142o\u017cy\u0107 skarg\u0119.<\/p>\n<p>Skarg\u0119 masz prawo z\u0142o\u017cy\u0107 tak\u017ce, je\u015bli nie zgadzasz si\u0119 na skorzystanie z alternatywnego sposobu dost\u0119pu, kt\u00f3ry zaproponowali\u015bmy Ci w odpowiedzi na Tw\u00f3j wniosek o zapewnienie dost\u0119pno\u015bci cyfrowej.<\/p>\n<p>Ewentualn\u0105 skarg\u0119 z\u0142\u00f3\u017c mailem do Koordynator projektu:<\/p>\n<p>Natalia Rusinowicz,\u00a0<br \/><a href=\"mailto:n.rusinowicz@zpo.opole.pl,\">n.rusinowicz@zpo.opole.pl<\/a><\/p>\n<p><a href=\"https:\/\/www.gov.pl\/web\/gov\/zloz-wniosek-o-zapewnienie-dostepnosci-cyfrowej-strony-internetowej-lub-aplikacji-mobilnej\">Pomocne mog\u0105 by\u0107 informacje, kt\u00f3re mo\u017cna znale\u017a\u0107 na rz\u0105dowym portalu gov.pl.<\/a><\/p>\n<p>Mo\u017cesz tak\u017ce poinformowa\u0107 o tej sytuacji <a href=\"https:\/\/bip.brpo.gov.pl\/\">Rzecznika Praw Obywatelskich<\/a> i poprosi\u0107 o interwencj\u0119 w Twojej sprawie.<\/p>\n<p>[\/et_pb_text][et_pb_heading title=&#8221;Pozosta\u0142e informacje&#8221; _builder_version=&#8221;4.27.5&#8243; _module_preset=&#8221;default&#8221; title_level=&#8221;h2&#8243; global_colors_info=&#8221;{}&#8221;][\/et_pb_heading][et_pb_heading title=&#8221;Dost\u0119pno\u015b\u0107 architektoniczna&#8221; _builder_version=&#8221;4.27.5&#8243; _module_preset=&#8221;default&#8221; title_level=&#8221;h3&#8243; global_colors_info=&#8221;{}&#8221;][\/et_pb_heading][et_pb_text _builder_version=&#8221;4.27.5&#8243; _module_preset=&#8221;default&#8221; global_colors_info=&#8221;{}&#8221;]<\/p>\n<p>Budynek Bran\u017cowego Centrum Umiej\u0119tno\u015bci Nr 1 w Opolu znajduje si\u0119 przy ul. Torowej 7.<\/p>\n<p>Przed budynkiem dost\u0119pne s\u0105 wyznaczone miejsca parkingowe dla os\u00f3b z niepe\u0142nosprawno\u015bciami.<\/p>\n<p>Przy g\u0142\u00f3wnym wej\u015bciu do budynku znajduje si\u0119 podjazd umo\u017cliwiaj\u0105cy dost\u0119p osobom z ograniczon\u0105 mobilno\u015bci\u0105.<\/p>\n<p>Do budynku prowadz\u0105 drzwi otwierane na zewn\u0105trz.<\/p>\n<p>Przestrzenie komunikacyjne w budynku s\u0105 wolne od barier architektonicznych i umo\u017cliwiaj\u0105 swobodne poruszanie si\u0119 osobom poruszaj\u0105cym si\u0119 na w\u00f3zkach inwalidzkich.<\/p>\n<p>Budynek jest wyposa\u017cony w wind\u0119 dostosowan\u0105 do potrzeb os\u00f3b z niepe\u0142nosprawno\u015bciami, zapewniaj\u0105c\u0105 dost\u0119p do wszystkich kondygnacji.<\/p>\n<p>Toalety przystosowane dla os\u00f3b z niepe\u0142nosprawno\u015bciami znajduj\u0105 si\u0119 na ka\u017cdej kondygnacji budynku.<\/p>\n<p>Wszystkie pomieszczenia og\u00f3lnodost\u0119pne s\u0105 dost\u0119pne dla os\u00f3b ze szczeg\u00f3lnymi potrzebami.<\/p>\n<p>[\/et_pb_text][\/et_pb_column][\/et_pb_row][\/et_pb_section]<\/p>\n","protected":false},"excerpt":{"rendered":"<p>Bran\u017cowe Centrum Umiej\u0119tno\u015bci w dziedzinie przemys\u0142u motoryzacyjnego w Opolu zobowi\u0105zuje si\u0119 zapewni\u0107 dost\u0119pno\u015b\u0107 swojej strony internetowej zgodnie z ustaw\u0105 z dnia 4 kwietnia 2019 r. o dost\u0119pno\u015bci cyfrowej stron internetowych i aplikacji mobilnych podmiot\u00f3w publicznych. Deklaracja dost\u0119pno\u015bci dotyczy strony internetowej https:\/\/bcu.opole.pl\/bcu1\/ &nbsp; Data publikacji strony internetowej: 15 kwiecie\u0144 2025 r. Data ostatniej istotnej aktualizacji: 12 [&hellip;]<\/p>\n","protected":false},"author":3,"featured_media":0,"parent":0,"menu_order":0,"comment_status":"closed","ping_status":"closed","template":"","meta":{"_et_pb_use_builder":"on","_et_pb_old_content":"","_et_gb_content_width":"","footnotes":""},"class_list":["post-215","page","type-page","status-publish","hentry"],"aioseo_notices":[],"_links":{"self":[{"href":"https:\/\/bcu.opole.pl\/bcu1\/wp-json\/wp\/v2\/pages\/215","targetHints":{"allow":["GET"]}}],"collection":[{"href":"https:\/\/bcu.opole.pl\/bcu1\/wp-json\/wp\/v2\/pages"}],"about":[{"href":"https:\/\/bcu.opole.pl\/bcu1\/wp-json\/wp\/v2\/types\/page"}],"author":[{"embeddable":true,"href":"https:\/\/bcu.opole.pl\/bcu1\/wp-json\/wp\/v2\/users\/3"}],"replies":[{"embeddable":true,"href":"https:\/\/bcu.opole.pl\/bcu1\/wp-json\/wp\/v2\/comments?post=215"}],"version-history":[{"count":19,"href":"https:\/\/bcu.opole.pl\/bcu1\/wp-json\/wp\/v2\/pages\/215\/revisions"}],"predecessor-version":[{"id":1518,"href":"https:\/\/bcu.opole.pl\/bcu1\/wp-json\/wp\/v2\/pages\/215\/revisions\/1518"}],"wp:attachment":[{"href":"https:\/\/bcu.opole.pl\/bcu1\/wp-json\/wp\/v2\/media?parent=215"}],"curies":[{"name":"wp","href":"https:\/\/api.w.org\/{rel}","templated":true}]}}

DEKLARACJA DOSTĘPNOŚCI

<p>[et_pb_section fb_built=&#8221;1&#8243; _builder_version=&#8221;4.27.5&#8243; _module_preset=&#8221;default&#8221; global_colors_info=&#8221;{}&#8221;][et_pb_row _builder_version=&#8221;4.27.5&#8243; _module_preset=&#8221;default&#8221; global_colors_info=&#8221;{}&#8221;][et_pb_column type=&#8221;4_4&#8243; _builder_version=&#8221;4.27.5&#8243; _module_preset=&#8221;default&#8221; global_colors_info=&#8221;{}&#8221;][et_pb_heading title=&#8221;Deklaracja dostępności &#8221; _builder_version=&#8221;4.27.5&#8243; _module_preset=&#8221;default&#8221; global_colors_info=&#8221;{}&#8221;][/et_pb_heading][/et_pb_column][/et_pb_row][et_pb_row _builder_version=&#8221;4.27.5&#8243; _module_preset=&#8221;default&#8221; global_colors_info=&#8221;{}&#8221;][et_pb_column type=&#8221;4_4&#8243; _builder_version=&#8221;4.27.5&#8243; _module_preset=&#8221;default&#8221; global_colors_info=&#8221;{}&#8221;][et_pb_text _builder_version=&#8221;4.27.5&#8243; _module_preset=&#8221;default&#8221; global_colors_info=&#8221;{}&#8221;]</p>
<p>Branżowe Centrum Umiejętności w dziedzinie przemysłu motoryzacyjnego w Opolu zobowiązuje się zapewnić dostępność swojej strony internetowej zgodnie z ustawą z dnia 4 kwietnia 2019 r. o dostępności cyfrowej stron internetowych i aplikacji mobilnych podmiotów publicznych.</p>
<p>Deklaracja dostępności dotyczy strony internetowej <a href="https://bcu.opole.pl/bcu1/">https://bcu.opole.pl/bcu1/</a></p>
<p>&nbsp;</p>
<ul>
<li>Data publikacji strony internetowej: 15 kwiecień 2025 r.</li>
<li>Data ostatniej istotnej aktualizacji: 12 styczeń 2026 r.</li>
</ul>
<p>[/et_pb_text][et_pb_heading title=&#8221;Stan dostępności cyfrowej&#8221; _builder_version=&#8221;4.27.5&#8243; _module_preset=&#8221;default&#8221; title_level=&#8221;h2&#8243; global_colors_info=&#8221;{}&#8221;][/et_pb_heading][et_pb_text _builder_version=&#8221;4.27.5&#8243; _module_preset=&#8221;default&#8221; global_colors_info=&#8221;{}&#8221;]</p>
<p>Strona internetowa jest częściowo zgodna z załącznikiem do ustawy z dnia 4 kwietnia 2019 r. o dostępności cyfrowej stron internetowych i aplikacji mobilnych podmiotów publicznych z powodu niezgodności lub wyłączeń wymienionych poniżej.</p>
<p>[/et_pb_text][et_pb_heading title=&#8221;Niedostępne treści&#8221; _builder_version=&#8221;4.27.5&#8243; _module_preset=&#8221;default&#8221; title_level=&#8221;h2&#8243; global_colors_info=&#8221;{}&#8221;][/et_pb_heading][et_pb_heading title=&#8221;Niezgodność z załącznikiem&#8221; _builder_version=&#8221;4.27.5&#8243; _module_preset=&#8221;default&#8221; title_level=&#8221;h3&#8243; global_colors_info=&#8221;{}&#8221;][/et_pb_heading][et_pb_text _builder_version=&#8221;4.27.5&#8243; _module_preset=&#8221;default&#8221; global_colors_info=&#8221;{}&#8221;]</p>
<ul>
<li>niektóre zdjęcia i grafiki mogą nie posiadać opisów alternatywnych,</li>
<li>niektóre dokumenty PDF mogą nie być w pełni dostępne cyfrowo (brak struktury tagowej),</li>
<li>część elementów interaktywnych może mieć niewystarczający kontrast w stanach najechania myszą,</li>
<li>możliwe są inne drobne niezgodności z WCAG 2.0 na poziomie AA.</li>
</ul>
<p>[/et_pb_text][et_pb_heading title=&#8221;Przygotowanie deklaracji dostępności&#8221; _builder_version=&#8221;4.27.5&#8243; _module_preset=&#8221;default&#8221; title_level=&#8221;h2&#8243; global_colors_info=&#8221;{}&#8221;][/et_pb_heading][et_pb_text _builder_version=&#8221;4.27.5&#8243; _module_preset=&#8221;default&#8221; hover_enabled=&#8221;0&#8243; global_colors_info=&#8221;{}&#8221; sticky_enabled=&#8221;0&#8243;]</p>
<ul>
<li>Data sporządzenia deklaracji: 15 kwiecień 2025 r.</li>
<li>Data ostatniej istotnej aktualizacji: 12 styczeń 2026 r.</li>
</ul>
<p>Deklarację sporządziliśmy na podstawie samooceny w oparciu o <a href="https://www.gov.pl/attachment/1a3e2bb5-6d60-4897-ac2f-07a8e91e70ed">Listę kontrolną do badania dostępności cyfrowej strony internetowej v. 2.2</a> oraz o narzędzie służące do automatycznego wykrywania niektórych błędów dostępności cyfrowej <a href="https://wave.webaim.org/">WAVE</a> .</p>
<p>[/et_pb_text][et_pb_heading title=&#8221;Udogodnienia, ograniczenia i inne informacje&#8221; _builder_version=&#8221;4.27.5&#8243; _module_preset=&#8221;default&#8221; title_level=&#8221;h2&#8243; global_colors_info=&#8221;{}&#8221;][/et_pb_heading][et_pb_text _builder_version=&#8221;4.27.5&#8243; _module_preset=&#8221;default&#8221; global_colors_info=&#8221;{}&#8221;]</p>
<p>Strona jest responsywna i dostosowana do wyświetlania na urządzeniach mobilnych.</p>
<p>Strona obsługuje standardowe skróty klawiszowe przeglądarek.</p>
<p>Strona posiada menu dostępności (ikona wózka/ludzika), które pozwala na:</p>
<ul>
<li>zmianę kontrastu i odcieni szarości,</li>
<li>powiększenie tekstu oraz zmianę wysokości linii,</li>
<li>podświetlenie linków,</li>
<li>użycie maski czytania.</li>
</ul>
<p>[/et_pb_text][et_pb_heading title=&#8221;Informacje zwrotne i dane kontaktowe&#8221; _builder_version=&#8221;4.27.5&#8243; _module_preset=&#8221;default&#8221; title_level=&#8221;h2&#8243; global_colors_info=&#8221;{}&#8221;][/et_pb_heading][et_pb_text _builder_version=&#8221;4.27.5&#8243; _module_preset=&#8221;default&#8221; global_colors_info=&#8221;{}&#8221;]</p>
<p>Wszystkie problemy z dostępnością cyfrową tej strony internetowej możesz zgłosić do koordynator projektu:<br />Natalia Rusinowicz — bcu@zpo.opole.pl lub telefonicznie +48 516 672 139.</p>
<p>Każdy ma prawo wystąpić z żądaniem zapewnienia dostępności cyfrowej tej strony internetowej lub jej elementów.</p>
<p>Zgłaszając takie żądanie podaj:</p>
<ul>
<li>swoje imię i nazwisko,</li>
<li>swoje dane kontaktowe (np. numer telefonu, e-mail),</li>
<li>dokładny adres strony internetowej, na której jest niedostępny cyfrowo element lub treść,</li>
<li>opis na czym polega problem i jaki sposób jego rozwiązania byłby dla Ciebie najwygodniejszy.</li>
</ul>
<p>Na Twoje zgłoszenie odpowiemy najszybciej jak to możliwe, nie później niż w ciągu 7 dni od jego otrzymania.</p>
<p>Jeżeli ten termin będzie dla nas zbyt krótki poinformujemy Cię o tym. W tej informacji podamy nowy termin, do którego poprawimy zgłoszone przez Ciebie błędy lub przygotujemy informacje w alternatywny sposób. Ten nowy termin nie będzie dłuższy niż 2 miesiące.</p>
<p>Jeżeli nie będziemy w stanie zapewnić dostępności cyfrowej strony internetowej lub treści, wskazanej w Twoim żądaniu, zaproponujemy Ci dostęp do nich w alternatywny sposób.</p>
<p>[/et_pb_text][et_pb_heading title=&#8221;Obsługa wniosków i skarg związanych z dostępnością&#8221; _builder_version=&#8221;4.27.5&#8243; _module_preset=&#8221;default&#8221; title_level=&#8221;h2&#8243; global_colors_info=&#8221;{}&#8221;][/et_pb_heading][et_pb_text _builder_version=&#8221;4.27.5&#8243; _module_preset=&#8221;default&#8221; global_colors_info=&#8221;{}&#8221;]</p>
<p>Jeżeli w odpowiedzi na Twój wniosek o zapewnienie dostępności cyfrowej, odmówimy zapewnienia żądanej przez Ciebie dostępności cyfrowej, a Ty nie zgadzasz się z tą odmową, masz prawo złożyć skargę.</p>
<p>Skargę masz prawo złożyć także, jeśli nie zgadzasz się na skorzystanie z alternatywnego sposobu dostępu, który zaproponowaliśmy Ci w odpowiedzi na Twój wniosek o zapewnienie dostępności cyfrowej.</p>
<p>Ewentualną skargę złóż mailem do Koordynator projektu:</p>
<p>Natalia Rusinowicz, <br /><a href="mailto:n.rusinowicz@zpo.opole.pl,">n.rusinowicz@zpo.opole.pl</a></p>
<p><a href="https://www.gov.pl/web/gov/zloz-wniosek-o-zapewnienie-dostepnosci-cyfrowej-strony-internetowej-lub-aplikacji-mobilnej">Pomocne mogą być informacje, które można znaleźć na rządowym portalu gov.pl.</a></p>
<p>Możesz także poinformować o tej sytuacji <a href="https://bip.brpo.gov.pl/">Rzecznika Praw Obywatelskich</a> i poprosić o interwencję w Twojej sprawie.</p>
<p>[/et_pb_text][et_pb_heading title=&#8221;Pozostałe informacje&#8221; _builder_version=&#8221;4.27.5&#8243; _module_preset=&#8221;default&#8221; title_level=&#8221;h2&#8243; global_colors_info=&#8221;{}&#8221;][/et_pb_heading][et_pb_heading title=&#8221;Dostępność architektoniczna&#8221; _builder_version=&#8221;4.27.5&#8243; _module_preset=&#8221;default&#8221; title_level=&#8221;h3&#8243; global_colors_info=&#8221;{}&#8221;][/et_pb_heading][et_pb_text _builder_version=&#8221;4.27.5&#8243; _module_preset=&#8221;default&#8221; global_colors_info=&#8221;{}&#8221;]</p>
<p>Budynek Branżowego Centrum Umiejętności Nr 1 w Opolu znajduje się przy ul. Torowej 7.</p>
<p>Przed budynkiem dostępne są wyznaczone miejsca parkingowe dla osób z niepełnosprawnościami.</p>
<p>Przy głównym wejściu do budynku znajduje się podjazd umożliwiający dostęp osobom z ograniczoną mobilnością.</p>
<p>Do budynku prowadzą drzwi otwierane na zewnątrz.</p>
<p>Przestrzenie komunikacyjne w budynku są wolne od barier architektonicznych i umożliwiają swobodne poruszanie się osobom poruszającym się na wózkach inwalidzkich.</p>
<p>Budynek jest wyposażony w windę dostosowaną do potrzeb osób z niepełnosprawnościami, zapewniającą dostęp do wszystkich kondygnacji.</p>
<p>Toalety przystosowane dla osób z niepełnosprawnościami znajdują się na każdej kondygnacji budynku.</p>
<p>Wszystkie pomieszczenia ogólnodostępne są dostępne dla osób ze szczególnymi potrzebami.</p>
<p>[/et_pb_text][/et_pb_column][/et_pb_row][/et_pb_section]</p>

<p>Branżowe Centrum Umiejętności w dziedzinie przemysłu motoryzacyjnego w Opolu zobowiązuje się zapewnić dostępność swojej strony internetowej zgodnie z ustawą z dnia 4 kwietnia 2019 r. o dostępności cyfrowej stron internetowych i aplikacji mobilnych podmiotów publicznych. Deklaracja dostępności dotyczy strony internetowej https://bcu.opole.pl/bcu1/ &nbsp; Data publikacji strony internetowej: 15 kwiecień 2025 r. Data ostatniej istotnej aktualizacji: 12 [&hellip;]</p>
